(201546,'catalog_product_attribute_value_synchronize','success',NULL,'2024-07-08 20:21:02','2024-07-08 20:30:00','2024-07-08 20:30:02','2024-07-08 20:30:02'),(201547,'catalog_product_attribute_value_synchronize','success',NULL,'2024-07-08 20:21:02','2024-07-08 20:35:00','2024-07-08 20:35:02','2024-07-08 20:35:02'),(201548,'catalog_product_attribute_value_synchronize','success',NULL,'2024-07-08 20:21:02','2024-07-08 20:40:00','2024-07-08 20:40:02','2024-07-08 20:40:02'),(201549,'outdated_authentication_failures_cleanup','success',NULL,'2024-07-08 20:21:02','2024-07-08 20:26:00','2024-07-08 20:26:14','2024-07-08 20:26:14'),(201550,'outdated_authentication_failures_cleanup','success',NULL,'2024-07-08 20:21:02','2024-07-08 20:27:00','2024-07-08 20:27:15','2024-07-08 20:27:15'),(201551,'outdated_authentication_failures_cleanup','success',NULL,'2024-07-08 20:21:02','2024-07-08 20:28:00','2024-07-08 20:28:14','2024-07-08 20:28:14'),(201552,'outdated_authentication_failures_cleanup','success',NULL,'2024-07-08 20:21:02','2024-07-08 20:29:00','2024-07-08 20:29:14','2024-07-08 20:29:14'),(201553,'outdated_authentication_failures_cleanup','success',NULL,'2024-07-08 20:21:02','2024-07-08 20:30:00','2024-07-08 20:30:15','2024-07-08 20:30:15'),(201554,'outdated_authentication_failures_cleanup','success',NULL,'2024-07-08 20:21:02','2024-07-08 20:31:00','2024-07-08 20:31:14','2024-07-08 20:31:14'),(201555,'outdated_authentication_failures_cleanup','success',NULL,'2024-07-08 20:21:02','2024-07-08 20:32:00','2024-07-08 20:32:14','2024-07-08 20:32:14'),(201556,'outdated_authentication_failures_cleanup','success',NULL,'2024-07-08 20:21:02','2024-07-08 20:33:00','2024-07-08 20:33:14','2024-07-08 20:33:14'),(201557,'outdated_authentication_failures_cleanup','success',NULL,'2024-07-08 20:21:02','2024-07-08 20:34:00','2024-07-08 20:34:15','2024-07-08 20:34:15'),(201558,'outdated_authentication_failures_cleanup','success',NULL,'2024-07-08 20:21:02','2024-07-08 20:35:00','2024-07-08 20:35:14','2024-07-08 20:35:14'),(201559,'outdated_authentication_failures_cleanup','success',NULL,'2024-07-08 20:21:02','2024-07-08 20:36:00','2024-07-08 20:36:15','2024-07-08 20:36:15'),(201560,'outdated_authentication_failures_cleanup','success',NULL,'2024-07-08 20:21:02','2024-07-08 20:37:00','2024-07-08 20:37:15','2024-07-08 20:37:15'),(201561,'outdated_authentication_failures_cleanup','success',NULL,'2024-07-08 20:21:02','2024-07-08 20:38:00','2024-07-08 20:38:14','2024-07-08 20:38:14'),(201562,'outdated_authentication_failures_cleanup','success',NULL,'2024-07-08 20:21:02','2024-07-08 20:39:00','2024-07-08 20:39:14','2024-07-08 20:39:14'),(201563,'outdated_authentication_failures_cleanup','success',NULL,'2024-07-08 20:21:02','2024-07-08 20:40:00','2024-07-08 20:40:15','2024-07-08 20:40:15'),(201564,'sales_grid_order_async_insert','success',NULL,'2024-07-08 20:21:02','2024-07-08 20:26:00','2024-07-08 20:26:14','2024-07-08 20:26:14'),(201565,'sales_grid_order_async_insert','success',NULL,'2024-07-08 20:21:02','2024-07-08 20:27:00','2024-07-08 20:27:15','2024-07-08 20:27:15'),(201566,'sales_grid_order_async_insert','success',NULL,'2024-07-08 20:21:02','2024-07-08 20:28:00','2024-07-08 20:28:14','2024-07-08 20:28:14'),(201567,'sales_grid_order_async_insert','success',NULL,'2024-07-08 20:21:02','2024-07-08 20:29:00','2024-07-08 20:29:14','2024-07-08 20:29:14'),(201568,'sales_grid_order_async_insert','success',NULL,'2024-07-08 20:21:02','2024-07-08 20:30:00','2024-07-08 20:30:15','2024-07-08 20:30:15'),(201569,'sales_grid_order_async_insert','success',NULL,'2024-07-08 20:21:02','2024-07-08 20:31:00','2024-07-08 20:31:14','2024-07-08 20:31:14'),(201570,'sales_grid_order_async_insert','success',NULL,'2024-07-08 20:21:02','2024-07-08 20:32:00','2024-07-08 20:32:14','2024-07-08 20:32:14'),(201571,'sales_grid_order_async_insert','success',NULL,'2024-07-08 20:21:02','2024-07-08 20:33:00','2024-07-08 20:33:14','2024-07-08 20:33:14'),(201572,'sales_grid_order_async_insert','success',NULL,'2024-07-08 20:21:02','2024-07-08 20:34:00','2024-07-08 20:34:15','2024-07-08 20:34:15'),(201573,'sales_grid_order_async_insert','success',NULL,'2024-07-08 20:21:02','2024-07-08 20:35:00','2024-07-08 20:35:14','2024-07-08 20:35:14'),(201574,'sales_grid_order_async_insert','success',NULL,'2024-07-08 20:21:02','2024-07-08 20:36:00','2024-07-08 20:36:15','2024-07-08 20:36:15'),(201575,'sales_grid_order_async_insert','success',NULL,'2024-07-08 20:21:02','2024-07-08 20:37:00','2024-07-08 20:37:15','2024-07-08 20:37:15'),(201576,'sales_grid_order_async_insert','success',NULL,'2024-07-08 20:21:02','2024-07-08 20:38:00','2024-07-08 20:38:14','2024-07-08 20:38:14'),(201577,'sales_grid_order_async_insert','success',NULL,'2024-07-08 20:21:02','2024-07-08 20:39:00','2024-07-08 20:39:14','2024-07-08 20:39:14'),(201578,'sales_grid_order_async_insert','success',NULL,'2024-07-08 20:21:02','2024-07-08 20:40:00','2024-07-08 20:40:15','2024-07-08 20:40:15'),(201579,'sales_grid_order_invoice_async_insert','success',NULL,'2024-07-08 20:21:02','2024-07-08 20:26:00','2024-07-08 20:26:14','2024-07-08 20:26:14'),(201580,'sales_grid_order_invoice_async_insert','success',NULL,'2024-07-08 20:21:02','2024-07-08 20:27:00','2024-07-08 20:27:15','2024-07-08 20:27:15'),(201581,'sales_grid_order_invoice_async_insert','success',NULL,'2024-07-08 20:21:02','2024-07-08 20:28:00','2024-07-08 20:28:14','2024-07-08 20:28:14'),(201582,'sales_grid_order_invoice_async_insert','success',NULL,'2024-07-08 20:21:02','2024-07-08 20:29:00','2024-07-08 20:29:14','2024-07-08 20:29:14'),(201583,'sales_grid_order_invoice_async_insert','success',NULL,'2024-07-08 20:21:02','2024-07-08 20:30:00','2024-07-08 20:30:15','2024-07-08 20:30:15'),(201584,'sales_grid_order_invoice_async_insert','success',NULL,'2024-07-08 20:21:02','2024-07-08 20:31:00','2024-07-08 20:31:14','2024-07-08 20:31:14'),(201585,'sales_grid_order_invoice_async_insert','success',NULL,'2024-07-08 20:21:02','2024-07-08 20:32:00','2024-07-08 20:32:14','2024-07-08 20:32:14'),(201586,'sales_grid_order_invoice_async_insert','success',NULL,'2024-07-08 20:21:02','2024-07-08 20:33:00','2024-07-08 20:33:14','2024-07-08 20:33:14'),(201587,'sales_grid_order_invoice_async_insert','success',NULL,'2024-07-08 20:21:02','2024-07-08 20:34:00','2024-07-08 20:34:15','2024-07-08 20:34:15'),(201588,'sales_grid_order_invoice_async_insert','success',NULL,'2024-07-08 20:21:02','2024-07-08 20:35:00','2024-07-08 20:35:14','2024-07-08 20:35:14'),(201589,'sales_grid_order_invoice_async_insert','success',NULL,'2024-07-08 20:21:02','2024-07-08 20:36:00','2024-07-08 20:36:15','2024-07-08 20:36:15'),(201590,'sales_grid_order_invoice_async_insert','success',NULL,'2024-07-08 20:21:02','2024-07-08 20:37:00','2024-07-08 20:37:15','2024-07-08 20:37:15'),(201591,'sales_grid_order_invoice_async_insert','success',NULL,'2024-07-08 20:21:02','2024-07-08 20:38:00','2024-07-08 20:38:14','2024-07-08 20:38:14'),(201592,'sales_grid_order_invoice_async_insert','success',NULL,'2024-07-08 20:21:02','2024-07-08 20:39:00','2024-07-08 20:39:14','2024-07-08 20:39:14'),(201593,'sales_grid_order_invoice_async_insert','success',NULL,'2024-07-08 20:21:02','2024-07-08 20:40:00','2024-07-08 20:40:15','2024-07-08 20:40:15'),(201594,'sales_grid_order_shipment_async_insert','success',NULL,'2024-07-08 20:21:02','2024-07-08 20:26:00','2024-07-08 20:26:14','2024-07-08 20:26:14'),(201595,'sales_grid_order_shipment_async_insert','success',NULL,'2024-07-08 20:21:02','2024-07-08 20:27:00','2024-07-08 20:27:15','2024-07-08 20:27:15'),(201596,'sales_grid_order_shipment_async_insert','success',NULL,'2024-07-08 20:21:02','2024-07-08 20:28:00','2024-07-08 20:28:14','2024-07-08 20:28:14'),(201597,'sales_grid_order_shipment_async_insert','success',NULL,'2024-07-08 20:21:02','2024-07-08 20:29:00','2024-07-08 20:29:14','2024-07-08 20:29:14'),(201598,'sales_grid_order_shipment_async_insert','success',NULL,'2024-07-08 20:21:02','2024-07-08 20:30:00','2024-07-08 20:30:15','2024-07-08 20:30:15'),(201599,'sales_grid_order_shipment_async_insert','success',NULL,'2024-07-08 20:21:02','2024-07-08 20:31:00','2024-07-08 20:31:14','2024-07-08 20:31:14'),(201600,'sales_grid_order_shipment_async_insert','success',NULL,'2024-07-08 20:21:02','2024-07-08 20:32:00','2024-07-08 20:32:14','2024-07-08 20:32:14'),(201601,'sales_grid_order_shipment_async_insert','success',NULL,'2024-07-08 20:21:02','2024-07-08 20:33:00','2024-07-08 20:33:14','2024-07-08 20:33:14'),(201602,'sales_grid_order_shipment_async_insert','success',NULL,'2024-07-08 20:21:02','2024-07-08 20:34:00','2024-07-08 20:34:15','2024-07-08 20:34:15'),(201603,'sales_grid_order_shipment_async_insert','success',NULL,'2024-07-08 20:21:02','2024-07-08 20:35:00','2024-07-08 20:35:14','2024-07-08 20:35:14'),(201604,'sales_grid_order_shipment_async_insert','success',NULL,'2024-07-08 20:21:02','2024-07-08 20:36:00','2024-07-08 20:36:15','2024-07-08 20:36:15'),(201605,'sales_grid_order_shipment_async_insert','success',NULL,'2024-07-08 20:21:02','2024-07-08 20:37:00','2024-07-08 20:37:15','2024-07-08 20:37:15'),(201606,'sales_grid_order_shipment_async_insert','success',NULL,'2024-07-08 20:21:02','2024-07-08 20:38:00','2024-07-08 20:38:14','2024-07-08 20:38:14'),(201607,'sales_grid_order_shipment_async_insert','success',NULL,'2024-07-08 20:21:02','2024-07-08 20:39:00','2024-07-08 20:39:14','2024-07-08 20:39:14'),(201608,'sales_grid_order_shipment_async_insert','success',NULL,'2024-07-08 20:21:02','2024-07-08 20:40:00','2024-07-08 20:40:15','2024-07-08 20:40:15'),(201609,'sales_grid_order_creditmemo_async_insert','success',NULL,'2024-07-08 20:21:02','2024-07-08 20:26:00','2024-07-08 20:26:14','2024-07-08 20:26:14'),(201610,'sales_grid_order_creditmemo_async_insert','success',NULL,'2024-07-08 20:21:02','2024-07-08 20:27:00','2024-07-08 20:27:15','2024-07-08 20:27:15'),(201611,'sales_grid_order_creditmemo_async_insert','success',NULL,'2024-07-08 20:21:02','2024-07-08 20:28:00','2024-07-08 20:28:14','2024-07-08 20:28:14'),(201612,'sales_grid_order_creditmemo_async_insert','success',NULL,'2024-07-08 20:21:02','2024-07-08 20:29:00','2024-07-08 20:29:14','2024-07-08 20:29:14'),(201613,'sales_grid_order_creditmemo_async_insert','success',NULL,'2024-07-08 20:21:02','2024-07-08 20:30:00','2024-07-08 20:30:15','2024-07-08 20:30:15'),(201614,'sales_grid_order_creditmemo_async_insert','success',NULL,'2024-07-08 20:21:02','2024-07-08 20:31:00','2024-07-08 20:31:14','2024-07-08 20:31:14'),(201615,'sales_grid_order_creditmemo_async_insert','success',NULL,'2024-07-08 20:21:02','2024-07-08 20:32:00','2024-07-08 20:32:14','2024-07-08 20:32:14'),(201616,'sales_grid_order_creditmemo_async_insert','success',NULL,'2024-07-08 20:21:02','2024-07-08 20:33:00','2024-07-08 20:33:14','2024-07-08 20:33:14'),(201617,'sales_grid_order_creditmemo_async_insert','success',NULL,'2024-07-08 20:21:02','2024-07-08 20:34:00','2024-07-08 20:34:15','2024-07-08 20:34:15'),(201618,'sales_grid_order_creditmemo_async_insert','success',NULL,'2024-07-08 20:21:02','2024-07-08 20:35:00','2024-07-08 20:35:14','2024-07-08 20:35:14'),(201619,'sales_grid_order_creditmemo_async_insert','success',NULL,'2024-07-08 20:21:02','2024-07-08 20:36:00','2024-07-08 20:36:15','2024-07-08 20:36:15'),(201620,'sales_grid_order_creditmemo_async_insert','success',NULL,'2024-07-08 20:21:02','2024-07-08 20:37:00','2024-07-08 20:37:15','2024-07-08 20:37:15'),(201621,'sales_grid_order_creditmemo_async_insert','success',NULL,'2024-07-08 20:21:02','2024-07-08 20:38:00','2024-07-08 20:38:14','2024-07-08 20:38:14'),(201622,'sales_grid_order_creditmemo_async_insert','success',NULL,'2024-07-08 20:21:02','2024-07-08 20:39:00','2024-07-08 20:39:14','2024-07-08 20:39:14'),(201623,'sales_grid_order_creditmemo_async_insert','success',NULL,'2024-07-08 20:21:02','2024-07-08 20:40:00','2024-07-08 20:40:15','2024-07-08 20:40:15'),(201624,'sales_send_order_emails','success',NULL,'2024-07-08 20:21:02','2024-07-08 20:26:00','2024-07-08 20:26:14','2024-07-08 20:26:14'),(201625,'sales_send_order_emails','success',NULL,'2024-07-08 20:21:02','2024-07-08 20:27:00','2024-07-08 20:27:15','2024-07-08 20:27:15'),(201626,'sales_send_order_emails','success',NULL,'2024-07-08 20:21:02','2024-07-08 20:28:00','2024-07-08 20:28:14','2024-07-08 20:28:14'),(201627,'sales_send_order_emails','success',NULL,'2024-07-08 20:21:02','2024-07-08 20:29:00','2024-07-08 20:29:14','2024-07-08 20:29:14'),(201628,'sales_send_order_emails','success',NULL,'2024-07-08 20:21:02','2024-07-08 20:30:00','2024-07-08 20:30:15','2024-07-08 20:30:15'),(201629,'sales_send_order_emails','success',NULL,'2024-07-08 20:21:02','2024-07-08 20:31:00','2024-07-08 20:31:14','2024-07-08 20:31:14'),(201630,'sales_send_order_emails','success',NULL,'2024-07-08 20:21:02','2024-07-08 20:32:00','2024-07-08 20:32:15','2024-07-08 20:32:15'),(201631,'sales_send_order_emails','success',NULL,'2024-07-08 20:21:02','2024-07-08 20:33:00','2024-07-08 20:33:14','2024-07-08 20:33:14'),(201632,'sales_send_order_emails','success',NULL,'2024-07-08 20:21:02','2024-07-08 20:34:00','2024-07-08 20:34:15','2024-07-08 20:34:15'),(201633,'sales_send_order_emails','success',NULL,'2024-07-08 20:21:02','2024-07-08 20:35:00','2024-07-08 20:35:14','2024-07-08 20:35:14'),(201634,'sales_send_order_emails','success',NULL,'2024-07-08 20:21:02','2024-07-08 20:36:00','2024-07-08 20:36:15','2024-07-08 20:36:15'),(201635,'sales_send_order_emails','success',NULL,'2024-07-08 20:21:02','2024-07-08 20:37:00','2024-07-08 20:37:15','2024-07-08 20:37:15'),(201636,'sales_send_order_emails','success',NULL,'2024-07-08 20:21:02','2024-07-08 20:38:00','2024-07-08 20:38:14','2024-07-08 20:38:14'),(201637,'sales_send_order_emails','success',NULL,'2024-07-08 20:21:02','2024-07-08 20:39:00','2024-07-08 20:39:14','2024-07-08 20:39:14'),(201638,'sales_send_order_emails','success',NULL,'2024-07-08 20:21:02','2024-07-08 20:40:00','2024-07-08 20:40:15','2024-07-08 20:40:15'),(201639,'sales_send_order_invoice_emails','success',NULL,'2024-07-08 20:21:02','2024-07-08 20:26:00','2024-07-08 20:26:14','2024-07-08 20:26:14'),(201640,'sales_send_order_invoice_emails','success',NULL,'2024-07-08 20:21:02','2024-07-08 20:27:00','2024-07-08 20:27:15','2024-07-08 20:27:15'),(201641,'sales_send_order_invoice_emails','success',NULL,'2024-07-08 20:21:02','2024-07-08 20:28:00','2024-07-08 20:28:14','2024-07-08 20:28:14'),(201642,'sales_send_order_invoice_emails','success',NULL,'2024-07-08 20:21:02','2024-07-08 20:29:00','2024-07-08 20:29:14','2024-07-08 20:29:14'),(201643,'sales_send_order_invoice_emails','success',NULL,'2024-07-08 20:21:02','2024-07-08 20:30:00','2024-07-08 20:30:15','2024-07-08 20:30:15'),(201644,'sales_send_order_invoice_emails','success',NULL,'2024-07-08 20:21:02','2024-07-08 20:31:00','2024-07-08 20:31:14','2024-07-08 20:31:14'),(201645,'sales_send_order_invoice_emails','success',NULL,'2024-07-08 20:21:02','2024-07-08 20:32:00','2024-07-08 20:32:15','2024-07-08 20:32:15'),(201646,'sales_send_order_invoice_emails','success',NULL,'2024-07-08 20:21:02','2024-07-08 20:33:00','2024-07-08 20:33:14','2024-07-08 20:33:14'),(201647,'sales_send_order_invoice_emails','success',NULL,'2024-07-08 20:21:02','2024-07-08 20:34:00','2024-07-08 20:34:15','2024-07-08 20:34:15'),(201648,'sales_send_order_invoice_emails','success',NULL,'2024-07-08 20:21:02','2024-07-08 20:35:00','2024-07-08 20:35:14','2024-07-08 20:35:14'),(201649,'sales_send_order_invoice_emails','success',NULL,'2024-07-08 20:21:02','2024-07-08 20:36:00','2024-07-08 20:36:15','2024-07-08 20:36:15'),(201650,'sales_send_order_invoice_emails','success',NULL,'2024-07-08 20:21:02','2024-07-08 20:37:00','2024-07-08 20:37:15','2024-07-08 20:37:15'),(201651,'sales_send_order_invoice_emails','success',NULL,'2024-07-08 20:21:02','2024-07-08 20:38:00','2024-07-08 20:38:14','2024-07-08 20:38:14'),(201652,'sales_send_order_invoice_emails','success',NULL,'2024-07-08 20:21:02','2024-07-08 20:39:00','2024-07-08 20:39:14','2024-07-08 20:39:14'),(201653,'sales_send_order_invoice_emails','success',NULL,'2024-07-08 20:21:02','2024-07-08 20:40:00','2024-07-08 20:40:15','2024-07-08 20:40:15'),(201654,'sales_send_order_shipment_emails','success',NULL,'2024-07-08 20:21:02','2024-07-08 20:26:00','2024-07-08 20:26:14','2024-07-08 20:26:14'),(201655,'sales_send_order_shipment_emails','success',NULL,'2024-07-08 20:21:02','2024-07-08 20:27:00','2024-07-08 20:27:15','2024-07-08 20:27:15'),(201656,'sales_send_order_shipment_emails','success',NULL,'2024-07-08 20:21:02','2024-07-08 20:28:00','2024-07-08 20:28:14','2024-07-08 20:28:14'),(201657,'sales_send_order_shipment_emails','success',NULL,'2024-07-08 20:21:02','2024-07-08 20:29:00','2024-07-08 20:29:14','2024-07-08 20:29:14'),(201658,'sales_send_order_shipment_emails','success',NULL,'2024-07-08 20:21:02','2024-07-08 20:30:00','2024-07-08 20:30:15','2024-07-08 20:30:15'),(201659,'sales_send_order_shipment_emails','success',NULL,'2024-07-08 20:21:02','2024-07-08 20:31:00','2024-07-08 20:31:14','2024-07-08 20:31:14'),(201660,'sales_send_order_shipment_emails','success',NULL,'2024-07-08 20:21:02','2024-07-08 20:32:00','2024-07-08 20:32:15','2024-07-08 20:32:15'),(201661,'sales_send_order_shipment_emails','success',NULL,'2024-07-08 20:21:02','2024-07-08 20:33:00','2024-07-08 20:33:14','2024-07-08 20:33:14'),(201662,'sales_send_order_shipment_emails','success',NULL,'2024-07-08 20:21:02','2024-07-08 20:34:00','2024-07-08 20:34:15','2024-07-08 20:34:15'),(201663,'sales_send_order_shipment_emails','success',NULL,'2024-07-08 20:21:02','2024-07-08 20:35:00','2024-07-08 20:35:14','2024-07-08 20:35:14'),(201664,'sales_send_order_shipment_emails','success',NULL,'2024-07-08 20:21:02','2024-07-08 20:36:00','2024-07-08 20:36:15','2024-07-08 20:36:15'),(201665,'sales_send_order_shipment_emails','success',NULL,'2024-07-08 20:21:02','2024-07-08 20:37:00','2024-07-08 20:37:15','2024-07-08 20:37:15'),(201666,'sales_send_order_shipment_emails','success',NULL,'2024-07-08 20:21:02','2024-07-08 20:38:00','2024-07-08 20:38:14','2024-07-08 20:38:14'),(201667,'sales_send_order_shipment_emails','success',NULL,'2024-07-08 20:21:02','2024-07-08 20:39:00','2024-07-08 20:39:14','2024-07-08 20:39:14'),(201668,'sales_send_order_shipment_emails','success',NULL,'2024-07-08 20:21:02','2024-07-08 20:40:00','2024-07-08 20:40:15','2024-07-08 20:40:15'),(201669,'sales_send_order_creditmemo_emails','success',NULL,'2024-07-08 20:21:02','2024-07-08 20:26:00','2024-07-08 20:26:14','2024-07-08 20:26:14'),(201670,'sales_send_order_creditmemo_emails','success',NULL,'2024-07-08 20:21:02','2024-07-08 20:27:00','2024-07-08 20:27:15','2024-07-08 20:27:15'),(201671,'sales_send_order_creditmemo_emails','success',NULL,'2024-07-08 20:21:02','2024-07-08 20:28:00','2024-07-08 20:28:14','2024-07-08 20:28:14'),(201672,'sales_send_order_creditmemo_emails','success',NULL,'2024-07-08 20:21:02','2024-07-08 20:29:00','2024-07-08 20:29:14','2024-07-08 20:29:14'),(201673,'sales_send_order_creditmemo_emails','success',NULL,'2024-07-08 20:21:02','2024-07-08 20:30:00','2024-07-08 20:30:15','2024-07-08 20:30:15'),(201674,'sales_send_order_creditmemo_emails','success',NULL,'2024-07-08 20:21:02','2024-07-08 20:31:00','2024-07-08 20:31:14','2024-07-08 20:31:14'),(201675,'sales_send_order_creditmemo_emails','success',NULL,'2024-07-08 20:21:02','2024-07-08 20:32:00','2024-07-08 20:32:14','2024-07-08 20:32:14'),(201676,'sales_send_order_creditmemo_emails','success',NULL,'2024-07-08 20:21:02','2024-07-08 20:33:00','2024-07-08 20:33:14','2024-07-08 20:33:14'),(201677,'sales_send_order_creditmemo_emails','success',NULL,'2024-07-08 20:21:02','2024-07-08 20:34:00','2024-07-08 20:34:15','2024-07-08 20:34:15'),(201678,'sales_send_order_creditmemo_emails','success',NULL,'2024-07-08 20:21:02','2024-07-08 20:35:00','2024-07-08 20:35:14','2024-07-08 20:35:14'),(201679,'sales_send_order_creditmemo_emails','success',NULL,'2024-07-08 20:21:02','2024-07-08 20:36:00','2024-07-08 20:36:15','2024-07-08 20:36:15'),(201680,'sales_send_order_creditmemo_emails','success',NULL,'2024-07-08 20:21:02','2024-07-08 20:37:00','2024-07-08 20:37:15','2024-07-08 20:37:15'),(201681,'sales_send_order_creditmemo_emails','success',NULL,'2024-07-08 20:21:02','2024-07-08 20:38:00','2024-07-08 20:38:14','2024-07-08 20:38:14'),(201682,'sales_send_order_creditmemo_emails','success',NULL,'2024-07-08 20:21:02','2024-07-08 20:39:00','2024-07-08 20:39:14','2024-07-08 20:39:14'),(201683,'sales_send_order_creditmemo_emails','success',NULL,'2024-07-08 20:21:02','2024-07-08 20:40:00','2024-07-08 20:40:15','2024-07-08 20:40:15'),(201684,'captcha_delete_old_attempts','success',NULL,'2024-07-08 20:21:02','2024-07-08 20:30:00','2024-07-08 20:30:02','2024-07-08 20:30:02'),(201685,'captcha_delete_expired_images','success',NULL,'2024-07-08 20:21:02','2024-07-08 20:30:00','2024-07-08 20:30:02','2024-07-08 20:30:02'),(201686,'captcha_delete_expired_images','success',NULL,'2024-07-08 20:21:02','2024-07-08 20:40:00','2024-07-08 20:40:02','2024-07-08 20:40:02'),(201687,'inventory_in_store_pickup_sales_send_order_notified_emails','success',NULL,'2024-07-08 20:21:02','2024-07-08 20:26:00','2024-07-08 20:26:14','2024-07-08 20:26:14'),(201688,'inventory_in_store_pickup_sales_send_order_notified_emails','success',NULL,'2024-07-08 20:21:02','2024-07-08 20:27:00','2024-07-08 20:27:15','2024-07-08 20:27:15'),(201689,'inventory_in_store_pickup_sales_send_order_notified_emails','success',NULL,'2024-07-08 20:21:02','2024-07-08 20:28:00','2024-07-08 20:28:14','2024-07-08 20:28:14'),(201690,'inventory_in_store_pickup_sales_send_order_notified_emails','success',NULL,'2024-07-08 20:21:02','2024-07-08 20:29:00','2024-07-08 20:29:14','2024-07-08 20:29:14'),(201691,'inventory_in_store_pickup_sales_send_order_notified_emails','success',NULL,'2024-07-08 20:21:02','2024-07-08 20:30:00','2024-07-08 20:30:15','2024-07-08 20:30:15'),(201692,'inventory_in_store_pickup_sales_send_order_notified_emails','success',NULL,'2024-07-08 20:21:02','2024-07-08 20:31:00','2024-07-08 20:31:14','2024-07-08 20:31:14'),(201693,'inventory_in_store_pickup_sales_send_order_notified_emails','success',NULL,'2024-07-08 20:21:02','2024-07-08 20:32:00','2024-07-08 20:32:14','2024-07-08 20:32:14'),(201694,'inventory_in_store_pickup_sales_send_order_notified_emails','success',NULL,'2024-07-08 20:21:02','2024-07-08 20:33:00','2024-07-08 20:33:14','2024-07-08 20:33:14'),(201695,'inventory_in_store_pickup_sales_send_order_notified_emails','success',NULL,'2024-07-08 20:21:02','2024-07-08 20:34:00','2024-07-08 20:34:15','2024-07-08 20:34:15'),(201696,'inventory_in_store_pickup_sales_send_order_notified_emails','success',NULL,'2024-07-08 20:21:02','2024-07-08 20:35:00','2024-07-08 20:35:14','2024-07-08 20:35:14'),(201697,'inventory_in_store_pickup_sales_send_order_notified_emails','success',NULL,'2024-07-08 20:21:02','2024-07-08 20:36:00','2024-07-08 20:36:15','2024-07-08 20:36:15'),(201698,'inventory_in_store_pickup_sales_send_order_notified_emails','success',NULL,'2024-07-08 20:21:02','2024-07-08 20:37:00','2024-07-08 20:37:15','2024-07-08 20:37:15'),(201699,'inventory_in_store_pickup_sales_send_order_notified_emails','success',NULL,'2024-07-08 20:21:02','2024-07-08 20:38:00','2024-07-08 20:38:14','2024-07-08 20:38:14'),(201700,'inventory_in_store_pickup_sales_send_order_notified_emails','success',NULL,'2024-07-08 20:21:02','2024-07-08 20:39:00','2024-07-08 20:39:14','2024-07-08 20:39:14'),(201701,'inventory_in_store_pickup_sales_send_order_notified_emails','success',NULL,'2024-07-08 20:21:02','2024-07-08 20:40:00','2024-07-08 20:40:15','2024-07-08 20:40:15'),(201702,'mysqlmq_clean_messages','success',NULL,'2024-07-08 20:21:02','2024-07-08 20:30:00','2024-07-08 20:30:15','2024-07-08 20:30:15'),(201703,'magento_newrelicreporting_cron','success',NULL,'2024-07-08 20:21:02','2024-07-08 20:26:00','2024-07-08 20:26:14','2024-07-08 20:26:14'),(201704,'magento_newrelicreporting_cron','success',NULL,'2024-07-08 20:21:02','2024-07-08 20:28:00','2024-07-08 20:28:14','2024-07-08 20:28:14'),(201705,'magento_newrelicreporting_cron','success',NULL,'2024-07-08 20:21:02','2024-07-08 20:30:00','2024-07-08 20:30:15','2024-07-08 20:30:15'),(201706,'magento_newrelicreporting_cron','success',NULL,'2024-07-08 20:21:02','2024-07-08 20:32:00','2024-07-08 20:32:14','2024-07-08 20:32:14'),(201707,'magento_newrelicreporting_cron','success',NULL,'2024-07-08 20:21:02','2024-07-08 20:34:00','2024-07-08 20:34:15','2024-07-08 20:34:15'),(201708,'magento_newrelicreporting_cron','success',NULL,'2024-07-08 20:21:02','2024-07-08 20:36:00','2024-07-08 20:36:15','2024-07-08 20:36:15'),(201709,'magento_newrelicreporting_cron','success',NULL,'2024-07-08 20:21:02','2024-07-08 20:38:00','2024-07-08 20:38:14','2024-07-08 20:38:14'),(201710,'magento_newrelicreporting_cron','success',NULL,'2024-07-08 20:21:02','2024-07-08 20:40:00','2024-07-08 20:40:15','2024-07-08 20:40:15'),(201711,'newsletter_send_all','success',NULL,'2024-07-08 20:21:02','2024-07-08 20:30:00','2024-07-08 20:30:15','2024-07-08 20:30:15'),(201712,'newsletter_send_all','success',NULL,'2024-07-08 20:21:02','2024-07-08 20:35:00','2024-07-08 20:35:14','2024-07-08 20:35:14'),(201713,'newsletter_send_all','success',NULL,'2024-07-08 20:21:02','2024-07-08 20:40:00','2024-07-08 20:40:15','2024-07-08 20:40:15'),(201714,'bulk_cleanup','success',NULL,'2024-07-08 20:21:02','2024-07-08 20:26:00','2024-07-08 20:26:02','2024-07-08 20:26:02'),(201715,'bulk_cleanup','success',NULL,'2024-07-08 20:21:02','2024-07-08 20:27:00','2024-07-08 20:27:02','2024-07-08 20:27:02'),(201716,'bulk_cleanup','success',NULL,'2024-07-08 20:21:02','2024-07-08 20:28:00','2024-07-08 20:28:02','2024-07-08 20:28:02'),(201717,'bulk_cleanup','success',NULL,'2024-07-08 20:21:02','2024-07-08 20:29:00','2024-07-08 20:29:02','2024-07-08 20:29:02'),(201718,'bulk_cleanup','success',NULL,'2024-07-08 20:21:02','2024-07-08 20:30:00','2024-07-08 20:30:02','2024-07-08 20:30:02'),(201719,'bulk_cleanup','success',NULL,'2024-07-08 20:21:02','2024-07-08 20:31:00','2024-07-08 20:31:02','2024-07-08 20:31:02'),(201720,'bulk_cleanup','success',NULL,'2024-07-08 20:21:02','2024-07-08 20:32:00','2024-07-08 20:32:02','2024-07-08 20:32:02'),(201721,'bulk_cleanup','success',NULL,'2024-07-08 20:21:02','2024-07-08 20:33:00','2024-07-08 20:33:02','2024-07-08 20:33:02'),(201722,'bulk_cleanup','success',NULL,'2024-07-08 20:21:02','2024-07-08 20:34:00','2024-07-08 20:34:02','2024-07-08 20:34:02'),(201723,'bulk_cleanup','success',NULL,'2024-07-08 20:21:02','2024-07-08 20:35:00','2024-07-08 20:35:02','2024-07-08 20:35:02'),(201724,'bulk_cleanup','success',NULL,'2024-07-08 20:21:02','2024-07-08 20:36:00','2024-07-08 20:36:02','2024-07-08 20:36:02'),(201725,'bulk_cleanup','success',NULL,'2024-07-08 20:21:02','2024-07-08 20:37:00','2024-07-08 20:37:02','2024-07-08 20:37:02'),(201726,'bulk_cleanup','success',NULL,'2024-07-08 20:21:02','2024-07-08 20:38:00','2024-07-08 20:38:02','2024-07-08 20:38:02'),(201727,'bulk_cleanup','success',NULL,'2024-07-08 20:21:02','2024-07-08 20:39:00','2024-07-08 20:39:02','2024-07-08 20:39:02'),(201728,'bulk_cleanup','success',NULL,'2024-07-08 20:21:02','2024-07-08 20:40:00','2024-07-08 20:40:02','2024-07-08 20:40:02'),(201729,'bulk_mark_incomplete_operations_as_failed','success',NULL,'2024-07-08 20:21:02','2024-07-08 20:30:00','2024-07-08 20:30:02','2024-07-08 20:30:02'),(201730,'bulk_mark_incomplete_operations_as_failed','success',NULL,'2024-07-08 20:21:02','2024-07-08 20:40:00','2024-07-08 20:40:02','2024-07-08 20:40:02'),(201731,'cron_for_fabric_generation','error','Warning: file_get_contents(): php_network_getaddresses: getaddrinfo for s3.eu-west-2.amazonaws.com failed: Temporary failure in name resolution in /var/www/html/ecom/app/code/Suit/SuitTool/Cron/Fabric.php on line 37','2024-07-08 20:21:02','2024-07-08 20:26:00','2024-07-08 20:26:02',NULL),(201732,'cron_for_fabric_generation','error','Warning: file_get_contents(): php_network_getaddresses: getaddrinfo for s3.eu-west-2.amazonaws.com failed: Temporary failure in name resolution in /var/www/html/ecom/app/code/Suit/SuitTool/Cron/Fabric.php on line 37','2024-07-08 20:21:02','2024-07-08 20:27:00','2024-07-08 20:27:02',NULL),(201733,'cron_for_fabric_generation','error','Warning: file_get_contents(): php_network_getaddresses: getaddrinfo for s3.eu-west-2.amazonaws.com failed: Temporary failure in name resolution in /var/www/html/ecom/app/code/Suit/SuitTool/Cron/Fabric.php on line 37','2024-07-08 20:21:02','2024-07-08 20:28:00','2024-07-08 20:28:02',NULL),(201734,'cron_for_fabric_generation','error','Warning: file_get_contents(): php_network_getaddresses: getaddrinfo for s3.eu-west-2.amazonaws.com failed: Temporary failure in name resolution in /var/www/html/ecom/app/code/Suit/SuitTool/Cron/Fabric.php on line 37','2024-07-08 20:21:02','2024-07-08 20:29:00','2024-07-08 20:29:02',NULL),(201735,'cron_for_fabric_generation','error','Warning: file_get_contents(): php_network_getaddresses: getaddrinfo for s3.eu-west-2.amazonaws.com failed: Temporary failure in name resolution in /var/www/html/ecom/app/code/Suit/SuitTool/Cron/Fabric.php on line 37','2024-07-08 20:21:02','2024-07-08 20:30:00','2024-07-08 20:30:02',NULL),(201736,'cron_for_fabric_generation','error','Warning: file_get_contents(): php_network_getaddresses: getaddrinfo for s3.eu-west-2.amazonaws.com failed: Temporary failure in name resolution in /var/www/html/ecom/app/code/Suit/SuitTool/Cron/Fabric.php on line 37','2024-07-08 20:21:02','2024-07-08 20:31:00','2024-07-08 20:31:02',NULL),(201737,'cron_for_fabric_generation','error','Warning: file_get_contents(): php_network_getaddresses: getaddrinfo for s3.eu-west-2.amazonaws.com failed: Temporary failure in name resolution in /var/www/html/ecom/app/code/Suit/SuitTool/Cron/Fabric.php on line 37','2024-07-08 20:21:02','2024-07-08 20:32:00','2024-07-08 20:32:02',NULL),(201738,'cron_for_fabric_generation','error','Warning: file_get_contents(): php_network_getaddresses: getaddrinfo for s3.eu-west-2.amazonaws.com failed: Temporary failure in name resolution in /var/www/html/ecom/app/code/Suit/SuitTool/Cron/Fabric.php on line 37','2024-07-08 20:21:02','2024-07-08 20:33:00','2024-07-08 20:33:02',NULL),(201739,'cron_for_fabric_generation','error','Warning: file_get_contents(): php_network_getaddresses: getaddrinfo for s3.eu-west-2.amazonaws.com failed: Temporary failure in name resolution in /var/www/html/ecom/app/code/Suit/SuitTool/Cron/Fabric.php on line 37','2024-07-08 20:21:02','2024-07-08 20:34:00','2024-07-08 20:34:02',NULL),(201740,'cron_for_fabric_generation','error','Warning: file_get_contents(): php_network_getaddresses: getaddrinfo for s3.eu-west-2.amazonaws.com failed: Temporary failure in name resolution in /var/www/html/ecom/app/code/Suit/SuitTool/Cron/Fabric.php on line 37','2024-07-08 20:21:02','2024-07-08 20:35:00','2024-07-08 20:35:02',NULL),(201741,'cron_for_fabric_generation','error','Warning: file_get_contents(): php_network_getaddresses: getaddrinfo for s3.eu-west-2.amazonaws.com failed: Temporary failure in name resolution in /var/www/html/ecom/app/code/Suit/SuitTool/Cron/Fabric.php on line 37','2024-07-08 20:21:02','2024-07-08 20:36:00','2024-07-08 20:36:02',NULL),(201742,'cron_for_fabric_generation','error','Warning: file_get_contents(): php_network_getaddresses: getaddrinfo for s3.eu-west-2.amazonaws.com failed: Temporary failure in name resolution in /var/www/html/ecom/app/code/Suit/SuitTool/Cron/Fabric.php on line 37','2024-07-08 20:21:02','2024-07-08 20:37:00','2024-07-08 20:37:02',NULL),(201743,'cron_for_fabric_generation','error','Warning: file_get_contents(): php_network_getaddresses: getaddrinfo for s3.eu-west-2.amazonaws.com failed: Temporary failure in name resolution in /var/www/html/ecom/app/code/Suit/SuitTool/Cron/Fabric.php on line 37','2024-07-08 20:21:02','2024-07-08 20:38:00','2024-07-08 20:38:02',NULL),(201744,'cron_for_fabric_generation','error','Warning: file_get_contents(): php_network_getaddresses: getaddrinfo for s3.eu-west-2.amazonaws.com failed: Temporary failure in name resolution in /var/www/html/ecom/app/code/Suit/SuitTool/Cron/Fabric.php on line 37','2024-07-08 20:21:02','2024-07-08 20:39:00','2024-07-08 20:39:02',NULL),(201745,'cron_for_fabric_generation','error','Warning: file_get_contents(): php_network_getaddresses: getaddrinfo for s3.eu-west-2.amazonaws.com failed: Temporary failure in name resolution in /var/www/html/ecom/app/code/Suit/SuitTool/Cron/Fabric.php on line 37','2024-07-08 20:21:02','2024-07-08 20:40:00','2024-07-08 20:40:02',NULL),(201746,'indexer_reindex_all_invalid','success',NULL,'2024-07-08 20:22:03','2024-07-08 20:24:00','2024-07-08 20:24:03','2024-07-08 20:24:03'),(201747,'indexer_reindex_all_invalid','success',NULL,'2024-07-08 20:22:03','2024-07-08 20:25:00','2024-07-08 20:25:03','2024-07-08 20:25:03'),(201748,'indexer_update_all_views','success',NULL,'2024-07-08 20:22:03','2024-07-08 20:24:00','2024-07-08 20:24:03','2024-07-08 20:24:03'),(201749,'indexer_update_all_views','success',NULL,'2024-07-08 20:22:03','2024-07-08 20:25:00','2024-07-08 20:25:03','2024-07-08 20:25:03'),(201750,'indexer_reindex_all_invalid','success',NULL,'2024-07-08 20:24:03','2024-07-08 20:26:00','2024-07-08 20:26:03','2024-07-08 20:26:03'),(201751,'indexer_reindex_all_invalid','success',NULL,'2024-07-08 20:24:03','2024-07-08 20:27:00','2024-07-08 20:27:03','2024-07-08 20:27:03'),(201752,'indexer_update_all_views','success',NULL,'2024-07-08 20:24:03','2024-07-08 20:26:00','2024-07-08 20:26:03','2024-07-08 20:26:03'),(201753,'indexer_update_all_views','success',NULL,'2024-07-08 20:24:03','2024-07-08 20:27:00','2024-07-08 20:27:03','2024-07-08 20:27:03'),(201754,'indexer_reindex_all_invalid','success',NULL,'2024-07-08 20:25:03','2024-07-08 20:28:00','2024-07-08 20:28:02','2024-07-08 20:28:03'),(201755,'indexer_update_all_views','success',NULL,'2024-07-08 20:25:03','2024-07-08 20:28:00','2024-07-08 20:28:03','2024-07-08 20:28:03'),(201756,'indexer_reindex_all_invalid','success',NULL,'2024-07-08 20:26:03','2024-07-08 20:29:00','2024-07-08 20:29:03','2024-07-08 20:29:03'),(201757,'indexer_update_all_views','success',NULL,'2024-07-08 20:26:03','2024-07-08 20:29:00','2024-07-08 20:29:03','2024-07-08 20:29:03'),(201758,'indexer_reindex_all_invalid','success',NULL,'2024-07-08 20:27:03','2024-07-08 20:30:00','2024-07-08 20:30:03','2024-07-08 20:30:03'),(201759,'indexer_update_all_views','success',NULL,'2024-07-08 20:27:03','2024-07-08 20:30:00','2024-07-08 20:30:03','2024-07-08 20:30:03'),(201760,'indexer_reindex_all_invalid','success',NULL,'2024-07-08 20:29:03','2024-07-08 20:31:00','2024-07-08 20:31:03','2024-07-08 20:31:03'),(201761,'indexer_reindex_all_invalid','success',NULL,'2024-07-08 20:29:03','2024-07-08 20:32:00','2024-07-08 20:32:03','2024-07-08 20:32:03'),(201762,'indexer_update_all_views','success',NULL,'2024-07-08 20:29:03','2024-07-08 20:31:00','2024-07-08 20:31:03','2024-07-08 20:31:03'),(201763,'indexer_update_all_views','success',NULL,'2024-07-08 20:29:03','2024-07-08 20:32:00','2024-07-08 20:32:03','2024-07-08 20:32:03'),(201764,'consumers_runner','success',NULL,'2024-07-08 20:29:03','2024-07-08 20:34:00','2024-07-08 20:34:03','2024-07-08 20:34:03'),(201765,'consumers_runner','success',NULL,'2024-07-08 20:29:03','2024-07-08 20:35:00','2024-07-08 20:35:03','2024-07-08 20:35:03'),(201766,'consumers_runner','success',NULL,'2024-07-08 20:29:03','2024-07-08 20:36:00','2024-07-08 20:36:03','2024-07-08 20:36:03'),(201767,'consumers_runner','success',NULL,'2024-07-08 20:29:03','2024-07-08 20:37:00','2024-07-08 20:37:03','2024-07-08 20:37:03'),(201768,'consumers_runner','success',NULL,'2024-07-08 20:29:03','2024-07-08 20:38:00','2024-07-08 20:38:03','2024-07-08 20:38:03'),(201769,'consumers_runner','success',NULL,'2024-07-08 20:29:03','2024-07-08 20:39:00','2024-07-08 20:39:03','2024-07-08 20:39:03'),(201770,'consumers_runner','success',NULL,'2024-07-08 20:29:03','2024-07-08 20:40:00','2024-07-08 20:40:03','2024-07-08 20:40:03'),(201771,'consumers_runner','success',NULL,'2024-07-08 20:29:03','2024-07-08 20:41:00','2024-07-08 20:41:03','2024-07-08 20:41:03'),(201772,'consumers_runner','success',NULL,'2024-07-08 20:29:03','2024-07-08 20:42:00','2024-07-08 20:42:02','2024-07-08 20:42:02'),(201773,'consumers_runner','success',NULL,'2024-07-08 20:29:03','2024-07-08 20:43:00','2024-07-08 20:43:03','2024-07-08 20:43:03'),(201774,'consumers_runner','success',NULL,'2024-07-08 20:29:03','2024-07-08 20:44:00','2024-07-08 20:44:03','2024-07-08 20:44:03'),(201775,'consumers_runner','success',NULL,'2024-07-08 20:29:03','2024-07-08 20:45:00','2024-07-08 20:45:03','2024-07-08 20:45:03'),(201776,'consumers_runner','success',NULL,'2024-07-08 20:29:03','2024-07-08 20:46:00','2024-07-08 20:46:03','2024-07-08 20:46:03'),(201777,'consumers_runner','success',NULL,'2024-07-08 20:29:03','2024-07-08 20:47:00','2024-07-08 20:47:03','2024-07-08 20:47:03'),(201778,'consumers_runner','success',NULL,'2024-07-08 20:29:03','2024-07-08 20:48:00','2024-07-08 20:48:03','2024-07-08 20:48:03'),(201779,'indexer_reindex_all_invalid','success',NULL,'2024-07-08 20:30:03','2024-07-08 20:33:00','2024-07-08 20:33:02','2024-07-08 20:33:02'),(201780,'indexer_update_all_views','success',NULL,'2024-07-08 20:30:03','2024-07-08 20:33:00','2024-07-08 20:33:02','2024-07-08 20:33:02'),(201781,'indexer_reindex_all_invalid','success',NULL,'2024-07-08 20:31:03','2024-07-08 20:34:00','2024-07-08 20:34:03','2024-07-08 20:34:03'),(201782,'indexer_update_all_views','success',NULL,'2024-07-08 20:31:03','2024-07-08 20:34:00','2024-07-08 20:34:03','2024-07-08 20:34:03'),(201783,'indexer_reindex_all_invalid','success',NULL,'2024-07-08 20:32:03','2024-07-08 20:35:00','2024-07-08 20:35:03','2024-07-08 20:35:03'),(201784,'indexer_update_all_views','success',NULL,'2024-07-08 20:32:03','2024-07-08 20:35:00','2024-07-08 20:35:03','2024-07-08 20:35:03'),(201785,'indexer_reindex_all_invalid','success',NULL,'2024-07-08 20:34:03','2024-07-08 20:36:00','2024-07-08 20:36:03','2024-07-08 20:36:03'),(201786,'indexer_reindex_all_invalid','success',NULL,'2024-07-08 20:34:03','2024-07-08 20:37:00','2024-07-08 20:37:03','2024-07-08 20:37:03'),(201787,'indexer_update_all_views','success',NULL,'2024-07-08 20:34:03','2024-07-08 20:36:00','2024-07-08 20:36:03','2024-07-08 20:36:03'),(201788,'indexer_update_all_views','success',NULL,'2024-07-08 20:34:03','2024-07-08 20:37:00','2024-07-08 20:37:03','2024-07-08 20:37:03'),(201789,'indexer_reindex_all_invalid','success',NULL,'2024-07-08 20:35:03','2024-07-08 20:38:00','2024-07-08 20:38:03','2024-07-08 20:38:03'),(201790,'indexer_update_all_views','success',NULL,'2024-07-08 20:35:03','2024-07-08 20:38:00','2024-07-08 20:38:03','2024-07-08 20:38:03'),(201791,'catalog_product_outdated_price_values_cleanup','success',NULL,'2024-07-08 20:36:02','2024-07-08 20:41:00','2024-07-08 20:41:02','2024-07-08 20:41:02'),(201792,'catalog_product_outdated_price_values_cleanup','success',NULL,'2024-07-08 20:36:02','2024-07-08 20:42:00','2024-07-08 20:42:02','2024-07-08 20:42:02'),(201793,'catalog_product_outdated_price_values_cleanup','success',NULL,'2024-07-08 20:36:02','2024-07-08 20:43:00','2024-07-08 20:43:02','2024-07-08 20:43:02'),(201794,'catalog_product_outdated_price_values_cleanup','success',NULL,'2024-07-08 20:36:02','2024-07-08 20:44:00','2024-07-08 20:44:02','2024-07-08 20:44:02'),(201795,'catalog_product_outdated_price_values_cleanup','success',NULL,'2024-07-08 20:36:02','2024-07-08 20:45:00','2024-07-08 20:45:02','2024-07-08 20:45:02'),(201796,'catalog_product_outdated_price_values_cleanup','success',NULL,'2024-07-08 20:36:02','2024-07-08 20:46:00','2024-07-08 20:46:02','2024-07-08 20:46:02'),(201797,'catalog_product_outdated_price_values_cleanup','success',NULL,'2024-07-08 20:36:02','2024-07-08 20:47:00','2024-07-08 20:47:02','2024-07-08 20:47:02'),(201798,'catalog_product_outdated_price_values_cleanup','success',NULL,'2024-07-08 20:36:02','2024-07-08 20:48:00','2024-07-08 20:48:02','2024-07-08 20:48:02'),(201799,'catalog_product_outdated_price_values_cleanup','success',NULL,'2024-07-08 20:36:02','2024-07-08 20:49:00','2024-07-08 20:49:02','2024-07-08 20:49:02'),(201800,'catalog_product_outdated_price_values_cleanup','success',NULL,'2024-07-08 20:36:02','2024-07-08 20:50:00','2024-07-08 20:50:01','2024-07-08 20:50:01'),(201801,'catalog_product_outdated_price_values_cleanup','success',NULL,'2024-07-08 20:36:02','2024-07-08 20:51:00','2024-07-08 20:51:02','2024-07-08 20:51:02'),(201802,'catalog_product_outdated_price_values_cleanup','success',NULL,'2024-07-08 20:36:02','2024-07-08 20:52:00','2024-07-08 20:52:02','2024-07-08 20:52:02'),(201803,'catalog_product_outdated_price_values_cleanup','success',NULL,'2024-07-08 20:36:02','2024-07-08 20:53:00','2024-07-08 20:53:02','2024-07-08 20:53:02'),(201804,'catalog_product_outdated_price_values_cleanup','success',NULL,'2024-07-08 20:36:02','2024-07-08 20:54:00','2024-07-08 20:54:02','2024-07-08 20:54:02'),(201805,'catalog_product_outdated_price_values_cleanup','success',NULL,'2024-07-08 20:36:02','2024-07-08 20:55:00','2024-07-08 20:55:02','2024-07-08 20:55:02'),(201806,'catalog_product_frontend_actions_flush','success',NULL,'2024-07-08 20:36:02','2024-07-08 20:41:00','2024-07-08 20:41:02','2024-07-08 20:41:02'),(201807,'catalog_product_frontend_actions_flush','success',NULL,'2024-07-08 20:36:02','2024-07-08 20:42:00','2024-07-08 20:42:02','2024-07-08 20:42:02'),(201808,'catalog_product_frontend_actions_flush','success',NULL,'2024-07-08 20:36:02','2024-07-08 20:43:00','2024-07-08 20:43:02','2024-07-08 20:43:02'),(201809,'catalog_product_frontend_actions_flush','success',NULL,'2024-07-08 20:36:02','2024-07-08 20:44:00','2024-07-08 20:44:02','2024-07-08 20:44:02'),(201810,'catalog_product_frontend_actions_flush','success',NULL,'2024-07-08 20:36:02','2024-07-08 20:45:00','2024-07-08 20:45:02','2024-07-08 20:45:02'),(201811,'catalog_product_frontend_actions_flush','success',NULL,'2024-07-08 20:36:02','2024-07-08 20:46:00','2024-07-08 20:46:02','2024-07-08 20:46:02'),(201812,'catalog_product_frontend_actions_flush','success',NULL,'2024-07-08 20:36:02','2024-07-08 20:47:00','2024-07-08 20:47:02','2024-07-08 20:47:02'),(201813,'catalog_product_frontend_actions_flush','success',NULL,'2024-07-08 20:36:02','2024-07-08 20:48:00','2024-07-08 20:48:02','2024-07-08 20:48:02'),(201814,'catalog_product_frontend_actions_flush','success',NULL,'2024-07-08 20:36:02','2024-07-08 20:49:00','2024-07-08 20:49:02','2024-07-08 20:49:02'),(201815,'catalog_product_frontend_actions_flush','success',NULL,'2024-07-08 20:36:02','2024-07-08 20:50:00','2024-07-08 20:50:01','2024-07-08 20:50:01'),(201816,'catalog_product_frontend_actions_flush','success',NULL,'2024-07-08 20:36:02','2024-07-08 20:51:00','2024-07-08 20:51:02','2024-07-08 20:51:02'),(201817,'catalog_product_frontend_actions_flush','success',NULL,'2024-07-08 20:36:02','2024-07-08 20:52:00','2024-07-08 20:52:01','2024-07-08 20:52:02'),(201818,'catalog_product_frontend_actions_flush','success',NULL,'2024-07-08 20:36:02','2024-07-08 20:53:00','2024-07-08 20:53:02','2024-07-08 20:53:02'),(201819,'catalog_product_frontend_actions_flush','success',NULL,'2024-07-08 20:36:02','2024-07-08 20:54:00','2024-07-08 20:54:02','2024-07-08 20:54:02'),(201820,'catalog_product_frontend_actions_flush','success',NULL,'2024-07-08 20:36:02','2024-07-08 20:55:00','2024-07-08 20:55:02','2024-07-08 20:55:02'),(201821,'catalog_product_attribute_value_synchronize','success',NULL,'2024-07-08 20:36:02','2024-07-08 20:45:00','2024-07-08 20:45:02','2024-07-08 20:45:02'),(201822,'catalog_product_attribute_value_synchronize','success',NULL,'2024-07-08 20:36:02','2024-07-08 20:50:00','2024-07-08 20:50:01','2024-07-08 20:50:01'),(201823,'catalog_product_attribute_value_synchronize','success',NULL,'2024-07-08 20:36:02','2024-07-08 20:55:00','2024-07-08 20:55:02','2024-07-08 20:55:02'),(201824,'outdated_authentication_failures_cleanup','success',NULL,'2024-07-08 20:36:02','2024-07-08 20:41:00','2024-07-08 20:41:12','2024-07-08 20:41:12'),(201825,'outdated_authentication_failures_cleanup','success',NULL,'2024-07-08 20:36:02','2024-07-08 20:42:00','2024-07-08 20:42:14','2024-07-08 20:42:14'),(201826,'outdated_authentication_failures_cleanup','success',NULL,'2024-07-08 20:36:02','2024-07-08 20:43:00','2024-07-08 20:43:14','2024-07-08 20:43:14'),(201827,'outdated_authentication_failures_cleanup','success',NULL,'2024-07-08 20:36:02','2024-07-08 20:44:00','2024-07-08 20:44:15','2024-07-08 20:44:15'),(201828,'outdated_authentication_failures_cleanup','success',NULL,'2024-07-08 20:36:02','2024-07-08 20:45:00','2024-07-08 20:45:14','2024-07-08 20:45:14'),(201829,'outdated_authentication_failures_cleanup','success',NULL,'2024-07-08 20:36:02','2024-07-08 20:46:00','2024-07-08 20:46:14','2024-07-08 20:46:14'),(201830,'outdated_authentication_failures_cleanup','success',NULL,'2024-07-08 20:36:02','2024-07-08 20:47:00','2024-07-08 20:47:13','2024-07-08 20:47:13'),(201831,'outdated_authentication_failures_cleanup','success',NULL,'2024-07-08 20:36:02','2024-07-08 20:48:00','2024-07-08 20:48:14','2024-07-08 20:48:14'),(201832,'outdated_authentication_failures_cleanup','success',NULL,'2024-07-08 20:36:02','2024-07-08 20:49:00','2024-07-08 20:49:14','2024-07-08 20:49:14'),(201833,'outdated_authentication_failures_cleanup','success',NULL,'2024-07-08 20:36:02','2024-07-08 20:50:00','2024-07-08 20:50:14','2024-07-08 20:50:14'),(201834,'outdated_authentication_failures_cleanup','success',NULL,'2024-07-08 20:36:02','2024-07-08 20:51:00','2024-07-08 20:51:14','2024-07-08 20:51:14'),(201835,'outdated_authentication_failures_cleanup','success',NULL,'2024-07-08 20:36:02','2024-07-08 20:52:00','2024-07-08 20:52:14','2024-07-08 20:52:14'),(201836,'outdated_authentication_failures_cleanup','success',NULL,'2024-07-08 20:36:02','2024-07-08 20:53:00','2024-07-08 20:53:14','2024-07-08 20:53:14'),(201837,'outdated_authentication_failures_cleanup','success',NULL,'2024-07-08 20:36:02','2024-07-08 20:54:00','2024-07-08 20:54:15','2024-07-08 20:54:15'),(201838,'outdated_authentication_failures_cleanup','success',NULL,'2024-07-08 20:36:02','2024-07-08 20:55:00','2024-07-08 20:55:13','2024-07-08 20:55:13'),(201839,'sales_grid_order_async_insert','success',NULL,'2024-07-08 20:36:02','2024-07-08 20:41:00','2024-07-08 20:41:12','2024-07-08 20:41:12'),(201840,'sales_grid_order_async_insert','success',NULL,'2024-07-08 20:36:02','2024-07-08 20:42:00','2024-07-08 20:42:14','2024-07-08 20:42:14'),(201841,'sales_grid_order_async_insert','success',NULL,'2024-07-08 20:36:02','2024-07-08 20:43:00','2024-07-08 20:43:14','2024-07-08 20:43:14'),(201842,'sales_grid_order_async_insert','success',NULL,'2024-07-08 20:36:02','2024-07-08 20:44:00','2024-07-08 20:44:15','2024-07-08 20:44:15'),(201843,'sales_grid_order_async_insert','success',NULL,'2024-07-08 20:36:02','2024-07-08 20:45:00','2024-07-08 20:45:14','2024-07-08 20:45:14'),(201844,'sales_grid_order_async_insert','success',NULL,'2024-07-08 20:36:02','2024-07-08 20:46:00','2024-07-08 20:46:14','2024-07-08 20:46:14'),(201845,'sales_grid_order_async_insert','success',NULL,'2024-07-08 20:36:02','2024-07-08 20:47:00','2024-07-08 20:47:13','2024-07-08 20:47:13'),(201846,'sales_grid_order_async_insert','success',NULL,'2024-07-08 20:36:02','2024-07-08 20:48:00','2024-07-08 20:48:14','2024-07-08 20:48:14'),(201847,'sales_grid_order_async_insert','success',NULL,'2024-07-08 20:36:02','2024-07-08 20:49:00','2024-07-08 20:49:14','2024-07-08 20:49:14'),(201848,'sales_grid_order_async_insert','success',NULL,'2024-07-08 20:36:02','2024-07-08 20:50:00','2024-07-08 20:50:14','2024-07-08 20:50:14'),(201849,'sales_grid_order_async_insert','success',NULL,'2024-07-08 20:36:02','2024-07-08 20:51:00','2024-07-08 20:51:14','2024-07-08 20:51:14'),(201850,'sales_grid_order_async_insert','success',NULL,'2024-07-08 20:36:02','2024-07-08 20:52:00','2024-07-08 20:52:14','2024-07-08 20:52:14'),(201851,'sales_grid_order_async_insert','success',NULL,'2024-07-08 20:36:02','2024-07-08 20:53:00','2024-07-08 20:53:14','2024-07-08 20:53:14'),(201852,'sales_grid_order_async_insert','success',NULL,'2024-07-08 20:36:02','2024-07-08 20:54:00','2024-07-08 20:54:15','2024-07-08 20:54:15'),(201853,'sales_grid_order_async_insert','success',NULL,'2024-07-08 20:36:02','2024-07-08 20:55:00','2024-07-08 20:55:13','2024-07-08 20:55:13'),(201854,'sales_grid_order_invoice_async_insert','success',NULL,'2024-07-08 20:36:02','2024-07-08 20:41:00','2024-07-08 20:41:12','2024-07-08 20:41:12'),(201855,'sales_grid_order_invoice_async_insert','success',NULL,'2024-07-08 20:36:02','2024-07-08 20:42:00','2024-07-08 20:42:14','2024-07-08 20:42:14'),(201856,'sales_grid_order_invoice_async_insert','success',NULL,'2024-07-08 20:36:02','2024-07-08 20:43:00','2024-07-08 20:43:14','2024-07-08 20:43:14'),(201857,'sales_grid_order_invoice_async_insert','success',NULL,'2024-07-08 20:36:02','2024-07-08 20:44:00','2024-07-08 20:44:15','2024-07-08 20:44:15'),(201858,'sales_grid_order_invoice_async_insert','success',NULL,'2024-07-08 20:36:02','2024-07-08 20:45:00','2024-07-08 20:45:14','2024-07-08 20:45:14'),(201859,'sales_grid_order_invoice_async_insert','success',NULL,'2024-07-08 20:36:02','2024-07-08 20:46:00','2024-07-08 20:46:14','2024-07-08 20:46:14'),(201860,'sales_grid_order_invoice_async_insert','success',NULL,'2024-07-08 20:36:02','2024-07-08 20:47:00','2024-07-08 20:47:13','2024-07-08 20:47:13'),(201861,'sales_grid_order_invoice_async_insert','success',NULL,'2024-07-08 20:36:02','2024-07-08 20:48:00','2024-07-08 20:48:14','2024-07-08 20:48:14'),(201862,'sales_grid_order_invoice_async_insert','success',NULL,'2024-07-08 20:36:02','2024-07-08 20:49:00','2024-07-08 20:49:14','2024-07-08 20:49:14'),(201863,'sales_grid_order_invoice_async_insert','success',NULL,'2024-07-08 20:36:02','2024-07-08 20:50:00','2024-07-08 20:50:14','2024-07-08 20:50:14'),(201864,'sales_grid_order_invoice_async_insert','success',NULL,'2024-07-08 20:36:02','2024-07-08 20:51:00','2024-07-08 20:51:14','2024-07-08 20:51:14'),(201865,'sales_grid_order_invoice_async_insert','success',NULL,'2024-07-08 20:36:02','2024-07-08 20:52:00','2024-07-08 20:52:14','2024-07-08 20:52:14'),(201866,'sales_grid_order_invoice_async_insert','success',NULL,'2024-07-08 20:36:02','2024-07-08 20:53:00','2024-07-08 20:53:14','2024-07-08 20:53:14'),(201867,'sales_grid_order_invoice_async_insert','success',NULL,'2024-07-08 20:36:02','2024-07-08 20:54:00','2024-07-08 20:54:15','2024-07-08 20:54:15'),(201868,'sales_grid_order_invoice_async_insert','success',NULL,'2024-07-08 20:36:02','2024-07-08 20:55:00','2024-07-08 20:55:13','2024-07-08 20:55:13'),(201869,'sales_grid_order_shipment_async_insert','success',NULL,'2024-07-08 20:36:02','2024-07-08 20:41:00','2024-07-08 20:41:12','2024-07-08 20:41:12'),(201870,'sales_grid_order_shipment_async_insert','success',NULL,'2024-07-08 20:36:02','2024-07-08 20:42:00','2024-07-08 20:42:14','2024-07-08 20:42:14'),(201871,'sales_grid_order_shipment_async_insert','success',NULL,'2024-07-08 20:36:02','2024-07-08 20:43:00','2024-07-08 20:43:14','2024-07-08 20:43:14'),(201872,'sales_grid_order_shipment_async_insert','success',NULL,'2024-07-08 20:36:02','2024-07-08 20:44:00','2024-07-08 20:44:15','2024-07-08 20:44:15'),(201873,'sales_grid_order_shipment_async_insert','success',NULL,'2024-07-08 20:36:02','2024-07-08 20:45:00','2024-07-08 20:45:14','2024-07-08 20:45:14'),(201874,'sales_grid_order_shipment_async_insert','success',NULL,'2024-07-08 20:36:02','2024-07-08 20:46:00','2024-07-08 20:46:14','2024-07-08 20:46:14'),(201875,'sales_grid_order_shipment_async_insert','success',NULL,'2024-07-08 20:36:02','2024-07-08 20:47:00','2024-07-08 20:47:13','2024-07-08 20:47:13'),(201876,'sales_grid_order_shipment_async_insert','success',NULL,'2024-07-08 20:36:02','2024-07-08 20:48:00','2024-07-08 20:48:14','2024-07-08 20:48:14'),(201877,'sales_grid_order_shipment_async_insert','success',NULL,'2024-07-08 20:36:02','2024-07-08 20:49:00','2024-07-08 20:49:14','2024-07-08 20:49:14'),(201878,'sales_grid_order_shipment_async_insert','success',NULL,'2024-07-08 20:36:02','2024-07-08 20:50:00','2024-07-08 20:50:14','2024-07-08 20:50:14'),(201879,'sales_grid_order_shipment_async_insert','success',NULL,'2024-07-08 20:36:02','2024-07-08 20:51:00','2024-07-08 20:51:14','2024-07-08 20:51:14'),(201880,'sales_grid_order_shipment_async_insert','success',NULL,'2024-07-08 20:36:02','2024-07-08 20:52:00','2024-07-08 20:52:14','2024-07-08 20:52:14'),(201881,'sales_grid_order_shipment_async_insert','success',NULL,'2024-07-08 20:36:02','2024-07-08 20:53:00','2024-07-08 20:53:14','2024-07-08 20:53:14'),(201882,'sales_grid_order_shipment_async_insert','success',NULL,'2024-07-08 20:36:02','2024-07-08 20:54:00','2024-07-08 20:54:15','2024-07-08 20:54:15'),(201883,'sales_grid_order_shipment_async_insert','success',NULL,'2024-07-08 20:36:02','2024-07-08 20:55:00','2024-07-08 20:55:13','2024-07-08 20:55:13'),(201884,'sales_grid_order_creditmemo_async_insert','success',NULL,'2024-07-08 20:36:02','2024-07-08 20:41:00','2024-07-08 20:41:12','2024-07-08 20:41:12'),(201885,'sales_grid_order_creditmemo_async_insert','success',NULL,'2024-07-08 20:36:02','2024-07-08 20:42:00','2024-07-08 20:42:14','2024-07-08 20:42:14'),(201886,'sales_grid_order_creditmemo_async_insert','success',NULL,'2024-07-08 20:36:02','2024-07-08 20:43:00','2024-07-08 20:43:14','2024-07-08 20:43:14'),(201887,'sales_grid_order_creditmemo_async_insert','success',NULL,'2024-07-08 20:36:02','2024-07-08 20:44:00','2024-07-08 20:44:15','2024-07-08 20:44:15'),(201888,'sales_grid_order_creditmemo_async_insert','success',NULL,'2024-07-08 20:36:02','2024-07-08 20:45:00','2024-07-08 20:45:14','2024-07-08 20:45:14'),(201889,'sales_grid_order_creditmemo_async_insert','success',NULL,'2024-07-08 20:36:02','2024-07-08 20:46:00','2024-07-08 20:46:14','2024-07-08 20:46:14'),(201890,'sales_grid_order_creditmemo_async_insert','success',NULL,'2024-07-08 20:36:02','2024-07-08 20:47:00','2024-07-08 20:47:13','2024-07-08 20:47:13'),(201891,'sales_grid_order_creditmemo_async_insert','success',NULL,'2024-07-08 20:36:02','2024-07-08 20:48:00','2024-07-08 20:48:14','2024-07-08 20:48:14'),(201892,'sales_grid_order_creditmemo_async_insert','success',NULL,'2024-07-08 20:36:02','2024-07-08 20:49:00','2024-07-08 20:49:14','2024-07-08 20:49:14'),(201893,'sales_grid_order_creditmemo_async_insert','success',NULL,'2024-07-08 20:36:02','2024-07-08 20:50:00','2024-07-08 20:50:14','2024-07-08 20:50:14'),(201894,'sales_grid_order_creditmemo_async_insert','success',NULL,'2024-07-08 20:36:02','2024-07-08 20:51:00','2024-07-08 20:51:14','2024-07-08 20:51:14'),(201895,'sales_grid_order_creditmemo_async_insert','success',NULL,'2024-07-08 20:36:02','2024-07-08 20:52:00','2024-07-08 20:52:14','2024-07-08 20:52:14'),(201896,'sales_grid_order_creditmemo_async_insert','success',NULL,'2024-07-08 20:36:02','2024-07-08 20:53:00','2024-07-08 20:53:14','2024-07-08 20:53:14'),(201897,'sales_grid_order_creditmemo_async_insert','success',NULL,'2024-07-08 20:36:02','2024-07-08 20:54:00','2024-07-08 20:54:15','2024-07-08 20:54:15'),(201898,'sales_grid_order_creditmemo_async_insert','success',NULL,'2024-07-08 20:36:02','2024-07-08 20:55:00','2024-07-08 20:55:13','2024-07-08 20:55:13'),(201899,'sales_send_order_emails','success',NULL,'2024-07-08 20:36:02','2024-07-08 20:41:00','2024-07-08 20:41:12','2024-07-08 20:41:12'),(201900,'sales_send_order_emails','success',NULL,'2024-07-08 20:36:02','2024-07-08 20:42:00','2024-07-08 20:42:14','2024-07-08 20:42:14'),(201901,'sales_send_order_emails','success',NULL,'2024-07-08 20:36:02','2024-07-08 20:43:00','2024-07-08 20:43:14','2024-07-08 20:43:14'),(201902,'sales_send_order_emails','success',NULL,'2024-07-08 20:36:02','2024-07-08 20:44:00','2024-07-08 20:44:15','2024-07-08 20:44:15'),(201903,'sales_send_order_emails','success',NULL,'2024-07-08 20:36:02','2024-07-08 20:45:00','2024-07-08 20:45:14','2024-07-08 20:45:14'),(201904,'sales_send_order_emails','success',NULL,'2024-07-08 20:36:02','2024-07-08 20:46:00','2024-07-08 20:46:14','2024-07-08 20:46:14'),(201905,'sales_send_order_emails','success',NULL,'2024-07-08 20:36:02','2024-07-08 20:47:00','2024-07-08 20:47:13','2024-07-08 20:47:13'),(201906,'sales_send_order_emails','success',NULL,'2024-07-08 20:36:02','2024-07-08 20:48:00','2024-07-08 20:48:14','2024-07-08 20:48:14'),(201907,'sales_send_order_emails','success',NULL,'2024-07-08 20:36:02','2024-07-08 20:49:00','2024-07-08 20:49:14','2024-07-08 20:49:14'),(201908,'sales_send_order_emails','success',NULL,'2024-07-08 20:36:02','2024-07-08 20:50:00','2024-07-08 20:50:14','2024-07-08 20:50:14'),(201909,'sales_send_order_emails','success',NULL,'2024-07-08 20:36:02','2024-07-08 20:51:00','2024-07-08 20:51:14','2024-07-08 20:51:14'),(201910,'sales_send_order_emails','success',NULL,'2024-07-08 20:36:02','2024-07-08 20:52:00','2024-07-08 20:52:14','2024-07-08 20:52:14'),(201911,'sales_send_order_emails','success',NULL,'2024-07-08 20:36:02','2024-07-08 20:53:00','2024-07-08 20:53:14','2024-07-08 20:53:14'),(201912,'sales_send_order_emails','success',NULL,'2024-07-08 20:36:02','2024-07-08 20:54:00','2024-07-08 20:54:15','2024-07-08 20:54:15'),(201913,'sales_send_order_emails','success',NULL,'2024-07-08 20:36:02','2024-07-08 20:55:00','2024-07-08 20:55:13','2024-07-08 20:55:13'),(201914,'sales_send_order_invoice_emails','success',NULL,'2024-07-08 20:36:02','2024-07-08 20:41:00','2024-07-08 20:41:12','2024-07-08 20:41:12'),(201915,'sales_send_order_invoice_emails','success',NULL,'2024-07-08 20:36:02','2024-07-08 20:42:00','2024-07-08 20:42:14','2024-07-08 20:42:14'),(201916,'sales_send_order_invoice_emails','success',NULL,'2024-07-08 20:36:02','2024-07-08 20:43:00','2024-07-08 20:43:14','2024-07-08 20:43:14'),(201917,'sales_send_order_invoice_emails','success',NULL,'2024-07-08 20:36:02','2024-07-08 20:44:00','2024-07-08 20:44:15','2024-07-08 20:44:15'),(201918,'sales_send_order_invoice_emails','success',NULL,'2024-07-08 20:36:02','2024-07-08 20:45:00','2024-07-08 20:45:14','2024-07-08 20:45:14'),(201919,'sales_send_order_invoice_emails','success',NULL,'2024-07-08 20:36:02','2024-07-08 20:46:00','2024-07-08 20:46:14','2024-07-08 20:46:14'),(201920,'sales_send_order_invoice_emails','success',NULL,'2024-07-08 20:36:02','2024-07-08 20:47:00','2024-07-08 20:47:13','2024-07-08 20:47:13'),(201921,'sales_send_order_invoice_emails','success',NULL,'2024-07-08 20:36:02','2024-07-08 20:48:00','2024-07-08 20:48:14','2024-07-08 20:48:14'),(201922,'sales_send_order_invoice_emails','success',NULL,'2024-07-08 20:36:02','2024-07-08 20:49:00','2024-07-08 20:49:14','2024-07-08 20:49:14'),(201923,'sales_send_order_invoice_emails','success',NULL,'2024-07-08 20:36:02','2024-07-08 20:50:00','2024-07-08 20:50:14','2024-07-08 20:50:14'),(201924,'sales_send_order_invoice_emails','success',NULL,'2024-07-08 20:36:02','2024-07-08 20:51:00','2024-07-08 20:51:14','2024-07-08 20:51:14'),(201925,'sales_send_order_invoice_emails','success',NULL,'2024-07-08 20:36:02','2024-07-08 20:52:00','2024-07-08 20:52:14','2024-07-08 20:52:14'),(201926,'sales_send_order_invoice_emails','success',NULL,'2024-07-08 20:36:02','2024-07-08 20:53:00','2024-07-08 20:53:14','2024-07-08 20:53:14'),(201927,'sales_send_order_invoice_emails','success',NULL,'2024-07-08 20:36:02','2024-07-08 20:54:00','2024-07-08 20:54:15','2024-07-08 20:54:15'),(201928,'sales_send_order_invoice_emails','success',NULL,'2024-07-08 20:36:02','2024-07-08 20:55:00','2024-07-08 20:55:13','2024-07-08 20:55:13'),(201929,'sales_send_order_shipment_emails','success',NULL,'2024-07-08 20:36:02','2024-07-08 20:41:00','2024-07-08 20:41:12','2024-07-08 20:41:12'),(201930,'sales_send_order_shipment_emails','success',NULL,'2024-07-08 20:36:02','2024-07-08 20:42:00','2024-07-08 20:42:14','2024-07-08 20:42:14'),(201931,'sales_send_order_shipment_emails','success',NULL,'2024-07-08 20:36:02','2024-07-08 20:43:00','2024-07-08 20:43:14','2024-07-08 20:43:14'),(201932,'sales_send_order_shipment_emails','success',NULL,'2024-07-08 20:36:02','2024-07-08 20:44:00','2024-07-08 20:44:15','2024-07-08 20:44:15'),(201933,'sales_send_order_shipment_emails','success',NULL,'2024-07-08 20:36:02','2024-07-08 20:45:00','2024-07-08 20:45:14','2024-07-08 20:45:14'),(201934,'sales_send_order_shipment_emails','success',NULL,'2024-07-08 20:36:02','2024-07-08 20:46:00','2024-07-08 20:46:14','2024-07-08 20:46:14'),(201935,'sales_send_order_shipment_emails','success',NULL,'2024-07-08 20:36:02','2024-07-08 20:47:00','2024-07-08 20:47:13','2024-07-08 20:47:13'),(201936,'sales_send_order_shipment_emails','success',NULL,'2024-07-08 20:36:02','2024-07-08 20:48:00','2024-07-08 20:48:14','2024-07-08 20:48:14'),(201937,'sales_send_order_shipment_emails','success',NULL,'2024-07-08 20:36:02','2024-07-08 20:49:00','2024-07-08 20:49:14','2024-07-08 20:49:14'),(201938,'sales_send_order_shipment_emails','success',NULL,'2024-07-08 20:36:02','2024-07-08 20:50:00','2024-07-08 20:50:14','2024-07-08 20:50:14'),(201939,'sales_send_order_shipment_emails','success',NULL,'2024-07-08 20:36:02','2024-07-08 20:51:00','2024-07-08 20:51:15','2024-07-08 20:51:15'),(201940,'sales_send_order_shipment_emails','success',NULL,'2024-07-08 20:36:02','2024-07-08 20:52:00','2024-07-08 20:52:14','2024-07-08 20:52:14'),(201941,'sales_send_order_shipment_emails','success',NULL,'2024-07-08 20:36:02','2024-07-08 20:53:00','2024-07-08 20:53:14','2024-07-08 20:53:14'),(201942,'sales_send_order_shipment_emails','success',NULL,'2024-07-08 20:36:02','2024-07-08 20:54:00','2024-07-08 20:54:15','2024-07-08 20:54:15'),(201943,'sales_send_order_shipment_emails','success',NULL,'2024-07-08 20:36:02','2024-07-08 20:55:00','2024-07-08 20:55:13','2024-07-08 20:55:13'),(201944,'sales_send_order_creditmemo_emails','success',NULL,'2024-07-08 20:36:02','2024-07-08 20:41:00','2024-07-08 20:41:12','2024-07-08 20:41:12'),(201945,'sales_send_order_creditmemo_emails','success',NULL,'2024-07-08 20:36:02','2024-07-08 20:42:00','2024-07-08 20:42:14','2024-07-08 20:42:14'),(201946,'sales_send_order_creditmemo_emails','success',NULL,'2024-07-08 20:36:02','2024-07-08 20:43:00','2024-07-08 20:43:14','2024-07-08 20:43:14'),(201947,'sales_send_order_creditmemo_emails','success',NULL,'2024-07-08 20:36:02','2024-07-08 20:44:00','2024-07-08 20:44:15','2024-07-08 20:44:15'),(201948,'sales_send_order_creditmemo_emails','success',NULL,'2024-07-08 20:36:02','2024-07-08 20:45:00','2024-07-08 20:45:14','2024-07-08 20:45:14'),(201949,'sales_send_order_creditmemo_emails','success',NULL,'2024-07-08 20:36:02','2024-07-08 20:46:00','2024-07-08 20:46:14','2024-07-08 20:46:14'),(201950,'sales_send_order_creditmemo_emails','success',NULL,'2024-07-08 20:36:02','2024-07-08 20:47:00','2024-07-08 20:47:13','2024-07-08 20:47:13'),(201951,'sales_send_order_creditmemo_emails','success',NULL,'2024-07-08 20:36:02','2024-07-08 20:48:00','2024-07-08 20:48:14','2024-07-08 20:48:14'),(201952,'sales_send_order_creditmemo_emails','success',NULL,'2024-07-08 20:36:02','2024-07-08 20:49:00','2024-07-08 20:49:14','2024-07-08 20:49:14'),(201953,'sales_send_order_creditmemo_emails','success',NULL,'2024-07-08 20:36:02','2024-07-08 20:50:00','2024-07-08 20:50:14','2024-07-08 20:50:14'),(201954,'sales_send_order_creditmemo_emails','success',NULL,'2024-07-08 20:36:02','2024-07-08 20:51:00','2024-07-08 20:51:14','2024-07-08 20:51:14'),(201955,'sales_send_order_creditmemo_emails','success',NULL,'2024-07-08 20:36:02','2024-07-08 20:52:00','2024-07-08 20:52:14','2024-07-08 20:52:14'),(201956,'sales_send_order_creditmemo_emails','success',NULL,'2024-07-08 20:36:02','2024-07-08 20:53:00','2024-07-08 20:53:14','2024-07-08 20:53:14'),(201957,'sales_send_order_creditmemo_emails','success',NULL,'2024-07-08 20:36:02','2024-07-08 20:54:00','2024-07-08 20:54:15','2024-07-08 20:54:15'),(201958,'sales_send_order_creditmemo_emails','success',NULL,'2024-07-08 20:36:02','2024-07-08 20:55:00','2024-07-08 20:55:13','2024-07-08 20:55:13'),(201959,'captcha_delete_expired_images','success',NULL,'2024-07-08 20:36:02','2024-07-08 20:50:00','2024-07-08 20:50:01','2024-07-08 20:50:01'),(201960,'inventory_in_store_pickup_sales_send_order_notified_emails','success',NULL,'2024-07-08 20:36:02','2024-07-08 20:41:00','2024-07-08 20:41:12','2024-07-08 20:41:12'),(201961,'inventory_in_store_pickup_sales_send_order_notified_emails','success',NULL,'2024-07-08 20:36:02','2024-07-08 20:42:00','2024-07-08 20:42:14','2024-07-08 20:42:14'),(201962,'inventory_in_store_pickup_sales_send_order_notified_emails','success',NULL,'2024-07-08 20:36:02','2024-07-08 20:43:00','2024-07-08 20:43:14','2024-07-08 20:43:14'),(201963,'inventory_in_store_pickup_sales_send_order_notified_emails','success',NULL,'2024-07-08 20:36:02','2024-07-08 20:44:00','2024-07-08 20:44:15','2024-07-08 20:44:15'),(201964,'inventory_in_store_pickup_sales_send_order_notified_emails','success',NULL,'2024-07-08 20:36:02','2024-07-08 20:45:00','2024-07-08 20:45:14','2024-07-08 20:45:14'),(201965,'inventory_in_store_pickup_sales_send_order_notified_emails','success',NULL,'2024-07-08 20:36:02','2024-07-08 20:46:00','2024-07-08 20:46:14','2024-07-08 20:46:14'),(201966,'inventory_in_store_pickup_sales_send_order_notified_emails','success',NULL,'2024-07-08 20:36:02','2024-07-08 20:47:00','2024-07-08 20:47:13','2024-07-08 20:47:13'),(201967,'inventory_in_store_pickup_sales_send_order_notified_emails','success',NULL,'2024-07-08 20:36:02','2024-07-08 20:48:00','2024-07-08 20:48:14','2024-07-08 20:48:14'),(201968,'inventory_in_store_pickup_sales_send_order_notified_emails','success',NULL,'2024-07-08 20:36:02','2024-07-08 20:49:00','2024-07-08 20:49:14','2024-07-08 20:49:14'),(201969,'inventory_in_store_pickup_sales_send_order_notified_emails','success',NULL,'2024-07-08 20:36:02','2024-07-08 20:50:00','2024-07-08 20:50:14','2024-07-08 20:50:14'),(201970,'inventory_in_store_pickup_sales_send_order_notified_emails','success',NULL,'2024-07-08 20:36:02','2024-07-08 20:51:00','2024-07-08 20:51:14','2024-07-08 20:51:14'),(201971,'inventory_in_store_pickup_sales_send_order_notified_emails','success',NULL,'2024-07-08 20:36:02','2024-07-08 20:52:00','2024-07-08 20:52:14','2024-07-08 20:52:14'),(201972,'inventory_in_store_pickup_sales_send_order_notified_emails','success',NULL,'2024-07-08 20:36:02','2024-07-08 20:53:00','2024-07-08 20:53:14','2024-07-08 20:53:14'),(201973,'inventory_in_store_pickup_sales_send_order_notified_emails','success',NULL,'2024-07-08 20:36:02','2024-07-08 20:54:00','2024-07-08 20:54:15','2024-07-08 20:54:15'),(201974,'inventory_in_store_pickup_sales_send_order_notified_emails','success',NULL,'2024-07-08 20:36:02','2024-07-08 20:55:00','2024-07-08 20:55:13','2024-07-08 20:55:13'),(201975,'magento_newrelicreporting_cron','success',NULL,'2024-07-08 20:36:02','2024-07-08 20:42:00','2024-07-08 20:42:14','2024-07-08 20:42:14'),(201976,'magento_newrelicreporting_cron','success',NULL,'2024-07-08 20:36:02','2024-07-08 20:44:00','2024-07-08 20:44:15','2024-07-08 20:44:15'),(201977,'magento_newrelicreporting_cron','success',NULL,'2024-07-08 20:36:02','2024-07-08 20:46:00','2024-07-08 20:46:14','2024-07-08 20:46:14'),(201978,'magento_newrelicreporting_cron','success',NULL,'2024-07-08 20:36:02','2024-07-08 20:48:00','2024-07-08 20:48:14','2024-07-08 20:48:14'),(201979,'magento_newrelicreporting_cron','success',NULL,'2024-07-08 20:36:02','2024-07-08 20:50:00','2024-07-08 20:50:14','2024-07-08 20:50:14'),(201980,'magento_newrelicreporting_cron','success',NULL,'2024-07-08 20:36:02','2024-07-08 20:52:00','2024-07-08 20:52:14','2024-07-08 20:52:14'),(201981,'magento_newrelicreporting_cron','success',NULL,'2024-07-08 20:36:02','2024-07-08 20:54:00','2024-07-08 20:54:15','2024-07-08 20:54:15'),(201982,'newsletter_send_all','success',NULL,'2024-07-08 20:36:02','2024-07-08 20:45:00','2024-07-08 20:45:14','2024-07-08 20:45:14'),(201983,'newsletter_send_all','success',NULL,'2024-07-08 20:36:02','2024-07-08 20:50:00','2024-07-08 20:50:14','2024-07-08 20:50:14'),(201984,'newsletter_send_all','success',NULL,'2024-07-08 20:36:02','2024-07-08 20:55:00','2024-07-08 20:55:13','2024-07-08 20:55:13'),(201985,'bulk_cleanup','success',NULL,'2024-07-08 20:36:02','2024-07-08 20:41:00','2024-07-08 20:41:02','2024-07-08 20:41:02'),(201986,'bulk_cleanup','success',NULL,'2024-07-08 20:36:02','2024-07-08 20:42:00','2024-07-08 20:42:02','2024-07-08 20:42:02'),(201987,'bulk_cleanup','success',NULL,'2024-07-08 20:36:02','2024-07-08 20:43:00','2024-07-08 20:43:02','2024-07-08 20:43:02'),(201988,'bulk_cleanup','success',NULL,'2024-07-08 20:36:02','2024-07-08 20:44:00','2024-07-08 20:44:02','2024-07-08 20:44:02'),(201989,'bulk_cleanup','success',NULL,'2024-07-08 20:36:02','2024-07-08 20:45:00','2024-07-08 20:45:02','2024-07-08 20:45:02'),(201990,'bulk_cleanup','success',NULL,'2024-07-08 20:36:02','2024-07-08 20:46:00','2024-07-08 20:46:02','2024-07-08 20:46:02'),(201991,'bulk_cleanup','success',NULL,'2024-07-08 20:36:02','2024-07-08 20:47:00','2024-07-08 20:47:02','2024-07-08 20:47:02'),(201992,'bulk_cleanup','success',NULL,'2024-07-08 20:36:02','2024-07-08 20:48:00','2024-07-08 20:48:02','2024-07-08 20:48:02'),(201993,'bulk_cleanup','success',NULL,'2024-07-08 20:36:02','2024-07-08 20:49:00','2024-07-08 20:49:02','2024-07-08 20:49:02'),(201994,'bulk_cleanup','success',NULL,'2024-07-08 20:36:02','2024-07-08 20:50:00','2024-07-08 20:50:01','2024-07-08 20:50:01'),(201995,'bulk_cleanup','success',NULL,'2024-07-08 20:36:02','2024-07-08 20:51:00','2024-07-08 20:51:02','2024-07-08 20:51:02'),(201996,'bulk_cleanup','success',NULL,'2024-07-08 20:36:02','2024-07-08 20:52:00','2024-07-08 20:52:01','2024-07-08 20:52:01'),(201997,'bulk_cleanup','success',NULL,'2024-07-08 20:36:02','2024-07-08 20:53:00','2024-07-08 20:53:02','2024-07-08 20:53:02'),(201998,'bulk_cleanup','success',NULL,'2024-07-08 20:36:02','2024-07-08 20:54:00','2024-07-08 20:54:02','2024-07-08 20:54:02'),(201999,'bulk_cleanup','success',NULL,'2024-07-08 20:36:02','2024-07-08 20:55:00','2024-07-08 20:55:02','2024-07-08 20:55:02'),(202000,'bulk_mark_incomplete_operations_as_failed','success',NULL,'2024-07-08 20:36:02','2024-07-08 20:50:00','2024-07-08 20:50:01','2024-07-08 20:50:01'),(202001,'cron_for_fabric_generation','error','Warning: file_get_contents(): php_network_getaddresses: getaddrinfo for s3.eu-west-2.amazonaws.com failed: Temporary failure in name resolution in /var/www/html/ecom/app/code/Suit/SuitTool/Cron/Fabric.php on line 37','2024-07-08 20:36:02','2024-07-08 20:41:00','2024-07-08 20:41:02',NULL),(202002,'cron_for_fabric_generation','error','Warning: file_get_contents(): php_network_getaddresses: getaddrinfo for s3.eu-west-2.amazonaws.com failed: Temporary failure in name resolution in /var/www/html/ecom/app/code/Suit/SuitTool/Cron/Fabric.php on line 37','2024-07-08 20:36:02','2024-07-08 20:42:00','2024-07-08 20:42:02',NULL),(202003,'cron_for_fabric_generation','error','Warning: file_get_contents(): php_network_getaddresses: getaddrinfo for s3.eu-west-2.amazonaws.com failed: Temporary failure in name resolution in /var/www/html/ecom/app/code/Suit/SuitTool/Cron/Fabric.php on line 37','2024-07-08 20:36:02','2024-07-08 20:43:00','2024-07-08 20:43:02',NULL),(202004,'cron_for_fabric_generation','error','Warning: file_get_contents(): php_network_getaddresses: getaddrinfo for s3.eu-west-2.amazonaws.com failed: Temporary failure in name resolution in /var/www/html/ecom/app/code/Suit/SuitTool/Cron/Fabric.php on line 37','2024-07-08 20:36:02','2024-07-08 20:44:00','2024-07-08 20:44:02',NULL),(202005,'cron_for_fabric_generation','error','Warning: file_get_contents(): php_network_getaddresses: getaddrinfo for s3.eu-west-2.amazonaws.com failed: Temporary failure in name resolution in /var/www/html/ecom/app/code/Suit/SuitTool/Cron/Fabric.php on line 37','2024-07-08 20:36:02','2024-07-08 20:45:00','2024-07-08 20:45:02',NULL),(202006,'cron_for_fabric_generation','error','Warning: file_get_contents(): php_network_getaddresses: getaddrinfo for s3.eu-west-2.amazonaws.com failed: Temporary failure in name resolution in /var/www/html/ecom/app/code/Suit/SuitTool/Cron/Fabric.php on line 37','2024-07-08 20:36:02','2024-07-08 20:46:00','2024-07-08 20:46:02',NULL),(202007,'cron_for_fabric_generation','error','Warning: file_get_contents(): php_network_getaddresses: getaddrinfo for s3.eu-west-2.amazonaws.com failed: Temporary failure in name resolution in /var/www/html/ecom/app/code/Suit/SuitTool/Cron/Fabric.php on line 37','2024-07-08 20:36:02','2024-07-08 20:47:00','2024-07-08 20:47:02',NULL),(202008,'cron_for_fabric_generation','error','Warning: file_get_contents(): php_network_getaddresses: getaddrinfo for s3.eu-west-2.amazonaws.com failed: Temporary failure in name resolution in /var/www/html/ecom/app/code/Suit/SuitTool/Cron/Fabric.php on line 37','2024-07-08 20:36:02','2024-07-08 20:48:00','2024-07-08 20:48:02',NULL),(202009,'cron_for_fabric_generation','error','Warning: file_get_contents(): php_network_getaddresses: getaddrinfo for s3.eu-west-2.amazonaws.com failed: Temporary failure in name resolution in /var/www/html/ecom/app/code/Suit/SuitTool/Cron/Fabric.php on line 37','2024-07-08 20:36:02','2024-07-08 20:49:00','2024-07-08 20:49:02',NULL),(202010,'cron_for_fabric_generation','error','Warning: file_get_contents(): php_network_getaddresses: getaddrinfo for s3.eu-west-2.amazonaws.com failed: Temporary failure in name resolution in /var/www/html/ecom/app/code/Suit/SuitTool/Cron/Fabric.php on line 37','2024-07-08 20:36:02','2024-07-08 20:50:00','2024-07-08 20:50:01',NULL),(202011,'cron_for_fabric_generation','error','Warning: file_get_contents(): php_network_getaddresses: getaddrinfo for s3.eu-west-2.amazonaws.com failed: Temporary failure in name resolution in /var/www/html/ecom/app/code/Suit/SuitTool/Cron/Fabric.php on line 37','2024-07-08 20:36:02','2024-07-08 20:51:00','2024-07-08 20:51:02',NULL),(202012,'cron_for_fabric_generation','error','Warning: file_get_contents(): php_network_getaddresses: getaddrinfo for s3.eu-west-2.amazonaws.com failed: Temporary failure in name resolution in /var/www/html/ecom/app/code/Suit/SuitTool/Cron/Fabric.php on line 37','2024-07-08 20:36:02','2024-07-08 20:52:00','2024-07-08 20:52:02',NULL),(202013,'cron_for_fabric_generation','error','Warning: file_get_contents(): php_network_getaddresses: getaddrinfo for s3.eu-west-2.amazonaws.com failed: Temporary failure in name resolution in /var/www/html/ecom/app/code/Suit/SuitTool/Cron/Fabric.php on line 37','2024-07-08 20:36:02','2024-07-08 20:53:00','2024-07-08 20:53:02',NULL),(202014,'cron_for_fabric_generation','error','Warning: file_get_contents(): php_network_getaddresses: getaddrinfo for s3.eu-west-2.amazonaws.com failed: Temporary failure in name resolution in /var/www/html/ecom/app/code/Suit/SuitTool/Cron/Fabric.php on line 37','2024-07-08 20:36:02','2024-07-08 20:54:00','2024-07-08 20:54:02',NULL),(202015,'cron_for_fabric_generation','error','Warning: file_get_contents(): php_network_getaddresses: getaddrinfo for s3.eu-west-2.amazonaws.com failed: Temporary failure in name resolution in /var/www/html/ecom/app/code/Suit/SuitTool/Cron/Fabric.php on line 37','2024-07-08 20:36:02','2024-07-08 20:55:00','2024-07-08 20:55:02',NULL),(202016,'indexer_reindex_all_invalid','success',NULL,'2024-07-08 20:36:03','2024-07-08 20:39:00','2024-07-08 20:39:03','2024-07-08 20:39:03'),(202017,'indexer_update_all_views','success',NULL,'2024-07-08 20:36:03','2024-07-08 20:39:00','2024-07-08 20:39:03','2024-07-08 20:39:03'),(202018,'indexer_reindex_all_invalid','success',NULL,'2024-07-08 20:37:03','2024-07-08 20:40:00','2024-07-08 20:40:03','2024-07-08 20:40:03'),(202019,'indexer_update_all_views','success',NULL,'2024-07-08 20:37:03','2024-07-08 20:40:00','2024-07-08 20:40:03','2024-07-08 20:40:03'),(202020,'indexer_reindex_all_invalid','success',NULL,'2024-07-08 20:38:03','2024-07-08 20:41:00','2024-07-08 20:41:03','2024-07-08 20:41:03'),(202021,'indexer_update_all_views','success',NULL,'2024-07-08 20:38:03','2024-07-08 20:41:00','2024-07-08 20:41:03','2024-07-08 20:41:03'),(202022,'indexer_reindex_all_invalid','success',NULL,'2024-07-08 20:39:03','2024-07-08 20:42:00','2024-07-08 20:42:02','2024-07-08 20:42:02'),(202023,'indexer_update_all_views','success',NULL,'2024-07-08 20:39:03','2024-07-08 20:42:00','2024-07-08 20:42:02','2024-07-08 20:42:02'),(202024,'indexer_reindex_all_invalid','success',NULL,'2024-07-08 20:40:03','2024-07-08 20:43:00','2024-07-08 20:43:03','2024-07-08 20:43:03'),(202025,'indexer_update_all_views','success',NULL,'2024-07-08 20:40:03','2024-07-08 20:43:00','2024-07-08 20:43:03','2024-07-08 20:43:03'),(202026,'indexer_reindex_all_invalid','success',NULL,'2024-07-08 20:41:03','2024-07-08 20:44:00','2024-07-08 20:44:03','2024-07-08 20:44:03'),(202027,'indexer_update_all_views','success',NULL,'2024-07-08 20:41:03','2024-07-08 20:44:00','2024-07-08 20:44:03','2024-07-08 20:44:03'),(202028,'indexer_reindex_all_invalid','success',NULL,'2024-07-08 20:43:03','2024-07-08 20:45:00','2024-07-08 20:45:03','2024-07-08 20:45:03'),(202029,'indexer_reindex_all_invalid','success',NULL,'2024-07-08 20:43:03','2024-07-08 20:46:00','2024-07-08 20:46:03','2024-07-08 20:46:03'),(202030,'indexer_update_all_views','success',NULL,'2024-07-08 20:43:03','2024-07-08 20:45:00','2024-07-08 20:45:03','2024-07-08 20:45:03'),(202031,'indexer_update_all_views','success',NULL,'2024-07-08 20:43:03','2024-07-08 20:46:00','2024-07-08 20:46:03','2024-07-08 20:46:03'),(202032,'indexer_reindex_all_invalid','success',NULL,'2024-07-08 20:44:03','2024-07-08 20:47:00','2024-07-08 20:47:03','2024-07-08 20:47:03'),(202033,'indexer_update_all_views','success',NULL,'2024-07-08 20:44:03','2024-07-08 20:47:00','2024-07-08 20:47:03','2024-07-08 20:47:03'),(202034,'consumers_runner','success',NULL,'2024-07-08 20:44:03','2024-07-08 20:49:00','2024-07-08 20:49:03','2024-07-08 20:49:03'),(202035,'consumers_runner','success',NULL,'2024-07-08 20:44:03','2024-07-08 20:50:00','2024-07-08 20:50:02','2024-07-08 20:50:02'),(202036,'consumers_runner','success',NULL,'2024-07-08 20:44:03','2024-07-08 20:51:00','2024-07-08 20:51:03','2024-07-08 20:51:03'),(202037,'consumers_runner','success',NULL,'2024-07-08 20:44:03','2024-07-08 20:52:00','2024-07-08 20:52:02','2024-07-08 20:52:02'),(202038,'consumers_runner','success',NULL,'2024-07-08 20:44:03','2024-07-08 20:53:00','2024-07-08 20:53:03','2024-07-08 20:53:03'),(202039,'consumers_runner','success',NULL,'2024-07-08 20:44:03','2024-07-08 20:54:00','2024-07-08 20:54:03','2024-07-08 20:54:03'),(202040,'consumers_runner','success',NULL,'2024-07-08 20:44:03','2024-07-08 20:55:00','2024-07-08 20:55:03','2024-07-08 20:55:03'),(202041,'consumers_runner','success',NULL,'2024-07-08 20:44:03','2024-07-08 20:56:00','2024-07-08 20:56:03','2024-07-08 20:56:03'),(202042,'consumers_runner','success',NULL,'2024-07-08 20:44:03','2024-07-08 20:57:00','2024-07-08 20:57:03','2024-07-08 20:57:03'),(202043,'consumers_runner','success',NULL,'2024-07-08 20:44:03','2024-07-08 20:58:00','2024-07-08 20:58:03','2024-07-08 20:58:03'),(202044,'consumers_runner','success',NULL,'2024-07-08 20:44:03','2024-07-08 20:59:00','2024-07-08 20:59:03','2024-07-08 20:59:03'),(202045,'consumers_runner','success',NULL,'2024-07-08 20:44:03','2024-07-08 21:00:00','2024-07-08 21:00:03','2024-07-08 21:00:03'),(202046,'consumers_runner','success',NULL,'2024-07-08 20:44:03','2024-07-08 21:01:00','2024-07-08 21:01:03','2024-07-08 21:01:03'),(202047,'consumers_runner','success',NULL,'2024-07-08 20:44:03','2024-07-08 21:02:00','2024-07-08 21:02:03','2024-07-08 21:02:03'),(202048,'consumers_runner','success',NULL,'2024-07-08 20:44:03','2024-07-08 21:03:00','2024-07-08 21:03:03','2024-07-08 21:03:03'),(202049,'indexer_reindex_all_invalid','success',NULL,'2024-07-08 20:45:03','2024-07-08 20:48:00','2024-07-08 20:48:03','2024-07-08 20:48:03'),(202050,'indexer_update_all_views','success',NULL,'2024-07-08 20:45:03','2024-07-08 20:48:00','2024-07-08 20:48:03','2024-07-08 20:48:03'),(202051,'indexer_reindex_all_invalid','success',NULL,'2024-07-08 20:46:03','2024-07-08 20:49:00','2024-07-08 20:49:03','2024-07-08 20:49:03'),(202052,'indexer_update_all_views','success',NULL,'2024-07-08 20:46:03','2024-07-08 20:49:00','2024-07-08 20:49:03','2024-07-08 20:49:03'),(202053,'indexer_reindex_all_invalid','success',NULL,'2024-07-08 20:47:03','2024-07-08 20:50:00','2024-07-08 20:50:02','2024-07-08 20:50:02'),(202054,'indexer_update_all_views','success',NULL,'2024-07-08 20:47:03','2024-07-08 20:50:00','2024-07-08 20:50:02','2024-07-08 20:50:02'),(202055,'indexer_reindex_all_invalid','success',NULL,'2024-07-08 20:48:03','2024-07-08 20:51:00','2024-07-08 20:51:03','2024-07-08 20:51:03'),(202056,'indexer_update_all_views','success',NULL,'2024-07-08 20:48:03','2024-07-08 20:51:00','2024-07-08 20:51:03','2024-07-08 20:51:03'),(202057,'indexer_reindex_all_invalid','success',NULL,'2024-07-08 20:49:03','2024-07-08 20:52:00','2024-07-08 20:52:02','2024-07-08 20:52:02'),(202058,'indexer_update_all_views','success',NULL,'2024-07-08 20:49:03','2024-07-08 20:52:00','2024-07-08 20:52:02','2024-07-08 20:52:02'),(202059,'security_deactivate_expired_users','success',NULL,'2024-07-08 20:51:02','2024-07-08 21:00:00','2024-07-08 21:00:12','2024-07-08 21:00:12'),(202060,'catalog_index_refresh_price','success',NULL,'2024-07-08 20:51:02','2024-07-08 21:00:00','2024-07-08 21:00:02','2024-07-08 21:00:02'),(202061,'catalog_product_outdated_price_values_cleanup','success',NULL,'2024-07-08 20:51:02','2024-07-08 20:56:00','2024-07-08 20:56:02','2024-07-08 20:56:02'),(202062,'catalog_product_outdated_price_values_cleanup','success',NULL,'2024-07-08 20:51:02','2024-07-08 20:57:00','2024-07-08 20:57:02','2024-07-08 20:57:02'),(202063,'catalog_product_outdated_price_values_cleanup','success',NULL,'2024-07-08 20:51:02','2024-07-08 20:58:00','2024-07-08 20:58:02','2024-07-08 20:58:02'),(202064,'catalog_product_outdated_price_values_cleanup','success',NULL,'2024-07-08 20:51:02','2024-07-08 20:59:00','2024-07-08 20:59:02','2024-07-08 20:59:02'),(202065,'catalog_product_outdated_price_values_cleanup','success',NULL,'2024-07-08 20:51:02','2024-07-08 21:00:00','2024-07-08 21:00:02','2024-07-08 21:00:02'),(202066,'catalog_product_outdated_price_values_cleanup','success',NULL,'2024-07-08 20:51:02','2024-07-08 21:01:00','2024-07-08 21:01:02','2024-07-08 21:01:02'),(202067,'catalog_product_outdated_price_values_cleanup','success',NULL,'2024-07-08 20:51:02','2024-07-08 21:02:00','2024-07-08 21:02:02','2024-07-08 21:02:02'),(202068,'catalog_product_outdated_price_values_cleanup','success',NULL,'2024-07-08 20:51:02','2024-07-08 21:03:00','2024-07-08 21:03:02','2024-07-08 21:03:02'),(202069,'catalog_product_outdated_price_values_cleanup','success',NULL,'2024-07-08 20:51:02','2024-07-08 21:04:00','2024-07-08 21:04:02','2024-07-08 21:04:02'),(202070,'catalog_product_outdated_price_values_cleanup','success',NULL,'2024-07-08 20:51:02','2024-07-08 21:05:00','2024-07-08 21:05:02','2024-07-08 21:05:02'),(202071,'catalog_product_outdated_price_values_cleanup','success',NULL,'2024-07-08 20:51:02','2024-07-08 21:06:00','2024-07-08 21:06:02','2024-07-08 21:06:02'),(202072,'catalog_product_outdated_price_values_cleanup','success',NULL,'2024-07-08 20:51:02','2024-07-08 21:07:00','2024-07-08 21:07:02','2024-07-08 21:07:02'),(202073,'catalog_product_outdated_price_values_cleanup','success',NULL,'2024-07-08 20:51:02','2024-07-08 21:08:00','2024-07-08 21:08:02','2024-07-08 21:08:02'),(202074,'catalog_product_outdated_price_values_cleanup','success',NULL,'2024-07-08 20:51:02','2024-07-08 21:09:00','2024-07-08 21:09:02','2024-07-08 21:09:02'),(202075,'catalog_product_outdated_price_values_cleanup','success',NULL,'2024-07-08 20:51:02','2024-07-08 21:10:00','2024-07-08 21:10:02','2024-07-08 21:10:02'),(202076,'catalog_product_frontend_actions_flush','success',NULL,'2024-07-08 20:51:02','2024-07-08 20:56:00','2024-07-08 20:56:02','2024-07-08 20:56:02'),(202077,'catalog_product_frontend_actions_flush','success',NULL,'2024-07-08 20:51:02','2024-07-08 20:57:00','2024-07-08 20:57:02','2024-07-08 20:57:02'),(202078,'catalog_product_frontend_actions_flush','success',NULL,'2024-07-08 20:51:02','2024-07-08 20:58:00','2024-07-08 20:58:02','2024-07-08 20:58:02'),(202079,'catalog_product_frontend_actions_flush','success',NULL,'2024-07-08 20:51:02','2024-07-08 20:59:00','2024-07-08 20:59:02','2024-07-08 20:59:02'),(202080,'catalog_product_frontend_actions_flush','success',NULL,'2024-07-08 20:51:02','2024-07-08 21:00:00','2024-07-08 21:00:02','2024-07-08 21:00:02'),(202081,'catalog_product_frontend_actions_flush','success',NULL,'2024-07-08 20:51:02','2024-07-08 21:01:00','2024-07-08 21:01:02','2024-07-08 21:01:02'),(202082,'catalog_product_frontend_actions_flush','success',NULL,'2024-07-08 20:51:02','2024-07-08 21:02:00','2024-07-08 21:02:02','2024-07-08 21:02:02'),(202083,'catalog_product_frontend_actions_flush','success',NULL,'2024-07-08 20:51:02','2024-07-08 21:03:00','2024-07-08 21:03:02','2024-07-08 21:03:02'),(202084,'catalog_product_frontend_actions_flush','success',NULL,'2024-07-08 20:51:02','2024-07-08 21:04:00','2024-07-08 21:04:02','2024-07-08 21:04:02'),(202085,'catalog_product_frontend_actions_flush','success',NULL,'2024-07-08 20:51:02','2024-07-08 21:05:00','2024-07-08 21:05:02','2024-07-08 21:05:02'),(202086,'catalog_product_frontend_actions_flush','success',NULL,'2024-07-08 20:51:02','2024-07-08 21:06:00','2024-07-08 21:06:02','2024-07-08 21:06:02'),(202087,'catalog_product_frontend_actions_flush','success',NULL,'2024-07-08 20:51:02','2024-07-08 21:07:00','2024-07-08 21:07:02','2024-07-08 21:07:02'),(202088,'catalog_product_frontend_actions_flush','success',NULL,'2024-07-08 20:51:02','2024-07-08 21:08:00','2024-07-08 21:08:02','2024-07-08 21:08:02'),(202089,'catalog_product_frontend_actions_flush','success',NULL,'2024-07-08 20:51:02','2024-07-08 21:09:00','2024-07-08 21:09:02','2024-07-08 21:09:02'),(202090,'catalog_product_frontend_actions_flush','success',NULL,'2024-07-08 20:51:02','2024-07-08 21:10:00','2024-07-08 21:10:02','2024-07-08 21:10:02'),(202091,'catalog_product_attribute_value_synchronize','success',NULL,'2024-07-08 20:51:02','2024-07-08 21:00:00','2024-07-08 21:00:02','2024-07-08 21:00:02'),(202092,'catalog_product_attribute_value_synchronize','success',NULL,'2024-07-08 20:51:02','2024-07-08 21:05:00','2024-07-08 21:05:02','2024-07-08 21:05:02'),(202093,'catalog_product_attribute_value_synchronize','success',NULL,'2024-07-08 20:51:02','2024-07-08 21:10:00','2024-07-08 21:10:02','2024-07-08 21:10:02'),(202094,'outdated_authentication_failures_cleanup','success',NULL,'2024-07-08 20:51:02','2024-07-08 20:56:00','2024-07-08 20:56:12','2024-07-08 20:56:12'),(202095,'outdated_authentication_failures_cleanup','success',NULL,'2024-07-08 20:51:02','2024-07-08 20:57:00','2024-07-08 20:57:13','2024-07-08 20:57:13'),(202096,'outdated_authentication_failures_cleanup','success',NULL,'2024-07-08 20:51:02','2024-07-08 20:58:00','2024-07-08 20:58:12','2024-07-08 20:58:12'),(202097,'outdated_authentication_failures_cleanup','success',NULL,'2024-07-08 20:51:02','2024-07-08 20:59:00','2024-07-08 20:59:13','2024-07-08 20:59:13'),(202098,'outdated_authentication_failures_cleanup','success',NULL,'2024-07-08 20:51:02','2024-07-08 21:00:00','2024-07-08 21:00:12','2024-07-08 21:00:12'),(202099,'outdated_authentication_failures_cleanup','missed','Cron Job outdated_authentication_failures_cleanup is missed at 2024-07-08 21:01:00','2024-07-08 20:51:02','2024-07-08 21:01:00',NULL,NULL),(202100,'outdated_authentication_failures_cleanup','missed','Cron Job outdated_authentication_failures_cleanup is missed at 2024-07-08 21:02:00','2024-07-08 20:51:02','2024-07-08 21:02:00',NULL,NULL),(202101,'outdated_authentication_failures_cleanup','missed','Cron Job outdated_authentication_failures_cleanup is missed at 2024-07-08 21:03:00','2024-07-08 20:51:02','2024-07-08 21:03:00',NULL,NULL),(202102,'outdated_authentication_failures_cleanup','missed','Cron Job outdated_authentication_failures_cleanup is missed at 2024-07-08 21:04:00','2024-07-08 20:51:02','2024-07-08 21:04:00',NULL,NULL),(202103,'outdated_authentication_failures_cleanup','missed','Cron Job outdated_authentication_failures_cleanup is missed at 2024-07-08 21:05:00','2024-07-08 20:51:02','2024-07-08 21:05:00',NULL,NULL),(202104,'outdated_authentication_failures_cleanup','missed','Cron Job outdated_authentication_failures_cleanup is missed at 2024-07-08 21:06:00','2024-07-08 20:51:02','2024-07-08 21:06:00',NULL,NULL),(202105,'outdated_authentication_failures_cleanup','missed','Cron Job outdated_authentication_failures_cleanup is missed at 2024-07-08 21:07:00','2024-07-08 20:51:02','2024-07-08 21:07:00',NULL,NULL),(202106,'outdated_authentication_failures_cleanup','missed','Cron Job outdated_authentication_failures_cleanup is missed at 2024-07-08 21:08:00','2024-07-08 20:51:02','2024-07-08 21:08:00',NULL,NULL),(202107,'outdated_authentication_failures_cleanup','missed','Cron Job outdated_authentication_failures_cleanup is missed at 2024-07-08 21:09:00','2024-07-08 20:51:02','2024-07-08 21:09:00',NULL,NULL),(202108,'outdated_authentication_failures_cleanup','missed','Cron Job outdated_authentication_failures_cleanup is missed at 2024-07-08 21:10:00','2024-07-08 20:51:02','2024-07-08 21:10:00',NULL,NULL),(202109,'expired_tokens_cleanup','success',NULL,'2024-07-08 20:51:02','2024-07-08 21:00:00','2024-07-08 21:00:12','2024-07-08 21:00:12'),(202110,'sales_clean_orders','success',NULL,'2024-07-08 20:51:02','2024-07-08 21:00:00','2024-07-08 21:00:12','2024-07-08 21:00:12'),(202111,'sales_grid_order_async_insert','success',NULL,'2024-07-08 20:51:02','2024-07-08 20:56:00','2024-07-08 20:56:12','2024-07-08 20:56:12'),(202112,'sales_grid_order_async_insert','success',NULL,'2024-07-08 20:51:02','2024-07-08 20:57:00','2024-07-08 20:57:13','2024-07-08 20:57:13'),(202113,'sales_grid_order_async_insert','success',NULL,'2024-07-08 20:51:02','2024-07-08 20:58:00','2024-07-08 20:58:12','2024-07-08 20:58:12'),(202114,'sales_grid_order_async_insert','success',NULL,'2024-07-08 20:51:02','2024-07-08 20:59:00','2024-07-08 20:59:13','2024-07-08 20:59:13'),(202115,'sales_grid_order_async_insert','success',NULL,'2024-07-08 20:51:02','2024-07-08 21:00:00','2024-07-08 21:00:12','2024-07-08 21:00:12'),(202116,'sales_grid_order_async_insert','missed','Cron Job sales_grid_order_async_insert is missed at 2024-07-08 21:01:00','2024-07-08 20:51:02','2024-07-08 21:01:00',NULL,NULL),(202117,'sales_grid_order_async_insert','missed','Cron Job sales_grid_order_async_insert is missed at 2024-07-08 21:02:00','2024-07-08 20:51:02','2024-07-08 21:02:00',NULL,NULL),(202118,'sales_grid_order_async_insert','missed','Cron Job sales_grid_order_async_insert is missed at 2024-07-08 21:03:00','2024-07-08 20:51:02','2024-07-08 21:03:00',NULL,NULL),(202119,'sales_grid_order_async_insert','missed','Cron Job sales_grid_order_async_insert is missed at 2024-07-08 21:04:00','2024-07-08 20:51:02','2024-07-08 21:04:00',NULL,NULL),(202120,'sales_grid_order_async_insert','missed','Cron Job sales_grid_order_async_insert is missed at 2024-07-08 21:05:00','2024-07-08 20:51:02','2024-07-08 21:05:00',NULL,NULL),(202121,'sales_grid_order_async_insert','missed','Cron Job sales_grid_order_async_insert is missed at 2024-07-08 21:06:00','2024-07-08 20:51:02','2024-07-08 21:06:00',NULL,NULL),(202122,'sales_grid_order_async_insert','missed','Cron Job sales_grid_order_async_insert is missed at 2024-07-08 21:07:00','2024-07-08 20:51:02','2024-07-08 21:07:00',NULL,NULL),(202123,'sales_grid_order_async_insert','missed','Cron Job sales_grid_order_async_insert is missed at 2024-07-08 21:08:00','2024-07-08 20:51:02','2024-07-08 21:08:00',NULL,NULL),(202124,'sales_grid_order_async_insert','missed','Cron Job sales_grid_order_async_insert is missed at 2024-07-08 21:09:00','2024-07-08 20:51:02','2024-07-08 21:09:00',NULL,NULL),(202125,'sales_grid_order_async_insert','missed','Cron Job sales_grid_order_async_insert is missed at 2024-07-08 21:10:00','2024-07-08 20:51:02','2024-07-08 21:10:00',NULL,NULL),(202126,'sales_grid_order_invoice_async_insert','success',NULL,'2024-07-08 20:51:02','2024-07-08 20:56:00','2024-07-08 20:56:12','2024-07-08 20:56:12'),(202127,'sales_grid_order_invoice_async_insert','success',NULL,'2024-07-08 20:51:02','2024-07-08 20:57:00','2024-07-08 20:57:13','2024-07-08 20:57:13'),(202128,'sales_grid_order_invoice_async_insert','success',NULL,'2024-07-08 20:51:02','2024-07-08 20:58:00','2024-07-08 20:58:12','2024-07-08 20:58:12'),(202129,'sales_grid_order_invoice_async_insert','success',NULL,'2024-07-08 20:51:02','2024-07-08 20:59:00','2024-07-08 20:59:13','2024-07-08 20:59:13'),(202130,'sales_grid_order_invoice_async_insert','success',NULL,'2024-07-08 20:51:02','2024-07-08 21:00:00','2024-07-08 21:00:12','2024-07-08 21:00:12'),(202131,'sales_grid_order_invoice_async_insert','missed','Cron Job sales_grid_order_invoice_async_insert is missed at 2024-07-08 21:01:00','2024-07-08 20:51:02','2024-07-08 21:01:00',NULL,NULL),(202132,'sales_grid_order_invoice_async_insert','missed','Cron Job sales_grid_order_invoice_async_insert is missed at 2024-07-08 21:02:00','2024-07-08 20:51:02','2024-07-08 21:02:00',NULL,NULL),(202133,'sales_grid_order_invoice_async_insert','missed','Cron Job sales_grid_order_invoice_async_insert is missed at 2024-07-08 21:03:00','2024-07-08 20:51:02','2024-07-08 21:03:00',NULL,NULL),(202134,'sales_grid_order_invoice_async_insert','missed','Cron Job sales_grid_order_invoice_async_insert is missed at 2024-07-08 21:04:00','2024-07-08 20:51:02','2024-07-08 21:04:00',NULL,NULL),(202135,'sales_grid_order_invoice_async_insert','missed','Cron Job sales_grid_order_invoice_async_insert is missed at 2024-07-08 21:05:00','2024-07-08 20:51:02','2024-07-08 21:05:00',NULL,NULL),(202136,'sales_grid_order_invoice_async_insert','missed','Cron Job sales_grid_order_invoice_async_insert is missed at 2024-07-08 21:06:00','2024-07-08 20:51:02','2024-07-08 21:06:00',NULL,NULL),(202137,'sales_grid_order_invoice_async_insert','missed','Cron Job sales_grid_order_invoice_async_insert is missed at 2024-07-08 21:07:00','2024-07-08 20:51:02','2024-07-08 21:07:00',NULL,NULL),(202138,'sales_grid_order_invoice_async_insert','missed','Cron Job sales_grid_order_invoice_async_insert is missed at 2024-07-08 21:08:00','2024-07-08 20:51:02','2024-07-08 21:08:00',NULL,NULL),(202139,'sales_grid_order_invoice_async_insert','missed','Cron Job sales_grid_order_invoice_async_insert is missed at 2024-07-08 21:09:00','2024-07-08 20:51:02','2024-07-08 21:09:00',NULL,NULL),(202140,'sales_grid_order_invoice_async_insert','missed','Cron Job sales_grid_order_invoice_async_insert is missed at 2024-07-08 21:10:00','2024-07-08 20:51:02','2024-07-08 21:10:00',NULL,NULL),(202141,'sales_grid_order_shipment_async_insert','success',NULL,'2024-07-08 20:51:02','2024-07-08 20:56:00','2024-07-08 20:56:12','2024-07-08 20:56:12'),(202142,'sales_grid_order_shipment_async_insert','success',NULL,'2024-07-08 20:51:02','2024-07-08 20:57:00','2024-07-08 20:57:13','2024-07-08 20:57:13'),(202143,'sales_grid_order_shipment_async_insert','success',NULL,'2024-07-08 20:51:02','2024-07-08 20:58:00','2024-07-08 20:58:12','2024-07-08 20:58:12'),(202144,'sales_grid_order_shipment_async_insert','success',NULL,'2024-07-08 20:51:02','2024-07-08 20:59:00','2024-07-08 20:59:13','2024-07-08 20:59:13'),(202145,'sales_grid_order_shipment_async_insert','success',NULL,'2024-07-08 20:51:02','2024-07-08 21:00:00','2024-07-08 21:00:12','2024-07-08 21:00:12'),(202146,'sales_grid_order_shipment_async_insert','missed','Cron Job sales_grid_order_shipment_async_insert is missed at 2024-07-08 21:01:00','2024-07-08 20:51:02','2024-07-08 21:01:00',NULL,NULL),(202147,'sales_grid_order_shipment_async_insert','missed','Cron Job sales_grid_order_shipment_async_insert is missed at 2024-07-08 21:02:00','2024-07-08 20:51:02','2024-07-08 21:02:00',NULL,NULL),(202148,'sales_grid_order_shipment_async_insert','missed','Cron Job sales_grid_order_shipment_async_insert is missed at 2024-07-08 21:03:00','2024-07-08 20:51:02','2024-07-08 21:03:00',NULL,NULL),(202149,'sales_grid_order_shipment_async_insert','missed','Cron Job sales_grid_order_shipment_async_insert is missed at 2024-07-08 21:04:00','2024-07-08 20:51:02','2024-07-08 21:04:00',NULL,NULL),(202150,'sales_grid_order_shipment_async_insert','missed','Cron Job sales_grid_order_shipment_async_insert is missed at 2024-07-08 21:05:00','2024-07-08 20:51:02','2024-07-08 21:05:00',NULL,NULL),(202151,'sales_grid_order_shipment_async_insert','missed','Cron Job sales_grid_order_shipment_async_insert is missed at 2024-07-08 21:06:00','2024-07-08 20:51:02','2024-07-08 21:06:00',NULL,NULL),(202152,'sales_grid_order_shipment_async_insert','missed','Cron Job sales_grid_order_shipment_async_insert is missed at 2024-07-08 21:07:00','2024-07-08 20:51:02','2024-07-08 21:07:00',NULL,NULL),(202153,'sales_grid_order_shipment_async_insert','missed','Cron Job sales_grid_order_shipment_async_insert is missed at 2024-07-08 21:08:00','2024-07-08 20:51:02','2024-07-08 21:08:00',NULL,NULL),(202154,'sales_grid_order_shipment_async_insert','missed','Cron Job sales_grid_order_shipment_async_insert is missed at 2024-07-08 21:09:00','2024-07-08 20:51:02','2024-07-08 21:09:00',NULL,NULL),(202155,'sales_grid_order_shipment_async_insert','missed','Cron Job sales_grid_order_shipment_async_insert is missed at 2024-07-08 21:10:00','2024-07-08 20:51:02','2024-07-08 21:10:00',NULL,NULL),(202156,'sales_grid_order_creditmemo_async_insert','success',NULL,'2024-07-08 20:51:02','2024-07-08 20:56:00','2024-07-08 20:56:12','2024-07-08 20:56:12'),(202157,'sales_grid_order_creditmemo_async_insert','success',NULL,'2024-07-08 20:51:02','2024-07-08 20:57:00','2024-07-08 20:57:13','2024-07-08 20:57:13'),(202158,'sales_grid_order_creditmemo_async_insert','success',NULL,'2024-07-08 20:51:02','2024-07-08 20:58:00','2024-07-08 20:58:12','2024-07-08 20:58:12'),(202159,'sales_grid_order_creditmemo_async_insert','success',NULL,'2024-07-08 20:51:02','2024-07-08 20:59:00','2024-07-08 20:59:13','2024-07-08 20:59:13'),(202160,'sales_grid_order_creditmemo_async_insert','success',NULL,'2024-07-08 20:51:02','2024-07-08 21:00:00','2024-07-08 21:00:12','2024-07-08 21:00:12'),(202161,'sales_grid_order_creditmemo_async_insert','missed','Cron Job sales_grid_order_creditmemo_async_insert is missed at 2024-07-08 21:01:00','2024-07-08 20:51:02','2024-07-08 21:01:00',NULL,NULL),(202162,'sales_grid_order_creditmemo_async_insert','missed','Cron Job sales_grid_order_creditmemo_async_insert is missed at 2024-07-08 21:02:00','2024-07-08 20:51:02','2024-07-08 21:02:00',NULL,NULL),(202163,'sales_grid_order_creditmemo_async_insert','missed','Cron Job sales_grid_order_creditmemo_async_insert is missed at 2024-07-08 21:03:00','2024-07-08 20:51:02','2024-07-08 21:03:00',NULL,NULL),(202164,'sales_grid_order_creditmemo_async_insert','missed','Cron Job sales_grid_order_creditmemo_async_insert is missed at 2024-07-08 21:04:00','2024-07-08 20:51:02','2024-07-08 21:04:00',NULL,NULL),(202165,'sales_grid_order_creditmemo_async_insert','missed','Cron Job sales_grid_order_creditmemo_async_insert is missed at 2024-07-08 21:05:00','2024-07-08 20:51:02','2024-07-08 21:05:00',NULL,NULL),(202166,'sales_grid_order_creditmemo_async_insert','missed','Cron Job sales_grid_order_creditmemo_async_insert is missed at 2024-07-08 21:06:00','2024-07-08 20:51:02','2024-07-08 21:06:00',NULL,NULL),(202167,'sales_grid_order_creditmemo_async_insert','missed','Cron Job sales_grid_order_creditmemo_async_insert is missed at 2024-07-08 21:07:00','2024-07-08 20:51:02','2024-07-08 21:07:00',NULL,NULL),(202168,'sales_grid_order_creditmemo_async_insert','missed','Cron Job sales_grid_order_creditmemo_async_insert is missed at 2024-07-08 21:08:00','2024-07-08 20:51:02','2024-07-08 21:08:00',NULL,NULL),(202169,'sales_grid_order_creditmemo_async_insert','missed','Cron Job sales_grid_order_creditmemo_async_insert is missed at 2024-07-08 21:09:00','2024-07-08 20:51:02','2024-07-08 21:09:00',NULL,NULL),(202170,'sales_grid_order_creditmemo_async_insert','missed','Cron Job sales_grid_order_creditmemo_async_insert is missed at 2024-07-08 21:10:00','2024-07-08 20:51:02','2024-07-08 21:10:00',NULL,NULL),(202171,'sales_send_order_emails','success',NULL,'2024-07-08 20:51:02','2024-07-08 20:56:00','2024-07-08 20:56:12','2024-07-08 20:56:12'),(202172,'sales_send_order_emails','success',NULL,'2024-07-08 20:51:02','2024-07-08 20:57:00','2024-07-08 20:57:13','2024-07-08 20:57:13'),(202173,'sales_send_order_emails','success',NULL,'2024-07-08 20:51:02','2024-07-08 20:58:00','2024-07-08 20:58:12','2024-07-08 20:58:12'),(202174,'sales_send_order_emails','success',NULL,'2024-07-08 20:51:02','2024-07-08 20:59:00','2024-07-08 20:59:13','2024-07-08 20:59:13'),(202175,'sales_send_order_emails','success',NULL,'2024-07-08 20:51:02','2024-07-08 21:00:00','2024-07-08 21:00:12','2024-07-08 21:00:12'),(202176,'sales_send_order_emails','missed','Cron Job sales_send_order_emails is missed at 2024-07-08 21:01:00','2024-07-08 20:51:02','2024-07-08 21:01:00',NULL,NULL),(202177,'sales_send_order_emails','missed','Cron Job sales_send_order_emails is missed at 2024-07-08 21:02:00','2024-07-08 20:51:02','2024-07-08 21:02:00',NULL,NULL),(202178,'sales_send_order_emails','missed','Cron Job sales_send_order_emails is missed at 2024-07-08 21:03:00','2024-07-08 20:51:02','2024-07-08 21:03:00',NULL,NULL),(202179,'sales_send_order_emails','missed','Cron Job sales_send_order_emails is missed at 2024-07-08 21:04:00','2024-07-08 20:51:02','2024-07-08 21:04:00',NULL,NULL),(202180,'sales_send_order_emails','missed','Cron Job sales_send_order_emails is missed at 2024-07-08 21:05:00','2024-07-08 20:51:02','2024-07-08 21:05:00',NULL,NULL),(202181,'sales_send_order_emails','missed','Cron Job sales_send_order_emails is missed at 2024-07-08 21:06:00','2024-07-08 20:51:02','2024-07-08 21:06:00',NULL,NULL),(202182,'sales_send_order_emails','missed','Cron Job sales_send_order_emails is missed at 2024-07-08 21:07:00','2024-07-08 20:51:02','2024-07-08 21:07:00',NULL,NULL),(202183,'sales_send_order_emails','missed','Cron Job sales_send_order_emails is missed at 2024-07-08 21:08:00','2024-07-08 20:51:02','2024-07-08 21:08:00',NULL,NULL),(202184,'sales_send_order_emails','missed','Cron Job sales_send_order_emails is missed at 2024-07-08 21:09:00','2024-07-08 20:51:02','2024-07-08 21:09:00',NULL,NULL),(202185,'sales_send_order_emails','missed','Cron Job sales_send_order_emails is missed at 2024-07-08 21:10:00','2024-07-08 20:51:02','2024-07-08 21:10:00',NULL,NULL),(202186,'sales_send_order_invoice_emails','success',NULL,'2024-07-08 20:51:02','2024-07-08 20:56:00','2024-07-08 20:56:12','2024-07-08 20:56:12'),(202187,'sales_send_order_invoice_emails','success',NULL,'2024-07-08 20:51:02','2024-07-08 20:57:00','2024-07-08 20:57:13','2024-07-08 20:57:13'),(202188,'sales_send_order_invoice_emails','success',NULL,'2024-07-08 20:51:02','2024-07-08 20:58:00','2024-07-08 20:58:12','2024-07-08 20:58:12'),(202189,'sales_send_order_invoice_emails','success',NULL,'2024-07-08 20:51:02','2024-07-08 20:59:00','2024-07-08 20:59:13','2024-07-08 20:59:13'),(202190,'sales_send_order_invoice_emails','success',NULL,'2024-07-08 20:51:02','2024-07-08 21:00:00','2024-07-08 21:00:12','2024-07-08 21:00:12'),(202191,'sales_send_order_invoice_emails','missed','Cron Job sales_send_order_invoice_emails is missed at 2024-07-08 21:01:00','2024-07-08 20:51:02','2024-07-08 21:01:00',NULL,NULL),(202192,'sales_send_order_invoice_emails','missed','Cron Job sales_send_order_invoice_emails is missed at 2024-07-08 21:02:00','2024-07-08 20:51:02','2024-07-08 21:02:00',NULL,NULL),(202193,'sales_send_order_invoice_emails','missed','Cron Job sales_send_order_invoice_emails is missed at 2024-07-08 21:03:00','2024-07-08 20:51:02','2024-07-08 21:03:00',NULL,NULL),(202194,'sales_send_order_invoice_emails','missed','Cron Job sales_send_order_invoice_emails is missed at 2024-07-08 21:04:00','2024-07-08 20:51:02','2024-07-08 21:04:00',NULL,NULL),(202195,'sales_send_order_invoice_emails','missed','Cron Job sales_send_order_invoice_emails is missed at 2024-07-08 21:05:00','2024-07-08 20:51:02','2024-07-08 21:05:00',NULL,NULL),(202196,'sales_send_order_invoice_emails','missed','Cron Job sales_send_order_invoice_emails is missed at 2024-07-08 21:06:00','2024-07-08 20:51:02','2024-07-08 21:06:00',NULL,NULL),(202197,'sales_send_order_invoice_emails','missed','Cron Job sales_send_order_invoice_emails is missed at 2024-07-08 21:07:00','2024-07-08 20:51:02','2024-07-08 21:07:00',NULL,NULL),(202198,'sales_send_order_invoice_emails','missed','Cron Job sales_send_order_invoice_emails is missed at 2024-07-08 21:08:00','2024-07-08 20:51:02','2024-07-08 21:08:00',NULL,NULL),(202199,'sales_send_order_invoice_emails','missed','Cron Job sales_send_order_invoice_emails is missed at 2024-07-08 21:09:00','2024-07-08 20:51:02','2024-07-08 21:09:00',NULL,NULL),(202200,'sales_send_order_invoice_emails','missed','Cron Job sales_send_order_invoice_emails is missed at 2024-07-08 21:10:00','2024-07-08 20:51:02','2024-07-08 21:10:00',NULL,NULL),(202201,'sales_send_order_shipment_emails','success',NULL,'2024-07-08 20:51:02','2024-07-08 20:56:00','2024-07-08 20:56:12','2024-07-08 20:56:12'),(202202,'sales_send_order_shipment_emails','success',NULL,'2024-07-08 20:51:02','2024-07-08 20:57:00','2024-07-08 20:57:13','2024-07-08 20:57:13'),(202203,'sales_send_order_shipment_emails','success',NULL,'2024-07-08 20:51:02','2024-07-08 20:58:00','2024-07-08 20:58:12','2024-07-08 20:58:12'),(202204,'sales_send_order_shipment_emails','success',NULL,'2024-07-08 20:51:02','2024-07-08 20:59:00','2024-07-08 20:59:13','2024-07-08 20:59:13'),(202205,'sales_send_order_shipment_emails','success',NULL,'2024-07-08 20:51:02','2024-07-08 21:00:00','2024-07-08 21:00:12','2024-07-08 21:00:12'),(202206,'sales_send_order_shipment_emails','missed','Cron Job sales_send_order_shipment_emails is missed at 2024-07-08 21:01:00','2024-07-08 20:51:02','2024-07-08 21:01:00',NULL,NULL),(202207,'sales_send_order_shipment_emails','missed','Cron Job sales_send_order_shipment_emails is missed at 2024-07-08 21:02:00','2024-07-08 20:51:02','2024-07-08 21:02:00',NULL,NULL),(202208,'sales_send_order_shipment_emails','missed','Cron Job sales_send_order_shipment_emails is missed at 2024-07-08 21:03:00','2024-07-08 20:51:02','2024-07-08 21:03:00',NULL,NULL),(202209,'sales_send_order_shipment_emails','missed','Cron Job sales_send_order_shipment_emails is missed at 2024-07-08 21:04:00','2024-07-08 20:51:02','2024-07-08 21:04:00',NULL,NULL),(202210,'sales_send_order_shipment_emails','missed','Cron Job sales_send_order_shipment_emails is missed at 2024-07-08 21:05:00','2024-07-08 20:51:02','2024-07-08 21:05:00',NULL,NULL),(202211,'sales_send_order_shipment_emails','missed','Cron Job sales_send_order_shipment_emails is missed at 2024-07-08 21:06:00','2024-07-08 20:51:02','2024-07-08 21:06:00',NULL,NULL),(202212,'sales_send_order_shipment_emails','missed','Cron Job sales_send_order_shipment_emails is missed at 2024-07-08 21:07:00','2024-07-08 20:51:02','2024-07-08 21:07:00',NULL,NULL),(202213,'sales_send_order_shipment_emails','missed','Cron Job sales_send_order_shipment_emails is missed at 2024-07-08 21:08:00','2024-07-08 20:51:02','2024-07-08 21:08:00',NULL,NULL),(202214,'sales_send_order_shipment_emails','missed','Cron Job sales_send_order_shipment_emails is missed at 2024-07-08 21:09:00','2024-07-08 20:51:02','2024-07-08 21:09:00',NULL,NULL),(202215,'sales_send_order_shipment_emails','missed','Cron Job sales_send_order_shipment_emails is missed at 2024-07-08 21:10:00','2024-07-08 20:51:02','2024-07-08 21:10:00',NULL,NULL),(202216,'sales_send_order_creditmemo_emails','success',NULL,'2024-07-08 20:51:02','2024-07-08 20:56:00','2024-07-08 20:56:12','2024-07-08 20:56:12'),(202217,'sales_send_order_creditmemo_emails','success',NULL,'2024-07-08 20:51:02','2024-07-08 20:57:00','2024-07-08 20:57:13','2024-07-08 20:57:13'),(202218,'sales_send_order_creditmemo_emails','success',NULL,'2024-07-08 20:51:02','2024-07-08 20:58:00','2024-07-08 20:58:12','2024-07-08 20:58:12'),(202219,'sales_send_order_creditmemo_emails','success',NULL,'2024-07-08 20:51:02','2024-07-08 20:59:00','2024-07-08 20:59:13','2024-07-08 20:59:13'),(202220,'sales_send_order_creditmemo_emails','success',NULL,'2024-07-08 20:51:02','2024-07-08 21:00:00','2024-07-08 21:00:12','2024-07-08 21:00:12'),(202221,'sales_send_order_creditmemo_emails','missed','Cron Job sales_send_order_creditmemo_emails is missed at 2024-07-08 21:01:00','2024-07-08 20:51:02','2024-07-08 21:01:00',NULL,NULL),(202222,'sales_send_order_creditmemo_emails','missed','Cron Job sales_send_order_creditmemo_emails is missed at 2024-07-08 21:02:00','2024-07-08 20:51:02','2024-07-08 21:02:00',NULL,NULL),(202223,'sales_send_order_creditmemo_emails','missed','Cron Job sales_send_order_creditmemo_emails is missed at 2024-07-08 21:03:00','2024-07-08 20:51:02','2024-07-08 21:03:00',NULL,NULL),(202224,'sales_send_order_creditmemo_emails','missed','Cron Job sales_send_order_creditmemo_emails is missed at 2024-07-08 21:04:00','2024-07-08 20:51:02','2024-07-08 21:04:00',NULL,NULL),(202225,'sales_send_order_creditmemo_emails','missed','Cron Job sales_send_order_creditmemo_emails is missed at 2024-07-08 21:05:00','2024-07-08 20:51:02','2024-07-08 21:05:00',NULL,NULL),(202226,'sales_send_order_creditmemo_emails','missed','Cron Job sales_send_order_creditmemo_emails is missed at 2024-07-08 21:06:00','2024-07-08 20:51:02','2024-07-08 21:06:00',NULL,NULL),(202227,'sales_send_order_creditmemo_emails','missed','Cron Job sales_send_order_creditmemo_emails is missed at 2024-07-08 21:07:00','2024-07-08 20:51:02','2024-07-08 21:07:00',NULL,NULL),(202228,'sales_send_order_creditmemo_emails','missed','Cron Job sales_send_order_creditmemo_emails is missed at 2024-07-08 21:08:00','2024-07-08 20:51:02','2024-07-08 21:08:00',NULL,NULL),(202229,'sales_send_order_creditmemo_emails','missed','Cron Job sales_send_order_creditmemo_emails is missed at 2024-07-08 21:09:00','2024-07-08 20:51:02','2024-07-08 21:09:00',NULL,NULL),(202230,'sales_send_order_creditmemo_emails','missed','Cron Job sales_send_order_creditmemo_emails is missed at 2024-07-08 21:10:00','2024-07-08 20:51:02','2024-07-08 21:10:00',NULL,NULL),(202231,'captcha_delete_old_attempts','success',NULL,'2024-07-08 20:51:02','2024-07-08 21:00:00','2024-07-08 21:00:02','2024-07-08 21:00:02'),(202232,'captcha_delete_expired_images','success',NULL,'2024-07-08 20:51:02','2024-07-08 21:00:00','2024-07-08 21:00:02','2024-07-08 21:00:02'),(202233,'captcha_delete_expired_images','success',NULL,'2024-07-08 20:51:02','2024-07-08 21:10:00','2024-07-08 21:10:02','2024-07-08 21:10:02'),(202234,'inventory_in_store_pickup_sales_send_order_notified_emails','success',NULL,'2024-07-08 20:51:02','2024-07-08 20:56:00','2024-07-08 20:56:12','2024-07-08 20:56:12'),(202235,'inventory_in_store_pickup_sales_send_order_notified_emails','success',NULL,'2024-07-08 20:51:02','2024-07-08 20:57:00','2024-07-08 20:57:13','2024-07-08 20:57:13'),(202236,'inventory_in_store_pickup_sales_send_order_notified_emails','success',NULL,'2024-07-08 20:51:02','2024-07-08 20:58:00','2024-07-08 20:58:12','2024-07-08 20:58:12'),(202237,'inventory_in_store_pickup_sales_send_order_notified_emails','success',NULL,'2024-07-08 20:51:02','2024-07-08 20:59:00','2024-07-08 20:59:13','2024-07-08 20:59:13'),(202238,'inventory_in_store_pickup_sales_send_order_notified_emails','success',NULL,'2024-07-08 20:51:02','2024-07-08 21:00:00','2024-07-08 21:00:12','2024-07-08 21:00:12'),(202239,'inventory_in_store_pickup_sales_send_order_notified_emails','success',NULL,'2024-07-08 20:51:02','2024-07-08 21:01:00','2024-07-08 21:01:13','2024-07-08 21:01:13'),(202240,'inventory_in_store_pickup_sales_send_order_notified_emails','success',NULL,'2024-07-08 20:51:02','2024-07-08 21:02:00','2024-07-08 21:02:12','2024-07-08 21:02:12'),(202241,'inventory_in_store_pickup_sales_send_order_notified_emails','success',NULL,'2024-07-08 20:51:02','2024-07-08 21:03:00','2024-07-08 21:03:14','2024-07-08 21:03:14'),(202242,'inventory_in_store_pickup_sales_send_order_notified_emails','success',NULL,'2024-07-08 20:51:02','2024-07-08 21:04:00','2024-07-08 21:04:12','2024-07-08 21:04:12'),(202243,'inventory_in_store_pickup_sales_send_order_notified_emails','success',NULL,'2024-07-08 20:51:02','2024-07-08 21:05:00','2024-07-08 21:05:14','2024-07-08 21:05:14'),(202244,'inventory_in_store_pickup_sales_send_order_notified_emails','success',NULL,'2024-07-08 20:51:02','2024-07-08 21:06:00','2024-07-08 21:06:12','2024-07-08 21:06:12'),(202245,'inventory_in_store_pickup_sales_send_order_notified_emails','success',NULL,'2024-07-08 20:51:02','2024-07-08 21:07:00','2024-07-08 21:07:11','2024-07-08 21:07:11'),(202246,'inventory_in_store_pickup_sales_send_order_notified_emails','success',NULL,'2024-07-08 20:51:02','2024-07-08 21:08:00','2024-07-08 21:08:13','2024-07-08 21:08:13'),(202247,'inventory_in_store_pickup_sales_send_order_notified_emails','success',NULL,'2024-07-08 20:51:02','2024-07-08 21:09:00','2024-07-08 21:09:11','2024-07-08 21:09:11'),(202248,'inventory_in_store_pickup_sales_send_order_notified_emails','success',NULL,'2024-07-08 20:51:02','2024-07-08 21:10:00','2024-07-08 21:10:13','2024-07-08 21:10:13'),(202249,'messagequeue_clean_outdated_locks','success',NULL,'2024-07-08 20:51:02','2024-07-08 21:00:00','2024-07-08 21:00:12','2024-07-08 21:00:12'),(202250,'magento_newrelicreporting_cron','success',NULL,'2024-07-08 20:51:02','2024-07-08 20:56:00','2024-07-08 20:56:12','2024-07-08 20:56:12'),(202251,'magento_newrelicreporting_cron','success',NULL,'2024-07-08 20:51:02','2024-07-08 20:58:00','2024-07-08 20:58:12','2024-07-08 20:58:12'),(202252,'magento_newrelicreporting_cron','success',NULL,'2024-07-08 20:51:02','2024-07-08 21:00:00','2024-07-08 21:00:12','2024-07-08 21:00:12'),(202253,'magento_newrelicreporting_cron','missed','Cron Job magento_newrelicreporting_cron is missed at 2024-07-08 21:02:00','2024-07-08 20:51:02','2024-07-08 21:02:00',NULL,NULL),(202254,'magento_newrelicreporting_cron','missed','Cron Job magento_newrelicreporting_cron is missed at 2024-07-08 21:04:00','2024-07-08 20:51:02','2024-07-08 21:04:00',NULL,NULL),(202255,'magento_newrelicreporting_cron','missed','Cron Job magento_newrelicreporting_cron is missed at 2024-07-08 21:06:00','2024-07-08 20:51:02','2024-07-08 21:06:00',NULL,NULL),(202256,'magento_newrelicreporting_cron','missed','Cron Job magento_newrelicreporting_cron is missed at 2024-07-08 21:08:00','2024-07-08 20:51:02','2024-07-08 21:08:00',NULL,NULL),(202257,'magento_newrelicreporting_cron','missed','Cron Job magento_newrelicreporting_cron is missed at 2024-07-08 21:10:00','2024-07-08 20:51:02','2024-07-08 21:10:00',NULL,NULL),(202258,'newsletter_send_all','success',NULL,'2024-07-08 20:51:02','2024-07-08 21:00:00','2024-07-08 21:00:12','2024-07-08 21:00:12'),(202259,'newsletter_send_all','missed','Cron Job newsletter_send_all is missed at 2024-07-08 21:05:00','2024-07-08 20:51:02','2024-07-08 21:05:00',NULL,NULL),(202260,'newsletter_send_all','missed','Cron Job newsletter_send_all is missed at 2024-07-08 21:10:00','2024-07-08 20:51:02','2024-07-08 21:10:00',NULL,NULL),(202261,'bulk_cleanup','success',NULL,'2024-07-08 20:51:02','2024-07-08 20:56:00','2024-07-08 20:56:02','2024-07-08 20:56:02'),(202262,'bulk_cleanup','success',NULL,'2024-07-08 20:51:02','2024-07-08 20:57:00','2024-07-08 20:57:02','2024-07-08 20:57:02'),(202263,'bulk_cleanup','success',NULL,'2024-07-08 20:51:02','2024-07-08 20:58:00','2024-07-08 20:58:02','2024-07-08 20:58:02'),(202264,'bulk_cleanup','success',NULL,'2024-07-08 20:51:02','2024-07-08 20:59:00','2024-07-08 20:59:02','2024-07-08 20:59:02'),(202265,'bulk_cleanup','success',NULL,'2024-07-08 20:51:02','2024-07-08 21:00:00','2024-07-08 21:00:02','2024-07-08 21:00:02'),(202266,'bulk_cleanup','success',NULL,'2024-07-08 20:51:02','2024-07-08 21:01:00','2024-07-08 21:01:02','2024-07-08 21:01:02'),(202267,'bulk_cleanup','success',NULL,'2024-07-08 20:51:02','2024-07-08 21:02:00','2024-07-08 21:02:02','2024-07-08 21:02:02'),(202268,'bulk_cleanup','success',NULL,'2024-07-08 20:51:02','2024-07-08 21:03:00','2024-07-08 21:03:02','2024-07-08 21:03:02'),(202269,'bulk_cleanup','success',NULL,'2024-07-08 20:51:02','2024-07-08 21:04:00','2024-07-08 21:04:02','2024-07-08 21:04:02'),(202270,'bulk_cleanup','success',NULL,'2024-07-08 20:51:02','2024-07-08 21:05:00','2024-07-08 21:05:02','2024-07-08 21:05:02'),(202271,'bulk_cleanup','success',NULL,'2024-07-08 20:51:02','2024-07-08 21:06:00','2024-07-08 21:06:02','2024-07-08 21:06:02'),(202272,'bulk_cleanup','success',NULL,'2024-07-08 20:51:02','2024-07-08 21:07:00','2024-07-08 21:07:02','2024-07-08 21:07:02'),(202273,'bulk_cleanup','success',NULL,'2024-07-08 20:51:02','2024-07-08 21:08:00','2024-07-08 21:08:02','2024-07-08 21:08:02'),(202274,'bulk_cleanup','success',NULL,'2024-07-08 20:51:02','2024-07-08 21:09:00','2024-07-08 21:09:02','2024-07-08 21:09:02'),(202275,'bulk_cleanup','success',NULL,'2024-07-08 20:51:02','2024-07-08 21:10:00','2024-07-08 21:10:02','2024-07-08 21:10:02'),(202276,'bulk_mark_incomplete_operations_as_failed','success',NULL,'2024-07-08 20:51:02','2024-07-08 21:00:00','2024-07-08 21:00:02','2024-07-08 21:00:02'),(202277,'bulk_mark_incomplete_operations_as_failed','success',NULL,'2024-07-08 20:51:02','2024-07-08 21:10:00','2024-07-08 21:10:02','2024-07-08 21:10:02'),(202278,'katalyst_shirt_cron','error','SQLSTATE[42S02]: Base table or view not found: 1146 Table \'ecom.generation_cmd\' doesn\'t exist, query was: SELECT `id`, `flag`, `cmd` FROM generation_cmd WHERE `flag`=0 ORDER BY id ASC','2024-07-08 20:51:02','2024-07-08 21:01:00','2024-07-08 21:01:13',NULL),(202279,'cron_for_fabric_generation','error','Warning: file_get_contents(): php_network_getaddresses: getaddrinfo for s3.eu-west-2.amazonaws.com failed: Temporary failure in name resolution in /var/www/html/ecom/app/code/Suit/SuitTool/Cron/Fabric.php on line 37','2024-07-08 20:51:02','2024-07-08 20:56:00','2024-07-08 20:56:02',NULL),(202280,'cron_for_fabric_generation','error','Warning: file_get_contents(): php_network_getaddresses: getaddrinfo for s3.eu-west-2.amazonaws.com failed: Temporary failure in name resolution in /var/www/html/ecom/app/code/Suit/SuitTool/Cron/Fabric.php on line 37','2024-07-08 20:51:02','2024-07-08 20:57:00','2024-07-08 20:57:02',NULL),(202281,'cron_for_fabric_generation','error','Warning: file_get_contents(): php_network_getaddresses: getaddrinfo for s3.eu-west-2.amazonaws.com failed: Temporary failure in name resolution in /var/www/html/ecom/app/code/Suit/SuitTool/Cron/Fabric.php on line 37','2024-07-08 20:51:02','2024-07-08 20:58:00','2024-07-08 20:58:02',NULL),(202282,'cron_for_fabric_generation','error','Warning: file_get_contents(): php_network_getaddresses: getaddrinfo for s3.eu-west-2.amazonaws.com failed: Temporary failure in name resolution in /var/www/html/ecom/app/code/Suit/SuitTool/Cron/Fabric.php on line 37','2024-07-08 20:51:02','2024-07-08 20:59:00','2024-07-08 20:59:02',NULL),(202283,'cron_for_fabric_generation','error','Warning: file_get_contents(): php_network_getaddresses: getaddrinfo for s3.eu-west-2.amazonaws.com failed: Temporary failure in name resolution in /var/www/html/ecom/app/code/Suit/SuitTool/Cron/Fabric.php on line 37','2024-07-08 20:51:02','2024-07-08 21:00:00','2024-07-08 21:00:02',NULL),(202284,'cron_for_fabric_generation','error','Warning: file_get_contents(): php_network_getaddresses: getaddrinfo for s3.eu-west-2.amazonaws.com failed: Temporary failure in name resolution in /var/www/html/ecom/app/code/Suit/SuitTool/Cron/Fabric.php on line 37','2024-07-08 20:51:02','2024-07-08 21:01:00','2024-07-08 21:01:02',NULL),(202285,'cron_for_fabric_generation','error','Warning: file_get_contents(): php_network_getaddresses: getaddrinfo for s3.eu-west-2.amazonaws.com failed: Temporary failure in name resolution in /var/www/html/ecom/app/code/Suit/SuitTool/Cron/Fabric.php on line 37','2024-07-08 20:51:02','2024-07-08 21:02:00','2024-07-08 21:02:02',NULL),(202286,'cron_for_fabric_generation','error','Warning: file_get_contents(): php_network_getaddresses: getaddrinfo for s3.eu-west-2.amazonaws.com failed: Temporary failure in name resolution in /var/www/html/ecom/app/code/Suit/SuitTool/Cron/Fabric.php on line 37','2024-07-08 20:51:02','2024-07-08 21:03:00','2024-07-08 21:03:02',NULL),(202287,'cron_for_fabric_generation','error','Warning: file_get_contents(): php_network_getaddresses: getaddrinfo for s3.eu-west-2.amazonaws.com failed: Temporary failure in name resolution in /var/www/html/ecom/app/code/Suit/SuitTool/Cron/Fabric.php on line 37','2024-07-08 20:51:02','2024-07-08 21:04:00','2024-07-08 21:04:02',NULL),(202288,'cron_for_fabric_generation','error','Warning: file_get_contents(): php_network_getaddresses: getaddrinfo for s3.eu-west-2.amazonaws.com failed: Temporary failure in name resolution in /var/www/html/ecom/app/code/Suit/SuitTool/Cron/Fabric.php on line 37','2024-07-08 20:51:02','2024-07-08 21:05:00','2024-07-08 21:05:02',NULL),(202289,'cron_for_fabric_generation','error','Warning: file_get_contents(): php_network_getaddresses: getaddrinfo for s3.eu-west-2.amazonaws.com failed: Temporary failure in name resolution in /var/www/html/ecom/app/code/Suit/SuitTool/Cron/Fabric.php on line 37','2024-07-08 20:51:02','2024-07-08 21:06:00','2024-07-08 21:06:02',NULL),(202290,'cron_for_fabric_generation','error','Warning: file_get_contents(): php_network_getaddresses: getaddrinfo for s3.eu-west-2.amazonaws.com failed: Temporary failure in name resolution in /var/www/html/ecom/app/code/Suit/SuitTool/Cron/Fabric.php on line 37','2024-07-08 20:51:02','2024-07-08 21:07:00','2024-07-08 21:07:02',NULL),(202291,'cron_for_fabric_generation','error','Warning: file_get_contents(): php_network_getaddresses: getaddrinfo for s3.eu-west-2.amazonaws.com failed: Temporary failure in name resolution in /var/www/html/ecom/app/code/Suit/SuitTool/Cron/Fabric.php on line 37','2024-07-08 20:51:02','2024-07-08 21:08:00','2024-07-08 21:08:02',NULL),(202292,'cron_for_fabric_generation','error','Warning: file_get_contents(): php_network_getaddresses: getaddrinfo for s3.eu-west-2.amazonaws.com failed: Temporary failure in name resolution in /var/www/html/ecom/app/code/Suit/SuitTool/Cron/Fabric.php on line 37','2024-07-08 20:51:02','2024-07-08 21:09:00','2024-07-08 21:09:02',NULL),(202293,'cron_for_fabric_generation','error','Warning: file_get_contents(): php_network_getaddresses: getaddrinfo for s3.eu-west-2.amazonaws.com failed: Temporary failure in name resolution in /var/www/html/ecom/app/code/Suit/SuitTool/Cron/Fabric.php on line 37','2024-07-08 20:51:02','2024-07-08 21:10:00','2024-07-08 21:10:02',NULL),(202294,'indexer_reindex_all_invalid','success',NULL,'2024-07-08 20:51:03','2024-07-08 20:53:00','2024-07-08 20:53:03','2024-07-08 20:53:03'),(202295,'indexer_reindex_all_invalid','success',NULL,'2024-07-08 20:51:03','2024-07-08 20:54:00','2024-07-08 20:54:03','2024-07-08 20:54:03'),(202296,'indexer_update_all_views','success',NULL,'2024-07-08 20:51:03','2024-07-08 20:53:00','2024-07-08 20:53:03','2024-07-08 20:53:03'),(202297,'indexer_update_all_views','success',NULL,'2024-07-08 20:51:03','2024-07-08 20:54:00','2024-07-08 20:54:03','2024-07-08 20:54:03'),(202298,'indexer_reindex_all_invalid','success',NULL,'2024-07-08 20:53:03','2024-07-08 20:55:00','2024-07-08 20:55:02','2024-07-08 20:55:03'),(202299,'indexer_reindex_all_invalid','success',NULL,'2024-07-08 20:53:03','2024-07-08 20:56:00','2024-07-08 20:56:03','2024-07-08 20:56:03'),(202300,'indexer_update_all_views','success',NULL,'2024-07-08 20:53:03','2024-07-08 20:55:00','2024-07-08 20:55:03','2024-07-08 20:55:03'),(202301,'indexer_update_all_views','success',NULL,'2024-07-08 20:53:03','2024-07-08 20:56:00','2024-07-08 20:56:03','2024-07-08 20:56:03'),(202302,'indexer_reindex_all_invalid','success',NULL,'2024-07-08 20:54:03','2024-07-08 20:57:00','2024-07-08 20:57:03','2024-07-08 20:57:03'),(202303,'indexer_update_all_views','success',NULL,'2024-07-08 20:54:03','2024-07-08 20:57:00','2024-07-08 20:57:03','2024-07-08 20:57:03'),(202304,'indexer_reindex_all_invalid','success',NULL,'2024-07-08 20:56:03','2024-07-08 20:58:00','2024-07-08 20:58:03','2024-07-08 20:58:03'),(202305,'indexer_reindex_all_invalid','success',NULL,'2024-07-08 20:56:03','2024-07-08 20:59:00','2024-07-08 20:59:03','2024-07-08 20:59:03'),(202306,'indexer_update_all_views','success',NULL,'2024-07-08 20:56:03','2024-07-08 20:58:00','2024-07-08 20:58:03','2024-07-08 20:58:03'),(202307,'indexer_update_all_views','success',NULL,'2024-07-08 20:56:03','2024-07-08 20:59:00','2024-07-08 20:59:03','2024-07-08 20:59:03'),(202308,'indexer_reindex_all_invalid','success',NULL,'2024-07-08 20:57:03','2024-07-08 21:00:00','2024-07-08 21:00:03','2024-07-08 21:00:03'),(202309,'indexer_update_all_views','success',NULL,'2024-07-08 20:57:03','2024-07-08 21:00:00','2024-07-08 21:00:03','2024-07-08 21:00:03'),(202310,'indexer_clean_all_changelogs','success',NULL,'2024-07-08 20:57:03','2024-07-08 21:00:00','2024-07-08 21:00:03','2024-07-08 21:00:03'),(202311,'indexer_reindex_all_invalid','success',NULL,'2024-07-08 20:58:03','2024-07-08 21:01:00','2024-07-08 21:01:03','2024-07-08 21:01:03'),(202312,'indexer_update_all_views','success',NULL,'2024-07-08 20:58:03','2024-07-08 21:01:00','2024-07-08 21:01:03','2024-07-08 21:01:03'),(202313,'consumers_runner','success',NULL,'2024-07-08 20:59:03','2024-07-08 21:04:00','2024-07-08 21:04:03','2024-07-08 21:04:03'),(202314,'indexer_reindex_all_invalid','success',NULL,'2024-07-08 20:59:03','2024-07-08 21:02:00','2024-07-08 21:02:03','2024-07-08 21:02:03'),(202315,'consumers_runner','success',NULL,'2024-07-08 20:59:03','2024-07-08 21:05:00','2024-07-08 21:05:03','2024-07-08 21:05:03'),(202316,'consumers_runner','success',NULL,'2024-07-08 20:59:03','2024-07-08 21:06:00','2024-07-08 21:06:03','2024-07-08 21:06:03'),(202317,'indexer_update_all_views','success',NULL,'2024-07-08 20:59:03','2024-07-08 21:02:00','2024-07-08 21:02:03','2024-07-08 21:02:03'),(202318,'consumers_runner','success',NULL,'2024-07-08 20:59:03','2024-07-08 21:07:00','2024-07-08 21:07:02','2024-07-08 21:07:02'),(202319,'consumers_runner','success',NULL,'2024-07-08 20:59:03','2024-07-08 21:08:00','2024-07-08 21:08:03','2024-07-08 21:08:03'),(202320,'consumers_runner','success',NULL,'2024-07-08 20:59:03','2024-07-08 21:09:00','2024-07-08 21:09:03','2024-07-08 21:09:03'),(202321,'consumers_runner','success',NULL,'2024-07-08 20:59:03','2024-07-08 21:10:00','2024-07-08 21:10:02','2024-07-08 21:10:02'),(202322,'consumers_runner','success',NULL,'2024-07-08 20:59:03','2024-07-08 21:11:00','2024-07-08 21:11:03','2024-07-08 21:11:03'),(202323,'consumers_runner','success',NULL,'2024-07-08 20:59:03','2024-07-08 21:12:00','2024-07-08 21:12:03','2024-07-08 21:12:03'),(202324,'consumers_runner','success',NULL,'2024-07-08 20:59:03','2024-07-08 21:13:00','2024-07-08 21:13:03','2024-07-08 21:13:03'),(202325,'consumers_runner','success',NULL,'2024-07-08 20:59:03','2024-07-08 21:14:00','2024-07-08 21:14:03','2024-07-08 21:14:03'),(202326,'consumers_runner','success',NULL,'2024-07-08 20:59:03','2024-07-08 21:15:00','2024-07-08 21:15:03','2024-07-08 21:15:03'),(202327,'consumers_runner','success',NULL,'2024-07-08 20:59:03','2024-07-08 21:16:00','2024-07-08 21:16:03','2024-07-08 21:16:03'),(202328,'consumers_runner','success',NULL,'2024-07-08 20:59:03','2024-07-08 21:17:00','2024-07-08 21:17:02','2024-07-08 21:17:02'),(202329,'consumers_runner','success',NULL,'2024-07-08 20:59:03','2024-07-08 21:18:00','2024-07-08 21:18:03','2024-07-08 21:18:03'),(202330,'indexer_reindex_all_invalid','success',NULL,'2024-07-08 21:00:03','2024-07-08 21:03:00','2024-07-08 21:03:03','2024-07-08 21:03:03'),(202331,'indexer_update_all_views','success',NULL,'2024-07-08 21:00:03','2024-07-08 21:03:00','2024-07-08 21:03:03','2024-07-08 21:03:03'),(202332,'indexer_reindex_all_invalid','success',NULL,'2024-07-08 21:01:03','2024-07-08 21:04:00','2024-07-08 21:04:03','2024-07-08 21:04:03'),(202333,'indexer_update_all_views','success',NULL,'2024-07-08 21:01:03','2024-07-08 21:04:00','2024-07-08 21:04:03','2024-07-08 21:04:03'),(202334,'indexer_reindex_all_invalid','success',NULL,'2024-07-08 21:02:03','2024-07-08 21:05:00','2024-07-08 21:05:03','2024-07-08 21:05:03'),(202335,'indexer_update_all_views','success',NULL,'2024-07-08 21:02:03','2024-07-08 21:05:00','2024-07-08 21:05:03','2024-07-08 21:05:03'),(202336,'indexer_reindex_all_invalid','success',NULL,'2024-07-08 21:03:03','2024-07-08 21:06:00','2024-07-08 21:06:03','2024-07-08 21:06:03'),(202337,'indexer_update_all_views','success',NULL,'2024-07-08 21:03:03','2024-07-08 21:06:00','2024-07-08 21:06:03','2024-07-08 21:06:03'),(202338,'indexer_reindex_all_invalid','success',NULL,'2024-07-08 21:04:03','2024-07-08 21:07:00','2024-07-08 21:07:02','2024-07-08 21:07:02'),(202339,'indexer_update_all_views','success',NULL,'2024-07-08 21:04:03','2024-07-08 21:07:00','2024-07-08 21:07:02','2024-07-08 21:07:02'),(202340,'indexer_reindex_all_invalid','success',NULL,'2024-07-08 21:05:03','2024-07-08 21:08:00','2024-07-08 21:08:03','2024-07-08 21:08:03'),(202341,'indexer_update_all_views','success',NULL,'2024-07-08 21:05:03','2024-07-08 21:08:00','2024-07-08 21:08:03','2024-07-08 21:08:03'),(202342,'catalog_product_outdated_price_values_cleanup','success',NULL,'2024-07-08 21:06:02','2024-07-08 21:11:00','2024-07-08 21:11:02','2024-07-08 21:11:02'),(202343,'catalog_product_outdated_price_values_cleanup','success',NULL,'2024-07-08 21:06:02','2024-07-08 21:12:00','2024-07-08 21:12:02','2024-07-08 21:12:02'),(202344,'catalog_product_outdated_price_values_cleanup','success',NULL,'2024-07-08 21:06:02','2024-07-08 21:13:00','2024-07-08 21:13:02','2024-07-08 21:13:02'),(202345,'catalog_product_outdated_price_values_cleanup','success',NULL,'2024-07-08 21:06:02','2024-07-08 21:14:00','2024-07-08 21:14:02','2024-07-08 21:14:02'),(202346,'catalog_product_outdated_price_values_cleanup','success',NULL,'2024-07-08 21:06:02','2024-07-08 21:15:00','2024-07-08 21:15:02','2024-07-08 21:15:02'),(202347,'catalog_product_outdated_price_values_cleanup','success',NULL,'2024-07-08 21:06:02','2024-07-08 21:16:00','2024-07-08 21:16:02','2024-07-08 21:16:02'),(202348,'catalog_product_outdated_price_values_cleanup','success',NULL,'2024-07-08 21:06:02','2024-07-08 21:17:00','2024-07-08 21:17:01','2024-07-08 21:17:01'),(202349,'catalog_product_outdated_price_values_cleanup','success',NULL,'2024-07-08 21:06:02','2024-07-08 21:18:00','2024-07-08 21:18:02','2024-07-08 21:18:02'),(202350,'catalog_product_outdated_price_values_cleanup','success',NULL,'2024-07-08 21:06:02','2024-07-08 21:19:00','2024-07-08 21:19:02','2024-07-08 21:19:02'),(202351,'catalog_product_outdated_price_values_cleanup','success',NULL,'2024-07-08 21:06:02','2024-07-08 21:20:00','2024-07-08 21:20:02','2024-07-08 21:20:02'),(202352,'catalog_product_outdated_price_values_cleanup','success',NULL,'2024-07-08 21:06:02','2024-07-08 21:21:00','2024-07-08 21:21:02','2024-07-08 21:21:02'),(202353,'catalog_product_outdated_price_values_cleanup','success',NULL,'2024-07-08 21:06:02','2024-07-08 21:22:00','2024-07-08 21:22:02','2024-07-08 21:22:02'),(202354,'catalog_product_outdated_price_values_cleanup','success',NULL,'2024-07-08 21:06:02','2024-07-08 21:23:00','2024-07-08 21:23:02','2024-07-08 21:23:02'),(202355,'catalog_product_outdated_price_values_cleanup','success',NULL,'2024-07-08 21:06:02','2024-07-08 21:24:00','2024-07-08 21:24:02','2024-07-08 21:24:02'),(202356,'catalog_product_outdated_price_values_cleanup','success',NULL,'2024-07-08 21:06:02','2024-07-08 21:25:00','2024-07-08 21:25:02','2024-07-08 21:25:02'),(202357,'catalog_product_frontend_actions_flush','success',NULL,'2024-07-08 21:06:02','2024-07-08 21:11:00','2024-07-08 21:11:02','2024-07-08 21:11:02'),(202358,'catalog_product_frontend_actions_flush','success',NULL,'2024-07-08 21:06:02','2024-07-08 21:12:00','2024-07-08 21:12:02','2024-07-08 21:12:02'),(202359,'catalog_product_frontend_actions_flush','success',NULL,'2024-07-08 21:06:02','2024-07-08 21:13:00','2024-07-08 21:13:02','2024-07-08 21:13:02'),(202360,'catalog_product_frontend_actions_flush','success',NULL,'2024-07-08 21:06:02','2024-07-08 21:14:00','2024-07-08 21:14:02','2024-07-08 21:14:02'),(202361,'catalog_product_frontend_actions_flush','success',NULL,'2024-07-08 21:06:02','2024-07-08 21:15:00','2024-07-08 21:15:02','2024-07-08 21:15:02'),(202362,'catalog_product_frontend_actions_flush','success',NULL,'2024-07-08 21:06:02','2024-07-08 21:16:00','2024-07-08 21:16:02','2024-07-08 21:16:02'),(202363,'catalog_product_frontend_actions_flush','success',NULL,'2024-07-08 21:06:02','2024-07-08 21:17:00','2024-07-08 21:17:01','2024-07-08 21:17:01'),(202364,'catalog_product_frontend_actions_flush','success',NULL,'2024-07-08 21:06:02','2024-07-08 21:18:00','2024-07-08 21:18:02','2024-07-08 21:18:02'),(202365,'catalog_product_frontend_actions_flush','success',NULL,'2024-07-08 21:06:02','2024-07-08 21:19:00','2024-07-08 21:19:02','2024-07-08 21:19:02'),(202366,'catalog_product_frontend_actions_flush','success',NULL,'2024-07-08 21:06:02','2024-07-08 21:20:00','2024-07-08 21:20:02','2024-07-08 21:20:02'),(202367,'catalog_product_frontend_actions_flush','success',NULL,'2024-07-08 21:06:02','2024-07-08 21:21:00','2024-07-08 21:21:02','2024-07-08 21:21:02'),(202368,'catalog_product_frontend_actions_flush','success',NULL,'2024-07-08 21:06:02','2024-07-08 21:22:00','2024-07-08 21:22:02','2024-07-08 21:22:02'),(202369,'catalog_product_frontend_actions_flush','success',NULL,'2024-07-08 21:06:02','2024-07-08 21:23:00','2024-07-08 21:23:02','2024-07-08 21:23:02'),(202370,'catalog_product_frontend_actions_flush','success',NULL,'2024-07-08 21:06:02','2024-07-08 21:24:00','2024-07-08 21:24:02','2024-07-08 21:24:02'),(202371,'catalog_product_frontend_actions_flush','success',NULL,'2024-07-08 21:06:02','2024-07-08 21:25:00','2024-07-08 21:25:02','2024-07-08 21:25:02'),(202372,'catalog_product_attribute_value_synchronize','success',NULL,'2024-07-08 21:06:02','2024-07-08 21:15:00','2024-07-08 21:15:02','2024-07-08 21:15:02'),(202373,'catalog_product_attribute_value_synchronize','success',NULL,'2024-07-08 21:06:02','2024-07-08 21:20:00','2024-07-08 21:20:02','2024-07-08 21:20:02'),(202374,'catalog_product_attribute_value_synchronize','success',NULL,'2024-07-08 21:06:02','2024-07-08 21:25:00','2024-07-08 21:25:02','2024-07-08 21:25:02'),(202375,'outdated_authentication_failures_cleanup','success',NULL,'2024-07-08 21:06:02','2024-07-08 21:06:00','2024-07-08 21:06:12','2024-07-08 21:06:12'),(202376,'outdated_authentication_failures_cleanup','success',NULL,'2024-07-08 21:06:02','2024-07-08 21:07:00','2024-07-08 21:07:11','2024-07-08 21:07:11'),(202377,'outdated_authentication_failures_cleanup','success',NULL,'2024-07-08 21:06:02','2024-07-08 21:08:00','2024-07-08 21:08:13','2024-07-08 21:08:13'),(202378,'outdated_authentication_failures_cleanup','success',NULL,'2024-07-08 21:06:02','2024-07-08 21:09:00','2024-07-08 21:09:11','2024-07-08 21:09:11'),(202379,'outdated_authentication_failures_cleanup','success',NULL,'2024-07-08 21:06:02','2024-07-08 21:10:00','2024-07-08 21:10:13','2024-07-08 21:10:13'),(202380,'outdated_authentication_failures_cleanup','success',NULL,'2024-07-08 21:06:02','2024-07-08 21:11:00','2024-07-08 21:11:12','2024-07-08 21:11:12'),(202381,'outdated_authentication_failures_cleanup','success',NULL,'2024-07-08 21:06:02','2024-07-08 21:12:00','2024-07-08 21:12:14','2024-07-08 21:12:14'),(202382,'outdated_authentication_failures_cleanup','success',NULL,'2024-07-08 21:06:02','2024-07-08 21:13:00','2024-07-08 21:13:14','2024-07-08 21:13:14'),(202383,'outdated_authentication_failures_cleanup','success',NULL,'2024-07-08 21:06:02','2024-07-08 21:14:00','2024-07-08 21:14:15','2024-07-08 21:14:15'),(202384,'outdated_authentication_failures_cleanup','success',NULL,'2024-07-08 21:06:02','2024-07-08 21:15:00','2024-07-08 21:15:14','2024-07-08 21:15:14'),(202385,'outdated_authentication_failures_cleanup','success',NULL,'2024-07-08 21:06:02','2024-07-08 21:16:00','2024-07-08 21:16:14','2024-07-08 21:16:14'),(202386,'outdated_authentication_failures_cleanup','success',NULL,'2024-07-08 21:06:02','2024-07-08 21:17:00','2024-07-08 21:17:14','2024-07-08 21:17:14'),(202387,'outdated_authentication_failures_cleanup','success',NULL,'2024-07-08 21:06:02','2024-07-08 21:18:00','2024-07-08 21:18:13','2024-07-08 21:18:13'),(202388,'outdated_authentication_failures_cleanup','success',NULL,'2024-07-08 21:06:02','2024-07-08 21:19:00','2024-07-08 21:19:15','2024-07-08 21:19:15'),(202389,'outdated_authentication_failures_cleanup','success',NULL,'2024-07-08 21:06:02','2024-07-08 21:20:00','2024-07-08 21:20:14','2024-07-08 21:20:14'),(202390,'outdated_authentication_failures_cleanup','success',NULL,'2024-07-08 21:06:02','2024-07-08 21:21:00','2024-07-08 21:21:15','2024-07-08 21:21:15'),(202391,'outdated_authentication_failures_cleanup','success',NULL,'2024-07-08 21:06:02','2024-07-08 21:22:00','2024-07-08 21:22:14','2024-07-08 21:22:14'),(202392,'outdated_authentication_failures_cleanup','success',NULL,'2024-07-08 21:06:02','2024-07-08 21:23:00','2024-07-08 21:23:14','2024-07-08 21:23:14'),(202393,'outdated_authentication_failures_cleanup','success',NULL,'2024-07-08 21:06:02','2024-07-08 21:24:00','2024-07-08 21:24:14','2024-07-08 21:24:14'),(202394,'outdated_authentication_failures_cleanup','success',NULL,'2024-07-08 21:06:02','2024-07-08 21:25:00','2024-07-08 21:25:14','2024-07-08 21:25:14'),(202395,'sales_grid_order_async_insert','success',NULL,'2024-07-08 21:06:02','2024-07-08 21:06:00','2024-07-08 21:06:12','2024-07-08 21:06:12'),(202396,'sales_grid_order_async_insert','success',NULL,'2024-07-08 21:06:02','2024-07-08 21:07:00','2024-07-08 21:07:11','2024-07-08 21:07:11'),(202397,'sales_grid_order_async_insert','success',NULL,'2024-07-08 21:06:02','2024-07-08 21:08:00','2024-07-08 21:08:13','2024-07-08 21:08:13'),(202398,'sales_grid_order_async_insert','success',NULL,'2024-07-08 21:06:02','2024-07-08 21:09:00','2024-07-08 21:09:11','2024-07-08 21:09:11'),(202399,'sales_grid_order_async_insert','success',NULL,'2024-07-08 21:06:02','2024-07-08 21:10:00','2024-07-08 21:10:13','2024-07-08 21:10:13'),(202400,'sales_grid_order_async_insert','success',NULL,'2024-07-08 21:06:02','2024-07-08 21:11:00','2024-07-08 21:11:12','2024-07-08 21:11:12'),(202401,'sales_grid_order_async_insert','success',NULL,'2024-07-08 21:06:02','2024-07-08 21:12:00','2024-07-08 21:12:14','2024-07-08 21:12:14'),(202402,'sales_grid_order_async_insert','success',NULL,'2024-07-08 21:06:02','2024-07-08 21:13:00','2024-07-08 21:13:14','2024-07-08 21:13:14'),(202403,'sales_grid_order_async_insert','success',NULL,'2024-07-08 21:06:02','2024-07-08 21:14:00','2024-07-08 21:14:15','2024-07-08 21:14:15'),(202404,'sales_grid_order_async_insert','success',NULL,'2024-07-08 21:06:02','2024-07-08 21:15:00','2024-07-08 21:15:14','2024-07-08 21:15:14'),(202405,'sales_grid_order_async_insert','success',NULL,'2024-07-08 21:06:02','2024-07-08 21:16:00','2024-07-08 21:16:14','2024-07-08 21:16:14'),(202406,'sales_grid_order_async_insert','success',NULL,'2024-07-08 21:06:02','2024-07-08 21:17:00','2024-07-08 21:17:14','2024-07-08 21:17:14'),(202407,'sales_grid_order_async_insert','success',NULL,'2024-07-08 21:06:02','2024-07-08 21:18:00','2024-07-08 21:18:13','2024-07-08 21:18:13'),(202408,'sales_grid_order_async_insert','success',NULL,'2024-07-08 21:06:02','2024-07-08 21:19:00','2024-07-08 21:19:15','2024-07-08 21:19:15'),(202409,'sales_grid_order_async_insert','success',NULL,'2024-07-08 21:06:02','2024-07-08 21:20:00','2024-07-08 21:20:14','2024-07-08 21:20:14'),(202410,'sales_grid_order_async_insert','success',NULL,'2024-07-08 21:06:02','2024-07-08 21:21:00','2024-07-08 21:21:15','2024-07-08 21:21:15'),(202411,'sales_grid_order_async_insert','success',NULL,'2024-07-08 21:06:02','2024-07-08 21:22:00','2024-07-08 21:22:14','2024-07-08 21:22:14'),(202412,'sales_grid_order_async_insert','success',NULL,'2024-07-08 21:06:02','2024-07-08 21:23:00','2024-07-08 21:23:14','2024-07-08 21:23:14'),(202413,'sales_grid_order_async_insert','success',NULL,'2024-07-08 21:06:02','2024-07-08 21:24:00','2024-07-08 21:24:14','2024-07-08 21:24:14'),(202414,'sales_grid_order_async_insert','success',NULL,'2024-07-08 21:06:02','2024-07-08 21:25:00','2024-07-08 21:25:14','2024-07-08 21:25:14'),(202415,'sales_grid_order_invoice_async_insert','success',NULL,'2024-07-08 21:06:02','2024-07-08 21:06:00','2024-07-08 21:06:13','2024-07-08 21:06:13'),(202416,'sales_grid_order_invoice_async_insert','success',NULL,'2024-07-08 21:06:02','2024-07-08 21:07:00','2024-07-08 21:07:11','2024-07-08 21:07:11'),(202417,'sales_grid_order_invoice_async_insert','success',NULL,'2024-07-08 21:06:02','2024-07-08 21:08:00','2024-07-08 21:08:13','2024-07-08 21:08:13'),(202418,'sales_grid_order_invoice_async_insert','success',NULL,'2024-07-08 21:06:02','2024-07-08 21:09:00','2024-07-08 21:09:11','2024-07-08 21:09:11'),(202419,'sales_grid_order_invoice_async_insert','success',NULL,'2024-07-08 21:06:02','2024-07-08 21:10:00','2024-07-08 21:10:13','2024-07-08 21:10:13'),(202420,'sales_grid_order_invoice_async_insert','success',NULL,'2024-07-08 21:06:02','2024-07-08 21:11:00','2024-07-08 21:11:12','2024-07-08 21:11:12'),(202421,'sales_grid_order_invoice_async_insert','success',NULL,'2024-07-08 21:06:02','2024-07-08 21:12:00','2024-07-08 21:12:14','2024-07-08 21:12:14'),(202422,'sales_grid_order_invoice_async_insert','success',NULL,'2024-07-08 21:06:02','2024-07-08 21:13:00','2024-07-08 21:13:14','2024-07-08 21:13:14'),(202423,'sales_grid_order_invoice_async_insert','success',NULL,'2024-07-08 21:06:02','2024-07-08 21:14:00','2024-07-08 21:14:15','2024-07-08 21:14:15'),(202424,'sales_grid_order_invoice_async_insert','success',NULL,'2024-07-08 21:06:02','2024-07-08 21:15:00','2024-07-08 21:15:14','2024-07-08 21:15:14'),(202425,'sales_grid_order_invoice_async_insert','success',NULL,'2024-07-08 21:06:02','2024-07-08 21:16:00','2024-07-08 21:16:14','2024-07-08 21:16:14'),(202426,'sales_grid_order_invoice_async_insert','success',NULL,'2024-07-08 21:06:02','2024-07-08 21:17:00','2024-07-08 21:17:14','2024-07-08 21:17:14'),(202427,'sales_grid_order_invoice_async_insert','success',NULL,'2024-07-08 21:06:02','2024-07-08 21:18:00','2024-07-08 21:18:13','2024-07-08 21:18:13'),(202428,'sales_grid_order_invoice_async_insert','success',NULL,'2024-07-08 21:06:02','2024-07-08 21:19:00','2024-07-08 21:19:15','2024-07-08 21:19:15'),(202429,'sales_grid_order_invoice_async_insert','success',NULL,'2024-07-08 21:06:02','2024-07-08 21:20:00','2024-07-08 21:20:14','2024-07-08 21:20:14'),(202430,'sales_grid_order_invoice_async_insert','success',NULL,'2024-07-08 21:06:02','2024-07-08 21:21:00','2024-07-08 21:21:15','2024-07-08 21:21:15'),(202431,'sales_grid_order_invoice_async_insert','success',NULL,'2024-07-08 21:06:02','2024-07-08 21:22:00','2024-07-08 21:22:14','2024-07-08 21:22:14'),(202432,'sales_grid_order_invoice_async_insert','success',NULL,'2024-07-08 21:06:02','2024-07-08 21:23:00','2024-07-08 21:23:15','2024-07-08 21:23:15'),(202433,'sales_grid_order_invoice_async_insert','success',NULL,'2024-07-08 21:06:02','2024-07-08 21:24:00','2024-07-08 21:24:14','2024-07-08 21:24:14'),(202434,'sales_grid_order_invoice_async_insert','success',NULL,'2024-07-08 21:06:02','2024-07-08 21:25:00','2024-07-08 21:25:14','2024-07-08 21:25:14'),(202435,'sales_grid_order_shipment_async_insert','success',NULL,'2024-07-08 21:06:02','2024-07-08 21:06:00','2024-07-08 21:06:13','2024-07-08 21:06:13'),(202436,'sales_grid_order_shipment_async_insert','success',NULL,'2024-07-08 21:06:02','2024-07-08 21:07:00','2024-07-08 21:07:11','2024-07-08 21:07:11'),(202437,'sales_grid_order_shipment_async_insert','success',NULL,'2024-07-08 21:06:02','2024-07-08 21:08:00','2024-07-08 21:08:13','2024-07-08 21:08:13'),(202438,'sales_grid_order_shipment_async_insert','success',NULL,'2024-07-08 21:06:02','2024-07-08 21:09:00','2024-07-08 21:09:11','2024-07-08 21:09:11'),(202439,'sales_grid_order_shipment_async_insert','success',NULL,'2024-07-08 21:06:02','2024-07-08 21:10:00','2024-07-08 21:10:13','2024-07-08 21:10:13'),(202440,'sales_grid_order_shipment_async_insert','success',NULL,'2024-07-08 21:06:02','2024-07-08 21:11:00','2024-07-08 21:11:12','2024-07-08 21:11:12'),(202441,'sales_grid_order_shipment_async_insert','success',NULL,'2024-07-08 21:06:02','2024-07-08 21:12:00','2024-07-08 21:12:14','2024-07-08 21:12:14'),(202442,'sales_grid_order_shipment_async_insert','success',NULL,'2024-07-08 21:06:02','2024-07-08 21:13:00','2024-07-08 21:13:14','2024-07-08 21:13:14'),(202443,'sales_grid_order_shipment_async_insert','success',NULL,'2024-07-08 21:06:02','2024-07-08 21:14:00','2024-07-08 21:14:15','2024-07-08 21:14:15'),(202444,'sales_grid_order_shipment_async_insert','success',NULL,'2024-07-08 21:06:02','2024-07-08 21:15:00','2024-07-08 21:15:14','2024-07-08 21:15:14'),(202445,'sales_grid_order_shipment_async_insert','success',NULL,'2024-07-08 21:06:02','2024-07-08 21:16:00','2024-07-08 21:16:14','2024-07-08 21:16:14'),(202446,'sales_grid_order_shipment_async_insert','success',NULL,'2024-07-08 21:06:02','2024-07-08 21:17:00','2024-07-08 21:17:14','2024-07-08 21:17:14'),(202447,'sales_grid_order_shipment_async_insert','success',NULL,'2024-07-08 21:06:02','2024-07-08 21:18:00','2024-07-08 21:18:13','2024-07-08 21:18:13'),(202448,'sales_grid_order_shipment_async_insert','success',NULL,'2024-07-08 21:06:02','2024-07-08 21:19:00','2024-07-08 21:19:15','2024-07-08 21:19:15'),(202449,'sales_grid_order_shipment_async_insert','success',NULL,'2024-07-08 21:06:02','2024-07-08 21:20:00','2024-07-08 21:20:14','2024-07-08 21:20:14'),(202450,'sales_grid_order_shipment_async_insert','success',NULL,'2024-07-08 21:06:02','2024-07-08 21:21:00','2024-07-08 21:21:15','2024-07-08 21:21:15'),(202451,'sales_grid_order_shipment_async_insert','success',NULL,'2024-07-08 21:06:02','2024-07-08 21:22:00','2024-07-08 21:22:14','2024-07-08 21:22:14'),(202452,'sales_grid_order_shipment_async_insert','success',NULL,'2024-07-08 21:06:02','2024-07-08 21:23:00','2024-07-08 21:23:15','2024-07-08 21:23:15'),(202453,'sales_grid_order_shipment_async_insert','success',NULL,'2024-07-08 21:06:02','2024-07-08 21:24:00','2024-07-08 21:24:14','2024-07-08 21:24:14'),(202454,'sales_grid_order_shipment_async_insert','success',NULL,'2024-07-08 21:06:02','2024-07-08 21:25:00','2024-07-08 21:25:14','2024-07-08 21:25:14'),(202455,'sales_grid_order_creditmemo_async_insert','success',NULL,'2024-07-08 21:06:02','2024-07-08 21:06:00','2024-07-08 21:06:12','2024-07-08 21:06:12'),(202456,'sales_grid_order_creditmemo_async_insert','success',NULL,'2024-07-08 21:06:02','2024-07-08 21:07:00','2024-07-08 21:07:11','2024-07-08 21:07:11'),(202457,'sales_grid_order_creditmemo_async_insert','success',NULL,'2024-07-08 21:06:02','2024-07-08 21:08:00','2024-07-08 21:08:13','2024-07-08 21:08:13'),(202458,'sales_grid_order_creditmemo_async_insert','success',NULL,'2024-07-08 21:06:02','2024-07-08 21:09:00','2024-07-08 21:09:11','2024-07-08 21:09:11'),(202459,'sales_grid_order_creditmemo_async_insert','success',NULL,'2024-07-08 21:06:02','2024-07-08 21:10:00','2024-07-08 21:10:13','2024-07-08 21:10:13'),(202460,'sales_grid_order_creditmemo_async_insert','success',NULL,'2024-07-08 21:06:02','2024-07-08 21:11:00','2024-07-08 21:11:12','2024-07-08 21:11:12'),(202461,'sales_grid_order_creditmemo_async_insert','success',NULL,'2024-07-08 21:06:02','2024-07-08 21:12:00','2024-07-08 21:12:14','2024-07-08 21:12:14'),(202462,'sales_grid_order_creditmemo_async_insert','success',NULL,'2024-07-08 21:06:02','2024-07-08 21:13:00','2024-07-08 21:13:14','2024-07-08 21:13:14'),(202463,'sales_grid_order_creditmemo_async_insert','success',NULL,'2024-07-08 21:06:02','2024-07-08 21:14:00','2024-07-08 21:14:15','2024-07-08 21:14:15'),(202464,'sales_grid_order_creditmemo_async_insert','success',NULL,'2024-07-08 21:06:02','2024-07-08 21:15:00','2024-07-08 21:15:14','2024-07-08 21:15:14'),(202465,'sales_grid_order_creditmemo_async_insert','success',NULL,'2024-07-08 21:06:02','2024-07-08 21:16:00','2024-07-08 21:16:14','2024-07-08 21:16:14'),(202466,'sales_grid_order_creditmemo_async_insert','success',NULL,'2024-07-08 21:06:02','2024-07-08 21:17:00','2024-07-08 21:17:14','2024-07-08 21:17:14'),(202467,'sales_grid_order_creditmemo_async_insert','success',NULL,'2024-07-08 21:06:02','2024-07-08 21:18:00','2024-07-08 21:18:13','2024-07-08 21:18:13'),(202468,'sales_grid_order_creditmemo_async_insert','success',NULL,'2024-07-08 21:06:02','2024-07-08 21:19:00','2024-07-08 21:19:15','2024-07-08 21:19:15'),(202469,'sales_grid_order_creditmemo_async_insert','success',NULL,'2024-07-08 21:06:02','2024-07-08 21:20:00','2024-07-08 21:20:14','2024-07-08 21:20:14'),(202470,'sales_grid_order_creditmemo_async_insert','success',NULL,'2024-07-08 21:06:02','2024-07-08 21:21:00','2024-07-08 21:21:15','2024-07-08 21:21:15'),(202471,'sales_grid_order_creditmemo_async_insert','success',NULL,'2024-07-08 21:06:02','2024-07-08 21:22:00','2024-07-08 21:22:14','2024-07-08 21:22:14'),(202472,'sales_grid_order_creditmemo_async_insert','success',NULL,'2024-07-08 21:06:02','2024-07-08 21:23:00','2024-07-08 21:23:14','2024-07-08 21:23:14'),(202473,'sales_grid_order_creditmemo_async_insert','success',NULL,'2024-07-08 21:06:02','2024-07-08 21:24:00','2024-07-08 21:24:14','2024-07-08 21:24:14'),(202474,'sales_grid_order_creditmemo_async_insert','success',NULL,'2024-07-08 21:06:02','2024-07-08 21:25:00','2024-07-08 21:25:14','2024-07-08 21:25:14'),(202475,'sales_send_order_emails','success',NULL,'2024-07-08 21:06:02','2024-07-08 21:06:00','2024-07-08 21:06:13','2024-07-08 21:06:13'),(202476,'sales_send_order_emails','success',NULL,'2024-07-08 21:06:02','2024-07-08 21:07:00','2024-07-08 21:07:11','2024-07-08 21:07:11'),(202477,'sales_send_order_emails','success',NULL,'2024-07-08 21:06:02','2024-07-08 21:08:00','2024-07-08 21:08:13','2024-07-08 21:08:13'),(202478,'sales_send_order_emails','success',NULL,'2024-07-08 21:06:02','2024-07-08 21:09:00','2024-07-08 21:09:12','2024-07-08 21:09:12'),(202479,'sales_send_order_emails','success',NULL,'2024-07-08 21:06:02','2024-07-08 21:10:00','2024-07-08 21:10:13','2024-07-08 21:10:13'),(202480,'sales_send_order_emails','success',NULL,'2024-07-08 21:06:02','2024-07-08 21:11:00','2024-07-08 21:11:12','2024-07-08 21:11:12'),(202481,'sales_send_order_emails','success',NULL,'2024-07-08 21:06:02','2024-07-08 21:12:00','2024-07-08 21:12:14','2024-07-08 21:12:14'),(202482,'sales_send_order_emails','success',NULL,'2024-07-08 21:06:02','2024-07-08 21:13:00','2024-07-08 21:13:14','2024-07-08 21:13:14'),(202483,'sales_send_order_emails','success',NULL,'2024-07-08 21:06:02','2024-07-08 21:14:00','2024-07-08 21:14:15','2024-07-08 21:14:15'),(202484,'sales_send_order_emails','success',NULL,'2024-07-08 21:06:02','2024-07-08 21:15:00','2024-07-08 21:15:14','2024-07-08 21:15:14'),(202485,'sales_send_order_emails','success',NULL,'2024-07-08 21:06:02','2024-07-08 21:16:00','2024-07-08 21:16:15','2024-07-08 21:16:15'),(202486,'sales_send_order_emails','success',NULL,'2024-07-08 21:06:02','2024-07-08 21:17:00','2024-07-08 21:17:14','2024-07-08 21:17:14'),(202487,'sales_send_order_emails','success',NULL,'2024-07-08 21:06:02','2024-07-08 21:18:00','2024-07-08 21:18:13','2024-07-08 21:18:13'),(202488,'sales_send_order_emails','success',NULL,'2024-07-08 21:06:02','2024-07-08 21:19:00','2024-07-08 21:19:15','2024-07-08 21:19:15'),(202489,'sales_send_order_emails','success',NULL,'2024-07-08 21:06:02','2024-07-08 21:20:00','2024-07-08 21:20:14','2024-07-08 21:20:14'),(202490,'sales_send_order_emails','success',NULL,'2024-07-08 21:06:02','2024-07-08 21:21:00','2024-07-08 21:21:15','2024-07-08 21:21:15'),(202491,'sales_send_order_emails','success',NULL,'2024-07-08 21:06:02','2024-07-08 21:22:00','2024-07-08 21:22:14','2024-07-08 21:22:14'),(202492,'sales_send_order_emails','success',NULL,'2024-07-08 21:06:02','2024-07-08 21:23:00','2024-07-08 21:23:15','2024-07-08 21:23:15'),(202493,'sales_send_order_emails','success',NULL,'2024-07-08 21:06:02','2024-07-08 21:24:00','2024-07-08 21:24:14','2024-07-08 21:24:14'),(202494,'sales_send_order_emails','success',NULL,'2024-07-08 21:06:02','2024-07-08 21:25:00','2024-07-08 21:25:14','2024-07-08 21:25:14'),(202495,'sales_send_order_invoice_emails','success',NULL,'2024-07-08 21:06:02','2024-07-08 21:06:00','2024-07-08 21:06:13','2024-07-08 21:06:13'),(202496,'sales_send_order_invoice_emails','success',NULL,'2024-07-08 21:06:02','2024-07-08 21:07:00','2024-07-08 21:07:11','2024-07-08 21:07:11'),(202497,'sales_send_order_invoice_emails','success',NULL,'2024-07-08 21:06:02','2024-07-08 21:08:00','2024-07-08 21:08:13','2024-07-08 21:08:13'),(202498,'sales_send_order_invoice_emails','success',NULL,'2024-07-08 21:06:02','2024-07-08 21:09:00','2024-07-08 21:09:12','2024-07-08 21:09:12'),(202499,'sales_send_order_invoice_emails','success',NULL,'2024-07-08 21:06:02','2024-07-08 21:10:00','2024-07-08 21:10:13','2024-07-08 21:10:13'),(202500,'sales_send_order_invoice_emails','success',NULL,'2024-07-08 21:06:02','2024-07-08 21:11:00','2024-07-08 21:11:12','2024-07-08 21:11:12'),(202501,'sales_send_order_invoice_emails','success',NULL,'2024-07-08 21:06:02','2024-07-08 21:12:00','2024-07-08 21:12:14','2024-07-08 21:12:14'),(202502,'sales_send_order_invoice_emails','success',NULL,'2024-07-08 21:06:02','2024-07-08 21:13:00','2024-07-08 21:13:14','2024-07-08 21:13:14'),(202503,'sales_send_order_invoice_emails','success',NULL,'2024-07-08 21:06:02','2024-07-08 21:14:00','2024-07-08 21:14:15','2024-07-08 21:14:15'),(202504,'sales_send_order_invoice_emails','success',NULL,'2024-07-08 21:06:02','2024-07-08 21:15:00','2024-07-08 21:15:14','2024-07-08 21:15:14'),(202505,'sales_send_order_invoice_emails','success',NULL,'2024-07-08 21:06:02','2024-07-08 21:16:00','2024-07-08 21:16:15','2024-07-08 21:16:15'),(202506,'sales_send_order_invoice_emails','success',NULL,'2024-07-08 21:06:02','2024-07-08 21:17:00','2024-07-08 21:17:14','2024-07-08 21:17:14'),(202507,'sales_send_order_invoice_emails','success',NULL,'2024-07-08 21:06:02','2024-07-08 21:18:00','2024-07-08 21:18:13','2024-07-08 21:18:13'),(202508,'sales_send_order_invoice_emails','success',NULL,'2024-07-08 21:06:02','2024-07-08 21:19:00','2024-07-08 21:19:15','2024-07-08 21:19:15'),(202509,'sales_send_order_invoice_emails','success',NULL,'2024-07-08 21:06:02','2024-07-08 21:20:00','2024-07-08 21:20:14','2024-07-08 21:20:14'),(202510,'sales_send_order_invoice_emails','success',NULL,'2024-07-08 21:06:02','2024-07-08 21:21:00','2024-07-08 21:21:15','2024-07-08 21:21:15'),(202511,'sales_send_order_invoice_emails','success',NULL,'2024-07-08 21:06:02','2024-07-08 21:22:00','2024-07-08 21:22:14','2024-07-08 21:22:14'),(202512,'sales_send_order_invoice_emails','success',NULL,'2024-07-08 21:06:02','2024-07-08 21:23:00','2024-07-08 21:23:15','2024-07-08 21:23:15'),(202513,'sales_send_order_invoice_emails','success',NULL,'2024-07-08 21:06:02','2024-07-08 21:24:00','2024-07-08 21:24:14','2024-07-08 21:24:14'),(202514,'sales_send_order_invoice_emails','success',NULL,'2024-07-08 21:06:02','2024-07-08 21:25:00','2024-07-08 21:25:14','2024-07-08 21:25:14'),(202515,'sales_send_order_shipment_emails','success',NULL,'2024-07-08 21:06:02','2024-07-08 21:06:00','2024-07-08 21:06:13','2024-07-08 21:06:13'),(202516,'sales_send_order_shipment_emails','success',NULL,'2024-07-08 21:06:02','2024-07-08 21:07:00','2024-07-08 21:07:11','2024-07-08 21:07:11'),(202517,'sales_send_order_shipment_emails','success',NULL,'2024-07-08 21:06:02','2024-07-08 21:08:00','2024-07-08 21:08:13','2024-07-08 21:08:13'),(202518,'sales_send_order_shipment_emails','success',NULL,'2024-07-08 21:06:02','2024-07-08 21:09:00','2024-07-08 21:09:12','2024-07-08 21:09:12'),(202519,'sales_send_order_shipment_emails','success',NULL,'2024-07-08 21:06:02','2024-07-08 21:10:00','2024-07-08 21:10:13','2024-07-08 21:10:13'),(202520,'sales_send_order_shipment_emails','success',NULL,'2024-07-08 21:06:02','2024-07-08 21:11:00','2024-07-08 21:11:12','2024-07-08 21:11:12'),(202521,'sales_send_order_shipment_emails','success',NULL,'2024-07-08 21:06:02','2024-07-08 21:12:00','2024-07-08 21:12:14','2024-07-08 21:12:14'),(202522,'sales_send_order_shipment_emails','success',NULL,'2024-07-08 21:06:02','2024-07-08 21:13:00','2024-07-08 21:13:14','2024-07-08 21:13:14'),(202523,'sales_send_order_shipment_emails','success',NULL,'2024-07-08 21:06:02','2024-07-08 21:14:00','2024-07-08 21:14:15','2024-07-08 21:14:15'),(202524,'sales_send_order_shipment_emails','success',NULL,'2024-07-08 21:06:02','2024-07-08 21:15:00','2024-07-08 21:15:14','2024-07-08 21:15:14'),(202525,'sales_send_order_shipment_emails','success',NULL,'2024-07-08 21:06:02','2024-07-08 21:16:00','2024-07-08 21:16:15','2024-07-08 21:16:15'),(202526,'sales_send_order_shipment_emails','success',NULL,'2024-07-08 21:06:02','2024-07-08 21:17:00','2024-07-08 21:17:14','2024-07-08 21:17:14'),(202527,'sales_send_order_shipment_emails','success',NULL,'2024-07-08 21:06:02','2024-07-08 21:18:00','2024-07-08 21:18:13','2024-07-08 21:18:13'),(202528,'sales_send_order_shipment_emails','success',NULL,'2024-07-08 21:06:02','2024-07-08 21:19:00','2024-07-08 21:19:15','2024-07-08 21:19:15'),(202529,'sales_send_order_shipment_emails','success',NULL,'2024-07-08 21:06:02','2024-07-08 21:20:00','2024-07-08 21:20:14','2024-07-08 21:20:14'),(202530,'sales_send_order_shipment_emails','success',NULL,'2024-07-08 21:06:02','2024-07-08 21:21:00','2024-07-08 21:21:15','2024-07-08 21:21:15'),(202531,'sales_send_order_shipment_emails','success',NULL,'2024-07-08 21:06:02','2024-07-08 21:22:00','2024-07-08 21:22:14','2024-07-08 21:22:14'),(202532,'sales_send_order_shipment_emails','success',NULL,'2024-07-08 21:06:02','2024-07-08 21:23:00','2024-07-08 21:23:15','2024-07-08 21:23:15'),(202533,'sales_send_order_shipment_emails','success',NULL,'2024-07-08 21:06:02','2024-07-08 21:24:00','2024-07-08 21:24:14','2024-07-08 21:24:14'),(202534,'sales_send_order_shipment_emails','success',NULL,'2024-07-08 21:06:02','2024-07-08 21:25:00','2024-07-08 21:25:14','2024-07-08 21:25:14'),(202535,'sales_send_order_creditmemo_emails','success',NULL,'2024-07-08 21:06:02','2024-07-08 21:06:00','2024-07-08 21:06:13','2024-07-08 21:06:13'),(202536,'sales_send_order_creditmemo_emails','success',NULL,'2024-07-08 21:06:02','2024-07-08 21:07:00','2024-07-08 21:07:11','2024-07-08 21:07:11'),(202537,'sales_send_order_creditmemo_emails','success',NULL,'2024-07-08 21:06:02','2024-07-08 21:08:00','2024-07-08 21:08:13','2024-07-08 21:08:13'),(202538,'sales_send_order_creditmemo_emails','success',NULL,'2024-07-08 21:06:02','2024-07-08 21:09:00','2024-07-08 21:09:12','2024-07-08 21:09:12'),(202539,'sales_send_order_creditmemo_emails','success',NULL,'2024-07-08 21:06:02','2024-07-08 21:10:00','2024-07-08 21:10:13','2024-07-08 21:10:13'),(202540,'sales_send_order_creditmemo_emails','success',NULL,'2024-07-08 21:06:02','2024-07-08 21:11:00','2024-07-08 21:11:12','2024-07-08 21:11:12'),(202541,'sales_send_order_creditmemo_emails','success',NULL,'2024-07-08 21:06:02','2024-07-08 21:12:00','2024-07-08 21:12:14','2024-07-08 21:12:14'),(202542,'sales_send_order_creditmemo_emails','success',NULL,'2024-07-08 21:06:02','2024-07-08 21:13:00','2024-07-08 21:13:14','2024-07-08 21:13:14'),(202543,'sales_send_order_creditmemo_emails','success',NULL,'2024-07-08 21:06:02','2024-07-08 21:14:00','2024-07-08 21:14:15','2024-07-08 21:14:15'),(202544,'sales_send_order_creditmemo_emails','success',NULL,'2024-07-08 21:06:02','2024-07-08 21:15:00','2024-07-08 21:15:14','2024-07-08 21:15:14'),(202545,'sales_send_order_creditmemo_emails','success',NULL,'2024-07-08 21:06:02','2024-07-08 21:16:00','2024-07-08 21:16:14','2024-07-08 21:16:14'),(202546,'sales_send_order_creditmemo_emails','success',NULL,'2024-07-08 21:06:02','2024-07-08 21:17:00','2024-07-08 21:17:14','2024-07-08 21:17:14'),(202547,'sales_send_order_creditmemo_emails','success',NULL,'2024-07-08 21:06:02','2024-07-08 21:18:00','2024-07-08 21:18:13','2024-07-08 21:18:13'),(202548,'sales_send_order_creditmemo_emails','success',NULL,'2024-07-08 21:06:02','2024-07-08 21:19:00','2024-07-08 21:19:15','2024-07-08 21:19:15'),(202549,'sales_send_order_creditmemo_emails','success',NULL,'2024-07-08 21:06:02','2024-07-08 21:20:00','2024-07-08 21:20:14','2024-07-08 21:20:14'),(202550,'sales_send_order_creditmemo_emails','success',NULL,'2024-07-08 21:06:02','2024-07-08 21:21:00','2024-07-08 21:21:15','2024-07-08 21:21:15'),(202551,'sales_send_order_creditmemo_emails','success',NULL,'2024-07-08 21:06:02','2024-07-08 21:22:00','2024-07-08 21:22:14','2024-07-08 21:22:14'),(202552,'sales_send_order_creditmemo_emails','success',NULL,'2024-07-08 21:06:02','2024-07-08 21:23:00','2024-07-08 21:23:15','2024-07-08 21:23:15'),(202553,'sales_send_order_creditmemo_emails','success',NULL,'2024-07-08 21:06:02','2024-07-08 21:24:00','2024-07-08 21:24:14','2024-07-08 21:24:14'),(202554,'sales_send_order_creditmemo_emails','success',NULL,'2024-07-08 21:06:02','2024-07-08 21:25:00','2024-07-08 21:25:14','2024-07-08 21:25:14'),(202555,'captcha_delete_expired_images','success',NULL,'2024-07-08 21:06:02','2024-07-08 21:20:00','2024-07-08 21:20:02','2024-07-08 21:20:02'),(202556,'inventory_in_store_pickup_sales_send_order_notified_emails','success',NULL,'2024-07-08 21:06:02','2024-07-08 21:11:00','2024-07-08 21:11:12','2024-07-08 21:11:12'),(202557,'inventory_in_store_pickup_sales_send_order_notified_emails','success',NULL,'2024-07-08 21:06:02','2024-07-08 21:12:00','2024-07-08 21:12:14','2024-07-08 21:12:14'),(202558,'inventory_in_store_pickup_sales_send_order_notified_emails','success',NULL,'2024-07-08 21:06:02','2024-07-08 21:13:00','2024-07-08 21:13:14','2024-07-08 21:13:14'),(202559,'inventory_in_store_pickup_sales_send_order_notified_emails','success',NULL,'2024-07-08 21:06:02','2024-07-08 21:14:00','2024-07-08 21:14:15','2024-07-08 21:14:15'),(202560,'inventory_in_store_pickup_sales_send_order_notified_emails','success',NULL,'2024-07-08 21:06:02','2024-07-08 21:15:00','2024-07-08 21:15:14','2024-07-08 21:15:14'),(202561,'inventory_in_store_pickup_sales_send_order_notified_emails','success',NULL,'2024-07-08 21:06:02','2024-07-08 21:16:00','2024-07-08 21:16:14','2024-07-08 21:16:14'),(202562,'inventory_in_store_pickup_sales_send_order_notified_emails','success',NULL,'2024-07-08 21:06:02','2024-07-08 21:17:00','2024-07-08 21:17:14','2024-07-08 21:17:14'),(202563,'inventory_in_store_pickup_sales_send_order_notified_emails','success',NULL,'2024-07-08 21:06:02','2024-07-08 21:18:00','2024-07-08 21:18:13','2024-07-08 21:18:13'),(202564,'inventory_in_store_pickup_sales_send_order_notified_emails','success',NULL,'2024-07-08 21:06:02','2024-07-08 21:19:00','2024-07-08 21:19:15','2024-07-08 21:19:15'),(202565,'inventory_in_store_pickup_sales_send_order_notified_emails','success',NULL,'2024-07-08 21:06:02','2024-07-08 21:20:00','2024-07-08 21:20:14','2024-07-08 21:20:14'),(202566,'inventory_in_store_pickup_sales_send_order_notified_emails','success',NULL,'2024-07-08 21:06:02','2024-07-08 21:21:00','2024-07-08 21:21:15','2024-07-08 21:21:15'),(202567,'inventory_in_store_pickup_sales_send_order_notified_emails','success',NULL,'2024-07-08 21:06:02','2024-07-08 21:22:00','2024-07-08 21:22:14','2024-07-08 21:22:14'),(202568,'inventory_in_store_pickup_sales_send_order_notified_emails','success',NULL,'2024-07-08 21:06:02','2024-07-08 21:23:00','2024-07-08 21:23:14','2024-07-08 21:23:14'),(202569,'inventory_in_store_pickup_sales_send_order_notified_emails','success',NULL,'2024-07-08 21:06:02','2024-07-08 21:24:00','2024-07-08 21:24:14','2024-07-08 21:24:14'),(202570,'inventory_in_store_pickup_sales_send_order_notified_emails','success',NULL,'2024-07-08 21:06:02','2024-07-08 21:25:00','2024-07-08 21:25:14','2024-07-08 21:25:14'),(202571,'magento_newrelicreporting_cron','success',NULL,'2024-07-08 21:06:02','2024-07-08 21:06:00','2024-07-08 21:06:12','2024-07-08 21:06:12'),(202572,'magento_newrelicreporting_cron','success',NULL,'2024-07-08 21:06:02','2024-07-08 21:08:00','2024-07-08 21:08:13','2024-07-08 21:08:13'),(202573,'magento_newrelicreporting_cron','success',NULL,'2024-07-08 21:06:02','2024-07-08 21:10:00','2024-07-08 21:10:13','2024-07-08 21:10:13'),(202574,'magento_newrelicreporting_cron','success',NULL,'2024-07-08 21:06:02','2024-07-08 21:12:00','2024-07-08 21:12:14','2024-07-08 21:12:14'),(202575,'magento_newrelicreporting_cron','success',NULL,'2024-07-08 21:06:02','2024-07-08 21:14:00','2024-07-08 21:14:15','2024-07-08 21:14:15'),(202576,'magento_newrelicreporting_cron','success',NULL,'2024-07-08 21:06:02','2024-07-08 21:16:00','2024-07-08 21:16:14','2024-07-08 21:16:14'),(202577,'magento_newrelicreporting_cron','success',NULL,'2024-07-08 21:06:02','2024-07-08 21:18:00','2024-07-08 21:18:13','2024-07-08 21:18:13'),(202578,'magento_newrelicreporting_cron','success',NULL,'2024-07-08 21:06:02','2024-07-08 21:20:00','2024-07-08 21:20:14','2024-07-08 21:20:14'),(202579,'magento_newrelicreporting_cron','success',NULL,'2024-07-08 21:06:02','2024-07-08 21:22:00','2024-07-08 21:22:14','2024-07-08 21:22:14'),(202580,'magento_newrelicreporting_cron','success',NULL,'2024-07-08 21:06:02','2024-07-08 21:24:00','2024-07-08 21:24:14','2024-07-08 21:24:14'),(202581,'newsletter_send_all','success',NULL,'2024-07-08 21:06:02','2024-07-08 21:10:00','2024-07-08 21:10:13','2024-07-08 21:10:13'),(202582,'newsletter_send_all','success',NULL,'2024-07-08 21:06:02','2024-07-08 21:15:00','2024-07-08 21:15:14','2024-07-08 21:15:14'),(202583,'newsletter_send_all','success',NULL,'2024-07-08 21:06:02','2024-07-08 21:20:00','2024-07-08 21:20:14','2024-07-08 21:20:14'),(202584,'newsletter_send_all','success',NULL,'2024-07-08 21:06:02','2024-07-08 21:25:00','2024-07-08 21:25:14','2024-07-08 21:25:14'),(202585,'bulk_cleanup','success',NULL,'2024-07-08 21:06:02','2024-07-08 21:11:00','2024-07-08 21:11:02','2024-07-08 21:11:02'),(202586,'bulk_cleanup','success',NULL,'2024-07-08 21:06:02','2024-07-08 21:12:00','2024-07-08 21:12:02','2024-07-08 21:12:02'),(202587,'bulk_cleanup','success',NULL,'2024-07-08 21:06:02','2024-07-08 21:13:00','2024-07-08 21:13:02','2024-07-08 21:13:02'),(202588,'bulk_cleanup','success',NULL,'2024-07-08 21:06:02','2024-07-08 21:14:00','2024-07-08 21:14:02','2024-07-08 21:14:02'),(202589,'bulk_cleanup','success',NULL,'2024-07-08 21:06:02','2024-07-08 21:15:00','2024-07-08 21:15:02','2024-07-08 21:15:02'),(202590,'bulk_cleanup','success',NULL,'2024-07-08 21:06:02','2024-07-08 21:16:00','2024-07-08 21:16:02','2024-07-08 21:16:02'),(202591,'bulk_cleanup','success',NULL,'2024-07-08 21:06:02','2024-07-08 21:17:00','2024-07-08 21:17:01','2024-07-08 21:17:01'),(202592,'bulk_cleanup','success',NULL,'2024-07-08 21:06:02','2024-07-08 21:18:00','2024-07-08 21:18:02','2024-07-08 21:18:02'),(202593,'bulk_cleanup','success',NULL,'2024-07-08 21:06:02','2024-07-08 21:19:00','2024-07-08 21:19:02','2024-07-08 21:19:02'),(202594,'bulk_cleanup','success',NULL,'2024-07-08 21:06:02','2024-07-08 21:20:00','2024-07-08 21:20:02','2024-07-08 21:20:02'),(202595,'bulk_cleanup','success',NULL,'2024-07-08 21:06:02','2024-07-08 21:21:00','2024-07-08 21:21:02','2024-07-08 21:21:02'),(202596,'bulk_cleanup','success',NULL,'2024-07-08 21:06:02','2024-07-08 21:22:00','2024-07-08 21:22:02','2024-07-08 21:22:02'),(202597,'bulk_cleanup','success',NULL,'2024-07-08 21:06:02','2024-07-08 21:23:00','2024-07-08 21:23:02','2024-07-08 21:23:02'),(202598,'bulk_cleanup','success',NULL,'2024-07-08 21:06:02','2024-07-08 21:24:00','2024-07-08 21:24:02','2024-07-08 21:24:02'),(202599,'bulk_cleanup','success',NULL,'2024-07-08 21:06:02','2024-07-08 21:25:00','2024-07-08 21:25:02','2024-07-08 21:25:02'),(202600,'bulk_mark_incomplete_operations_as_failed','success',NULL,'2024-07-08 21:06:02','2024-07-08 21:20:00','2024-07-08 21:20:02','2024-07-08 21:20:02'),(202601,'cron_for_fabric_generation','error','Warning: file_get_contents(): php_network_getaddresses: getaddrinfo for s3.eu-west-2.amazonaws.com failed: Temporary failure in name resolution in /var/www/html/ecom/app/code/Suit/SuitTool/Cron/Fabric.php on line 37','2024-07-08 21:06:02','2024-07-08 21:11:00','2024-07-08 21:11:02',NULL),(202602,'cron_for_fabric_generation','error','Warning: file_get_contents(): php_network_getaddresses: getaddrinfo for s3.eu-west-2.amazonaws.com failed: Temporary failure in name resolution in /var/www/html/ecom/app/code/Suit/SuitTool/Cron/Fabric.php on line 37','2024-07-08 21:06:02','2024-07-08 21:12:00','2024-07-08 21:12:02',NULL),(202603,'cron_for_fabric_generation','error','Warning: file_get_contents(): php_network_getaddresses: getaddrinfo for s3.eu-west-2.amazonaws.com failed: Temporary failure in name resolution in /var/www/html/ecom/app/code/Suit/SuitTool/Cron/Fabric.php on line 37','2024-07-08 21:06:02','2024-07-08 21:13:00','2024-07-08 21:13:02',NULL),(202604,'cron_for_fabric_generation','error','Warning: file_get_contents(): php_network_getaddresses: getaddrinfo for s3.eu-west-2.amazonaws.com failed: Temporary failure in name resolution in /var/www/html/ecom/app/code/Suit/SuitTool/Cron/Fabric.php on line 37','2024-07-08 21:06:02','2024-07-08 21:14:00','2024-07-08 21:14:02',NULL),(202605,'cron_for_fabric_generation','error','Warning: file_get_contents(): php_network_getaddresses: getaddrinfo for s3.eu-west-2.amazonaws.com failed: Temporary failure in name resolution in /var/www/html/ecom/app/code/Suit/SuitTool/Cron/Fabric.php on line 37','2024-07-08 21:06:02','2024-07-08 21:15:00','2024-07-08 21:15:02',NULL),(202606,'cron_for_fabric_generation','error','Warning: file_get_contents(): php_network_getaddresses: getaddrinfo for s3.eu-west-2.amazonaws.com failed: Temporary failure in name resolution in /var/www/html/ecom/app/code/Suit/SuitTool/Cron/Fabric.php on line 37','2024-07-08 21:06:02','2024-07-08 21:16:00','2024-07-08 21:16:02',NULL),(202607,'cron_for_fabric_generation','error','Warning: file_get_contents(): php_network_getaddresses: getaddrinfo for s3.eu-west-2.amazonaws.com failed: Temporary failure in name resolution in /var/www/html/ecom/app/code/Suit/SuitTool/Cron/Fabric.php on line 37','2024-07-08 21:06:02','2024-07-08 21:17:00','2024-07-08 21:17:01',NULL),(202608,'cron_for_fabric_generation','error','Warning: file_get_contents(): php_network_getaddresses: getaddrinfo for s3.eu-west-2.amazonaws.com failed: Temporary failure in name resolution in /var/www/html/ecom/app/code/Suit/SuitTool/Cron/Fabric.php on line 37','2024-07-08 21:06:02','2024-07-08 21:18:00','2024-07-08 21:18:02',NULL),(202609,'cron_for_fabric_generation','error','Warning: file_get_contents(): php_network_getaddresses: getaddrinfo for s3.eu-west-2.amazonaws.com failed: Temporary failure in name resolution in /var/www/html/ecom/app/code/Suit/SuitTool/Cron/Fabric.php on line 37','2024-07-08 21:06:02','2024-07-08 21:19:00','2024-07-08 21:19:02',NULL),(202610,'cron_for_fabric_generation','error','Warning: file_get_contents(): php_network_getaddresses: getaddrinfo for s3.eu-west-2.amazonaws.com failed: Temporary failure in name resolution in /var/www/html/ecom/app/code/Suit/SuitTool/Cron/Fabric.php on line 37','2024-07-08 21:06:02','2024-07-08 21:20:00','2024-07-08 21:20:02',NULL),(202611,'cron_for_fabric_generation','error','Warning: file_get_contents(): php_network_getaddresses: getaddrinfo for s3.eu-west-2.amazonaws.com failed: Temporary failure in name resolution in /var/www/html/ecom/app/code/Suit/SuitTool/Cron/Fabric.php on line 37','2024-07-08 21:06:02','2024-07-08 21:21:00','2024-07-08 21:21:02',NULL),(202612,'cron_for_fabric_generation','error','Warning: file_get_contents(): php_network_getaddresses: getaddrinfo for s3.eu-west-2.amazonaws.com failed: Temporary failure in name resolution in /var/www/html/ecom/app/code/Suit/SuitTool/Cron/Fabric.php on line 37','2024-07-08 21:06:02','2024-07-08 21:22:00','2024-07-08 21:22:02',NULL),(202613,'cron_for_fabric_generation','error','Warning: file_get_contents(): php_network_getaddresses: getaddrinfo for s3.eu-west-2.amazonaws.com failed: Temporary failure in name resolution in /var/www/html/ecom/app/code/Suit/SuitTool/Cron/Fabric.php on line 37','2024-07-08 21:06:02','2024-07-08 21:23:00','2024-07-08 21:23:02',NULL),(202614,'cron_for_fabric_generation','error','Warning: file_get_contents(): php_network_getaddresses: getaddrinfo for s3.eu-west-2.amazonaws.com failed: Temporary failure in name resolution in /var/www/html/ecom/app/code/Suit/SuitTool/Cron/Fabric.php on line 37','2024-07-08 21:06:02','2024-07-08 21:24:00','2024-07-08 21:24:02',NULL),(202615,'cron_for_fabric_generation','error','Warning: file_get_contents(): php_network_getaddresses: getaddrinfo for s3.eu-west-2.amazonaws.com failed: Temporary failure in name resolution in /var/www/html/ecom/app/code/Suit/SuitTool/Cron/Fabric.php on line 37','2024-07-08 21:06:02','2024-07-08 21:25:00','2024-07-08 21:25:02',NULL),(202616,'indexer_reindex_all_invalid','success',NULL,'2024-07-08 21:06:03','2024-07-08 21:09:00','2024-07-08 21:09:03','2024-07-08 21:09:03'),(202617,'indexer_update_all_views','success',NULL,'2024-07-08 21:06:03','2024-07-08 21:09:00','2024-07-08 21:09:03','2024-07-08 21:09:03'),(202618,'indexer_reindex_all_invalid','success',NULL,'2024-07-08 21:08:03','2024-07-08 21:10:00','2024-07-08 21:10:02','2024-07-08 21:10:02'),(202619,'indexer_reindex_all_invalid','success',NULL,'2024-07-08 21:08:03','2024-07-08 21:11:00','2024-07-08 21:11:03','2024-07-08 21:11:03'),(202620,'indexer_update_all_views','success',NULL,'2024-07-08 21:08:03','2024-07-08 21:10:00','2024-07-08 21:10:02','2024-07-08 21:10:02'),(202621,'indexer_update_all_views','success',NULL,'2024-07-08 21:08:03','2024-07-08 21:11:00','2024-07-08 21:11:03','2024-07-08 21:11:03'),(202622,'indexer_reindex_all_invalid','success',NULL,'2024-07-08 21:09:03','2024-07-08 21:12:00','2024-07-08 21:12:03','2024-07-08 21:12:03'),(202623,'indexer_update_all_views','success',NULL,'2024-07-08 21:09:03','2024-07-08 21:12:00','2024-07-08 21:12:03','2024-07-08 21:12:03'),(202624,'indexer_reindex_all_invalid','success',NULL,'2024-07-08 21:11:03','2024-07-08 21:13:00','2024-07-08 21:13:03','2024-07-08 21:13:03'),(202625,'indexer_reindex_all_invalid','success',NULL,'2024-07-08 21:11:03','2024-07-08 21:14:00','2024-07-08 21:14:03','2024-07-08 21:14:03'),(202626,'indexer_update_all_views','success',NULL,'2024-07-08 21:11:03','2024-07-08 21:13:00','2024-07-08 21:13:03','2024-07-08 21:13:03'),(202627,'indexer_update_all_views','success',NULL,'2024-07-08 21:11:03','2024-07-08 21:14:00','2024-07-08 21:14:03','2024-07-08 21:14:03'),(202628,'indexer_reindex_all_invalid','success',NULL,'2024-07-08 21:12:03','2024-07-08 21:15:00','2024-07-08 21:15:03','2024-07-08 21:15:03'),(202629,'indexer_update_all_views','success',NULL,'2024-07-08 21:12:03','2024-07-08 21:15:00','2024-07-08 21:15:03','2024-07-08 21:15:03'),(202630,'indexer_reindex_all_invalid','success',NULL,'2024-07-08 21:13:03','2024-07-08 21:16:00','2024-07-08 21:16:03','2024-07-08 21:16:03'),(202631,'indexer_update_all_views','success',NULL,'2024-07-08 21:13:03','2024-07-08 21:16:00','2024-07-08 21:16:03','2024-07-08 21:16:03'),(202632,'consumers_runner','success',NULL,'2024-07-08 21:14:03','2024-07-08 21:19:00','2024-07-08 21:19:03','2024-07-08 21:19:03'),(202633,'consumers_runner','success',NULL,'2024-07-08 21:14:03','2024-07-08 21:20:00','2024-07-08 21:20:03','2024-07-08 21:20:03'),(202634,'consumers_runner','success',NULL,'2024-07-08 21:14:03','2024-07-08 21:21:00','2024-07-08 21:21:03','2024-07-08 21:21:03'),(202635,'consumers_runner','success',NULL,'2024-07-08 21:14:03','2024-07-08 21:22:00','2024-07-08 21:22:03','2024-07-08 21:22:03'),(202636,'consumers_runner','success',NULL,'2024-07-08 21:14:03','2024-07-08 21:23:00','2024-07-08 21:23:03','2024-07-08 21:23:03'),(202637,'consumers_runner','success',NULL,'2024-07-08 21:14:03','2024-07-08 21:24:00','2024-07-08 21:24:02','2024-07-08 21:24:02'),(202638,'consumers_runner','success',NULL,'2024-07-08 21:14:03','2024-07-08 21:25:00','2024-07-08 21:25:03','2024-07-08 21:25:03'),(202639,'consumers_runner','success',NULL,'2024-07-08 21:14:03','2024-07-08 21:26:00','2024-07-08 21:26:03','2024-07-08 21:26:03'),(202640,'indexer_reindex_all_invalid','success',NULL,'2024-07-08 21:14:03','2024-07-08 21:17:00','2024-07-08 21:17:02','2024-07-08 21:17:02'),(202641,'consumers_runner','success',NULL,'2024-07-08 21:14:03','2024-07-08 21:27:00','2024-07-08 21:27:03','2024-07-08 21:27:03'),(202642,'consumers_runner','success',NULL,'2024-07-08 21:14:03','2024-07-08 21:28:00','2024-07-08 21:28:03','2024-07-08 21:28:03'),(202643,'consumers_runner','success',NULL,'2024-07-08 21:14:03','2024-07-08 21:29:00','2024-07-08 21:29:03','2024-07-08 21:29:03'),(202644,'indexer_update_all_views','success',NULL,'2024-07-08 21:14:03','2024-07-08 21:17:00','2024-07-08 21:17:02','2024-07-08 21:17:02'),(202645,'consumers_runner','success',NULL,'2024-07-08 21:14:03','2024-07-08 21:30:00','2024-07-08 21:30:03','2024-07-08 21:30:03'),(202646,'consumers_runner','pending',NULL,'2024-07-08 21:14:03','2024-07-08 21:31:00',NULL,NULL),(202647,'consumers_runner','pending',NULL,'2024-07-08 21:14:03','2024-07-08 21:32:00',NULL,NULL),(202648,'consumers_runner','pending',NULL,'2024-07-08 21:14:03','2024-07-08 21:33:00',NULL,NULL),(202649,'indexer_reindex_all_invalid','success',NULL,'2024-07-08 21:15:03','2024-07-08 21:18:00','2024-07-08 21:18:03','2024-07-08 21:18:03'),(202650,'indexer_update_all_views','success',NULL,'2024-07-08 21:15:03','2024-07-08 21:18:00','2024-07-08 21:18:03','2024-07-08 21:18:03'),(202651,'indexer_reindex_all_invalid','success',NULL,'2024-07-08 21:16:03','2024-07-08 21:19:00','2024-07-08 21:19:03','2024-07-08 21:19:03'),(202652,'indexer_update_all_views','success',NULL,'2024-07-08 21:16:03','2024-07-08 21:19:00','2024-07-08 21:19:03','2024-07-08 21:19:03'),(202653,'indexer_reindex_all_invalid','success',NULL,'2024-07-08 21:18:03','2024-07-08 21:20:00','2024-07-08 21:20:03','2024-07-08 21:20:03'),(202654,'indexer_reindex_all_invalid','success',NULL,'2024-07-08 21:18:03','2024-07-08 21:21:00','2024-07-08 21:21:03','2024-07-08 21:21:03'),(202655,'indexer_update_all_views','success',NULL,'2024-07-08 21:18:03','2024-07-08 21:20:00','2024-07-08 21:20:03','2024-07-08 21:20:03'),(202656,'indexer_update_all_views','success',NULL,'2024-07-08 21:18:03','2024-07-08 21:21:00','2024-07-08 21:21:03','2024-07-08 21:21:03'),(202657,'indexer_reindex_all_invalid','success',NULL,'2024-07-08 21:19:03','2024-07-08 21:22:00','2024-07-08 21:22:03','2024-07-08 21:22:03'),(202658,'indexer_update_all_views','success',NULL,'2024-07-08 21:19:03','2024-07-08 21:22:00','2024-07-08 21:22:03','2024-07-08 21:22:03'),(202659,'indexer_reindex_all_invalid','success',NULL,'2024-07-08 21:20:03','2024-07-08 21:23:00','2024-07-08 21:23:03','2024-07-08 21:23:03'),(202660,'indexer_update_all_views','success',NULL,'2024-07-08 21:20:03','2024-07-08 21:23:00','2024-07-08 21:23:03','2024-07-08 21:23:03'),(202661,'catalog_product_outdated_price_values_cleanup','success',NULL,'2024-07-08 21:21:02','2024-07-08 21:26:00','2024-07-08 21:26:02','2024-07-08 21:26:02'),(202662,'catalog_product_outdated_price_values_cleanup','success',NULL,'2024-07-08 21:21:02','2024-07-08 21:27:00','2024-07-08 21:27:02','2024-07-08 21:27:02'),(202663,'catalog_product_outdated_price_values_cleanup','success',NULL,'2024-07-08 21:21:02','2024-07-08 21:28:00','2024-07-08 21:28:02','2024-07-08 21:28:02'),(202664,'catalog_product_outdated_price_values_cleanup','success',NULL,'2024-07-08 21:21:02','2024-07-08 21:29:00','2024-07-08 21:29:02','2024-07-08 21:29:02'),(202665,'catalog_product_outdated_price_values_cleanup','success',NULL,'2024-07-08 21:21:02','2024-07-08 21:30:00','2024-07-08 21:30:02','2024-07-08 21:30:02'),(202666,'catalog_product_outdated_price_values_cleanup','pending',NULL,'2024-07-08 21:21:02','2024-07-08 21:31:00',NULL,NULL),(202667,'catalog_product_outdated_price_values_cleanup','pending',NULL,'2024-07-08 21:21:02','2024-07-08 21:32:00',NULL,NULL),(202668,'catalog_product_outdated_price_values_cleanup','pending',NULL,'2024-07-08 21:21:02','2024-07-08 21:33:00',NULL,NULL),(202669,'catalog_product_outdated_price_values_cleanup','pending',NULL,'2024-07-08 21:21:02','2024-07-08 21:34:00',NULL,NULL),(202670,'catalog_product_outdated_price_values_cleanup','pending',NULL,'2024-07-08 21:21:02','2024-07-08 21:35:00',NULL,NULL),(202671,'catalog_product_outdated_price_values_cleanup','pending',NULL,'2024-07-08 21:21:02','2024-07-08 21:36:00',NULL,NULL),(202672,'catalog_product_outdated_price_values_cleanup','pending',NULL,'2024-07-08 21:21:02','2024-07-08 21:37:00',NULL,NULL),(202673,'catalog_product_outdated_price_values_cleanup','pending',NULL,'2024-07-08 21:21:02','2024-07-08 21:38:00',NULL,NULL),(202674,'catalog_product_outdated_price_values_cleanup','pending',NULL,'2024-07-08 21:21:02','2024-07-08 21:39:00',NULL,NULL),(202675,'catalog_product_outdated_price_values_cleanup','pending',NULL,'2024-07-08 21:21:02','2024-07-08 21:40:00',NULL,NULL),(202676,'catalog_product_frontend_actions_flush','success',NULL,'2024-07-08 21:21:02','2024-07-08 21:26:00','2024-07-08 21:26:02','2024-07-08 21:26:02'),(202677,'catalog_product_frontend_actions_flush','success',NULL,'2024-07-08 21:21:02','2024-07-08 21:27:00','2024-07-08 21:27:02','2024-07-08 21:27:02'),(202678,'catalog_product_frontend_actions_flush','success',NULL,'2024-07-08 21:21:02','2024-07-08 21:28:00','2024-07-08 21:28:02','2024-07-08 21:28:02'),(202679,'catalog_product_frontend_actions_flush','success',NULL,'2024-07-08 21:21:02','2024-07-08 21:29:00','2024-07-08 21:29:02','2024-07-08 21:29:02'),(202680,'catalog_product_frontend_actions_flush','success',NULL,'2024-07-08 21:21:02','2024-07-08 21:30:00','2024-07-08 21:30:02','2024-07-08 21:30:02'),(202681,'catalog_product_frontend_actions_flush','pending',NULL,'2024-07-08 21:21:02','2024-07-08 21:31:00',NULL,NULL),(202682,'catalog_product_frontend_actions_flush','pending',NULL,'2024-07-08 21:21:02','2024-07-08 21:32:00',NULL,NULL),(202683,'catalog_product_frontend_actions_flush','pending',NULL,'2024-07-08 21:21:02','2024-07-08 21:33:00',NULL,NULL),(202684,'catalog_product_frontend_actions_flush','pending',NULL,'2024-07-08 21:21:02','2024-07-08 21:34:00',NULL,NULL),(202685,'catalog_product_frontend_actions_flush','pending',NULL,'2024-07-08 21:21:02','2024-07-08 21:35:00',NULL,NULL),(202686,'catalog_product_frontend_actions_flush','pending',NULL,'2024-07-08 21:21:02','2024-07-08 21:36:00',NULL,NULL),(202687,'catalog_product_frontend_actions_flush','pending',NULL,'2024-07-08 21:21:02','2024-07-08 21:37:00',NULL,NULL),(202688,'catalog_product_frontend_actions_flush','pending',NULL,'2024-07-08 21:21:02','2024-07-08 21:38:00',NULL,NULL),(202689,'catalog_product_frontend_actions_flush','pending',NULL,'2024-07-08 21:21:02','2024-07-08 21:39:00',NULL,NULL),(202690,'catalog_product_frontend_actions_flush','pending',NULL,'2024-07-08 21:21:02','2024-07-08 21:40:00',NULL,NULL),(202691,'catalog_product_attribute_value_synchronize','success',NULL,'2024-07-08 21:21:02','2024-07-08 21:30:00','2024-07-08 21:30:02','2024-07-08 21:30:02'),(202692,'catalog_product_attribute_value_synchronize','pending',NULL,'2024-07-08 21:21:02','2024-07-08 21:35:00',NULL,NULL),(202693,'catalog_product_attribute_value_synchronize','pending',NULL,'2024-07-08 21:21:02','2024-07-08 21:40:00',NULL,NULL),(202694,'outdated_authentication_failures_cleanup','success',NULL,'2024-07-08 21:21:02','2024-07-08 21:26:00','2024-07-08 21:26:15','2024-07-08 21:26:15'),(202695,'outdated_authentication_failures_cleanup','success',NULL,'2024-07-08 21:21:02','2024-07-08 21:27:00','2024-07-08 21:27:14','2024-07-08 21:27:14'),(202696,'outdated_authentication_failures_cleanup','success',NULL,'2024-07-08 21:21:02','2024-07-08 21:28:00','2024-07-08 21:28:14','2024-07-08 21:28:14'),(202697,'outdated_authentication_failures_cleanup','success',NULL,'2024-07-08 21:21:02','2024-07-08 21:29:00','2024-07-08 21:29:15','2024-07-08 21:29:15'),(202698,'outdated_authentication_failures_cleanup','pending',NULL,'2024-07-08 21:21:02','2024-07-08 21:30:00',NULL,NULL),(202699,'outdated_authentication_failures_cleanup','pending',NULL,'2024-07-08 21:21:02','2024-07-08 21:31:00',NULL,NULL),(202700,'outdated_authentication_failures_cleanup','pending',NULL,'2024-07-08 21:21:02','2024-07-08 21:32:00',NULL,NULL),(202701,'outdated_authentication_failures_cleanup','pending',NULL,'2024-07-08 21:21:02','2024-07-08 21:33:00',NULL,NULL),(202702,'outdated_authentication_failures_cleanup','pending',NULL,'2024-07-08 21:21:02','2024-07-08 21:34:00',NULL,NULL),(202703,'outdated_authentication_failures_cleanup','pending',NULL,'2024-07-08 21:21:02','2024-07-08 21:35:00',NULL,NULL),(202704,'outdated_authentication_failures_cleanup','pending',NULL,'2024-07-08 21:21:02','2024-07-08 21:36:00',NULL,NULL),(202705,'outdated_authentication_failures_cleanup','pending',NULL,'2024-07-08 21:21:02','2024-07-08 21:37:00',NULL,NULL),(202706,'outdated_authentication_failures_cleanup','pending',NULL,'2024-07-08 21:21:02','2024-07-08 21:38:00',NULL,NULL),(202707,'outdated_authentication_failures_cleanup','pending',NULL,'2024-07-08 21:21:02','2024-07-08 21:39:00',NULL,NULL),(202708,'outdated_authentication_failures_cleanup','pending',NULL,'2024-07-08 21:21:02','2024-07-08 21:40:00',NULL,NULL),(202709,'sales_grid_order_async_insert','success',NULL,'2024-07-08 21:21:02','2024-07-08 21:26:00','2024-07-08 21:26:15','2024-07-08 21:26:15'),(202710,'sales_grid_order_async_insert','success',NULL,'2024-07-08 21:21:02','2024-07-08 21:27:00','2024-07-08 21:27:14','2024-07-08 21:27:14'),(202711,'sales_grid_order_async_insert','success',NULL,'2024-07-08 21:21:02','2024-07-08 21:28:00','2024-07-08 21:28:14','2024-07-08 21:28:14'),(202712,'sales_grid_order_async_insert','success',NULL,'2024-07-08 21:21:02','2024-07-08 21:29:00','2024-07-08 21:29:15','2024-07-08 21:29:15'),(202713,'sales_grid_order_async_insert','pending',NULL,'2024-07-08 21:21:02','2024-07-08 21:30:00',NULL,NULL),(202714,'sales_grid_order_async_insert','pending',NULL,'2024-07-08 21:21:02','2024-07-08 21:31:00',NULL,NULL),(202715,'sales_grid_order_async_insert','pending',NULL,'2024-07-08 21:21:02','2024-07-08 21:32:00',NULL,NULL),(202716,'sales_grid_order_async_insert','pending',NULL,'2024-07-08 21:21:02','2024-07-08 21:33:00',NULL,NULL),(202717,'sales_grid_order_async_insert','pending',NULL,'2024-07-08 21:21:02','2024-07-08 21:34:00',NULL,NULL),(202718,'sales_grid_order_async_insert','pending',NULL,'2024-07-08 21:21:02','2024-07-08 21:35:00',NULL,NULL),(202719,'sales_grid_order_async_insert','pending',NULL,'2024-07-08 21:21:02','2024-07-08 21:36:00',NULL,NULL),(202720,'sales_grid_order_async_insert','pending',NULL,'2024-07-08 21:21:02','2024-07-08 21:37:00',NULL,NULL),(202721,'sales_grid_order_async_insert','pending',NULL,'2024-07-08 21:21:02','2024-07-08 21:38:00',NULL,NULL),(202722,'sales_grid_order_async_insert','pending',NULL,'2024-07-08 21:21:02','2024-07-08 21:39:00',NULL,NULL),(202723,'sales_grid_order_async_insert','pending',NULL,'2024-07-08 21:21:02','2024-07-08 21:40:00',NULL,NULL),(202724,'sales_grid_order_invoice_async_insert','success',NULL,'2024-07-08 21:21:02','2024-07-08 21:26:00','2024-07-08 21:26:15','2024-07-08 21:26:15'),(202725,'sales_grid_order_invoice_async_insert','success',NULL,'2024-07-08 21:21:02','2024-07-08 21:27:00','2024-07-08 21:27:14','2024-07-08 21:27:14'),(202726,'sales_grid_order_invoice_async_insert','success',NULL,'2024-07-08 21:21:02','2024-07-08 21:28:00','2024-07-08 21:28:14','2024-07-08 21:28:14'),(202727,'sales_grid_order_invoice_async_insert','success',NULL,'2024-07-08 21:21:02','2024-07-08 21:29:00','2024-07-08 21:29:15','2024-07-08 21:29:15'),(202728,'sales_grid_order_invoice_async_insert','pending',NULL,'2024-07-08 21:21:02','2024-07-08 21:30:00',NULL,NULL),(202729,'sales_grid_order_invoice_async_insert','pending',NULL,'2024-07-08 21:21:02','2024-07-08 21:31:00',NULL,NULL),(202730,'sales_grid_order_invoice_async_insert','pending',NULL,'2024-07-08 21:21:02','2024-07-08 21:32:00',NULL,NULL),(202731,'sales_grid_order_invoice_async_insert','pending',NULL,'2024-07-08 21:21:02','2024-07-08 21:33:00',NULL,NULL),(202732,'sales_grid_order_invoice_async_insert','pending',NULL,'2024-07-08 21:21:02','2024-07-08 21:34:00',NULL,NULL),(202733,'sales_grid_order_invoice_async_insert','pending',NULL,'2024-07-08 21:21:02','2024-07-08 21:35:00',NULL,NULL),(202734,'sales_grid_order_invoice_async_insert','pending',NULL,'2024-07-08 21:21:02','2024-07-08 21:36:00',NULL,NULL),(202735,'sales_grid_order_invoice_async_insert','pending',NULL,'2024-07-08 21:21:02','2024-07-08 21:37:00',NULL,NULL),(202736,'sales_grid_order_invoice_async_insert','pending',NULL,'2024-07-08 21:21:02','2024-07-08 21:38:00',NULL,NULL),(202737,'sales_grid_order_invoice_async_insert','pending',NULL,'2024-07-08 21:21:02','2024-07-08 21:39:00',NULL,NULL),(202738,'sales_grid_order_invoice_async_insert','pending',NULL,'2024-07-08 21:21:02','2024-07-08 21:40:00',NULL,NULL),(202739,'sales_grid_order_shipment_async_insert','success',NULL,'2024-07-08 21:21:02','2024-07-08 21:26:00','2024-07-08 21:26:15','2024-07-08 21:26:15'),(202740,'sales_grid_order_shipment_async_insert','success',NULL,'2024-07-08 21:21:02','2024-07-08 21:27:00','2024-07-08 21:27:14','2024-07-08 21:27:14'),(202741,'sales_grid_order_shipment_async_insert','success',NULL,'2024-07-08 21:21:02','2024-07-08 21:28:00','2024-07-08 21:28:14','2024-07-08 21:28:14'),(202742,'sales_grid_order_shipment_async_insert','success',NULL,'2024-07-08 21:21:02','2024-07-08 21:29:00','2024-07-08 21:29:15','2024-07-08 21:29:15'),(202743,'sales_grid_order_shipment_async_insert','pending',NULL,'2024-07-08 21:21:02','2024-07-08 21:30:00',NULL,NULL),(202744,'sales_grid_order_shipment_async_insert','pending',NULL,'2024-07-08 21:21:02','2024-07-08 21:31:00',NULL,NULL),(202745,'sales_grid_order_shipment_async_insert','pending',NULL,'2024-07-08 21:21:02','2024-07-08 21:32:00',NULL,NULL),(202746,'sales_grid_order_shipment_async_insert','pending',NULL,'2024-07-08 21:21:02','2024-07-08 21:33:00',NULL,NULL),(202747,'sales_grid_order_shipment_async_insert','pending',NULL,'2024-07-08 21:21:02','2024-07-08 21:34:00',NULL,NULL),(202748,'sales_grid_order_shipment_async_insert','pending',NULL,'2024-07-08 21:21:02','2024-07-08 21:35:00',NULL,NULL),(202749,'sales_grid_order_shipment_async_insert','pending',NULL,'2024-07-08 21:21:02','2024-07-08 21:36:00',NULL,NULL),(202750,'sales_grid_order_shipment_async_insert','pending',NULL,'2024-07-08 21:21:02','2024-07-08 21:37:00',NULL,NULL),(202751,'sales_grid_order_shipment_async_insert','pending',NULL,'2024-07-08 21:21:02','2024-07-08 21:38:00',NULL,NULL),(202752,'sales_grid_order_shipment_async_insert','pending',NULL,'2024-07-08 21:21:02','2024-07-08 21:39:00',NULL,NULL),(202753,'sales_grid_order_shipment_async_insert','pending',NULL,'2024-07-08 21:21:02','2024-07-08 21:40:00',NULL,NULL),(202754,'sales_grid_order_creditmemo_async_insert','success',NULL,'2024-07-08 21:21:02','2024-07-08 21:26:00','2024-07-08 21:26:15','2024-07-08 21:26:15'),(202755,'sales_grid_order_creditmemo_async_insert','success',NULL,'2024-07-08 21:21:02','2024-07-08 21:27:00','2024-07-08 21:27:14','2024-07-08 21:27:14'),(202756,'sales_grid_order_creditmemo_async_insert','success',NULL,'2024-07-08 21:21:02','2024-07-08 21:28:00','2024-07-08 21:28:14','2024-07-08 21:28:14'),(202757,'sales_grid_order_creditmemo_async_insert','success',NULL,'2024-07-08 21:21:02','2024-07-08 21:29:00','2024-07-08 21:29:15','2024-07-08 21:29:15'),(202758,'sales_grid_order_creditmemo_async_insert','pending',NULL,'2024-07-08 21:21:02','2024-07-08 21:30:00',NULL,NULL),(202759,'sales_grid_order_creditmemo_async_insert','pending',NULL,'2024-07-08 21:21:02','2024-07-08 21:31:00',NULL,NULL),(202760,'sales_grid_order_creditmemo_async_insert','pending',NULL,'2024-07-08 21:21:02','2024-07-08 21:32:00',NULL,NULL),(202761,'sales_grid_order_creditmemo_async_insert','pending',NULL,'2024-07-08 21:21:02','2024-07-08 21:33:00',NULL,NULL),(202762,'sales_grid_order_creditmemo_async_insert','pending',NULL,'2024-07-08 21:21:02','2024-07-08 21:34:00',NULL,NULL),(202763,'sales_grid_order_creditmemo_async_insert','pending',NULL,'2024-07-08 21:21:02','2024-07-08 21:35:00',NULL,NULL),(202764,'sales_grid_order_creditmemo_async_insert','pending',NULL,'2024-07-08 21:21:02','2024-07-08 21:36:00',NULL,NULL),(202765,'sales_grid_order_creditmemo_async_insert','pending',NULL,'2024-07-08 21:21:02','2024-07-08 21:37:00',NULL,NULL),(202766,'sales_grid_order_creditmemo_async_insert','pending',NULL,'2024-07-08 21:21:02','2024-07-08 21:38:00',NULL,NULL),(202767,'sales_grid_order_creditmemo_async_insert','pending',NULL,'2024-07-08 21:21:02','2024-07-08 21:39:00',NULL,NULL),(202768,'sales_grid_order_creditmemo_async_insert','pending',NULL,'2024-07-08 21:21:02','2024-07-08 21:40:00',NULL,NULL),(202769,'sales_send_order_emails','success',NULL,'2024-07-08 21:21:02','2024-07-08 21:26:00','2024-07-08 21:26:15','2024-07-08 21:26:15'),(202770,'sales_send_order_emails','success',NULL,'2024-07-08 21:21:02','2024-07-08 21:27:00','2024-07-08 21:27:14','2024-07-08 21:27:14'),(202771,'sales_send_order_emails','success',NULL,'2024-07-08 21:21:02','2024-07-08 21:28:00','2024-07-08 21:28:14','2024-07-08 21:28:14'),(202772,'sales_send_order_emails','success',NULL,'2024-07-08 21:21:02','2024-07-08 21:29:00','2024-07-08 21:29:15','2024-07-08 21:29:15'),(202773,'sales_send_order_emails','pending',NULL,'2024-07-08 21:21:02','2024-07-08 21:30:00',NULL,NULL),(202774,'sales_send_order_emails','pending',NULL,'2024-07-08 21:21:02','2024-07-08 21:31:00',NULL,NULL),(202775,'sales_send_order_emails','pending',NULL,'2024-07-08 21:21:02','2024-07-08 21:32:00',NULL,NULL),(202776,'sales_send_order_emails','pending',NULL,'2024-07-08 21:21:02','2024-07-08 21:33:00',NULL,NULL),(202777,'sales_send_order_emails','pending',NULL,'2024-07-08 21:21:02','2024-07-08 21:34:00',NULL,NULL),(202778,'sales_send_order_emails','pending',NULL,'2024-07-08 21:21:02','2024-07-08 21:35:00',NULL,NULL),(202779,'sales_send_order_emails','pending',NULL,'2024-07-08 21:21:02','2024-07-08 21:36:00',NULL,NULL),(202780,'sales_send_order_emails','pending',NULL,'2024-07-08 21:21:02','2024-07-08 21:37:00',NULL,NULL),(202781,'sales_send_order_emails','pending',NULL,'2024-07-08 21:21:02','2024-07-08 21:38:00',NULL,NULL),(202782,'sales_send_order_emails','pending',NULL,'2024-07-08 21:21:02','2024-07-08 21:39:00',NULL,NULL),(202783,'sales_send_order_emails','pending',NULL,'2024-07-08 21:21:02','2024-07-08 21:40:00',NULL,NULL),(202784,'sales_send_order_invoice_emails','success',NULL,'2024-07-08 21:21:02','2024-07-08 21:26:00','2024-07-08 21:26:15','2024-07-08 21:26:15'),(202785,'sales_send_order_invoice_emails','success',NULL,'2024-07-08 21:21:02','2024-07-08 21:27:00','2024-07-08 21:27:14','2024-07-08 21:27:14'),(202786,'sales_send_order_invoice_emails','success',NULL,'2024-07-08 21:21:02','2024-07-08 21:28:00','2024-07-08 21:28:14','2024-07-08 21:28:14'),(202787,'sales_send_order_invoice_emails','success',NULL,'2024-07-08 21:21:02','2024-07-08 21:29:00','2024-07-08 21:29:15','2024-07-08 21:29:15'),(202788,'sales_send_order_invoice_emails','pending',NULL,'2024-07-08 21:21:02','2024-07-08 21:30:00',NULL,NULL),(202789,'sales_send_order_invoice_emails','pending',NULL,'2024-07-08 21:21:02','2024-07-08 21:31:00',NULL,NULL),(202790,'sales_send_order_invoice_emails','pending',NULL,'2024-07-08 21:21:02','2024-07-08 21:32:00',NULL,NULL),(202791,'sales_send_order_invoice_emails','pending',NULL,'2024-07-08 21:21:02','2024-07-08 21:33:00',NULL,NULL),(202792,'sales_send_order_invoice_emails','pending',NULL,'2024-07-08 21:21:02','2024-07-08 21:34:00',NULL,NULL),(202793,'sales_send_order_invoice_emails','pending',NULL,'2024-07-08 21:21:02','2024-07-08 21:35:00',NULL,NULL),(202794,'sales_send_order_invoice_emails','pending',NULL,'2024-07-08 21:21:02','2024-07-08 21:36:00',NULL,NULL),(202795,'sales_send_order_invoice_emails','pending',NULL,'2024-07-08 21:21:02','2024-07-08 21:37:00',NULL,NULL),(202796,'sales_send_order_invoice_emails','pending',NULL,'2024-07-08 21:21:02','2024-07-08 21:38:00',NULL,NULL),(202797,'sales_send_order_invoice_emails','pending',NULL,'2024-07-08 21:21:02','2024-07-08 21:39:00',NULL,NULL),(202798,'sales_send_order_invoice_emails','pending',NULL,'2024-07-08 21:21:02','2024-07-08 21:40:00',NULL,NULL),(202799,'sales_send_order_shipment_emails','success',NULL,'2024-07-08 21:21:02','2024-07-08 21:26:00','2024-07-08 21:26:15','2024-07-08 21:26:15'),(202800,'sales_send_order_shipment_emails','success',NULL,'2024-07-08 21:21:02','2024-07-08 21:27:00','2024-07-08 21:27:14','2024-07-08 21:27:14'),(202801,'sales_send_order_shipment_emails','success',NULL,'2024-07-08 21:21:02','2024-07-08 21:28:00','2024-07-08 21:28:14','2024-07-08 21:28:14'),(202802,'sales_send_order_shipment_emails','success',NULL,'2024-07-08 21:21:02','2024-07-08 21:29:00','2024-07-08 21:29:15','2024-07-08 21:29:15'),(202803,'sales_send_order_shipment_emails','pending',NULL,'2024-07-08 21:21:02','2024-07-08 21:30:00',NULL,NULL),(202804,'sales_send_order_shipment_emails','pending',NULL,'2024-07-08 21:21:02','2024-07-08 21:31:00',NULL,NULL),(202805,'sales_send_order_shipment_emails','pending',NULL,'2024-07-08 21:21:02','2024-07-08 21:32:00',NULL,NULL),(202806,'sales_send_order_shipment_emails','pending',NULL,'2024-07-08 21:21:02','2024-07-08 21:33:00',NULL,NULL),(202807,'sales_send_order_shipment_emails','pending',NULL,'2024-07-08 21:21:02','2024-07-08 21:34:00',NULL,NULL),(202808,'sales_send_order_shipment_emails','pending',NULL,'2024-07-08 21:21:02','2024-07-08 21:35:00',NULL,NULL),(202809,'sales_send_order_shipment_emails','pending',NULL,'2024-07-08 21:21:02','2024-07-08 21:36:00',NULL,NULL),(202810,'sales_send_order_shipment_emails','pending',NULL,'2024-07-08 21:21:02','2024-07-08 21:37:00',NULL,NULL),(202811,'sales_send_order_shipment_emails','pending',NULL,'2024-07-08 21:21:02','2024-07-08 21:38:00',NULL,NULL),(202812,'sales_send_order_shipment_emails','pending',NULL,'2024-07-08 21:21:02','2024-07-08 21:39:00',NULL,NULL),(202813,'sales_send_order_shipment_emails','pending',NULL,'2024-07-08 21:21:02','2024-07-08 21:40:00',NULL,NULL),(202814,'sales_send_order_creditmemo_emails','success',NULL,'2024-07-08 21:21:02','2024-07-08 21:26:00','2024-07-08 21:26:15','2024-07-08 21:26:15'),(202815,'sales_send_order_creditmemo_emails','success',NULL,'2024-07-08 21:21:02','2024-07-08 21:27:00','2024-07-08 21:27:14','2024-07-08 21:27:14'),(202816,'sales_send_order_creditmemo_emails','success',NULL,'2024-07-08 21:21:02','2024-07-08 21:28:00','2024-07-08 21:28:14','2024-07-08 21:28:14'),(202817,'sales_send_order_creditmemo_emails','success',NULL,'2024-07-08 21:21:02','2024-07-08 21:29:00','2024-07-08 21:29:15','2024-07-08 21:29:15'),(202818,'sales_send_order_creditmemo_emails','pending',NULL,'2024-07-08 21:21:02','2024-07-08 21:30:00',NULL,NULL),(202819,'sales_send_order_creditmemo_emails','pending',NULL,'2024-07-08 21:21:02','2024-07-08 21:31:00',NULL,NULL),(202820,'sales_send_order_creditmemo_emails','pending',NULL,'2024-07-08 21:21:02','2024-07-08 21:32:00',NULL,NULL),(202821,'sales_send_order_creditmemo_emails','pending',NULL,'2024-07-08 21:21:02','2024-07-08 21:33:00',NULL,NULL),(202822,'sales_send_order_creditmemo_emails','pending',NULL,'2024-07-08 21:21:02','2024-07-08 21:34:00',NULL,NULL),(202823,'sales_send_order_creditmemo_emails','pending',NULL,'2024-07-08 21:21:02','2024-07-08 21:35:00',NULL,NULL),(202824,'sales_send_order_creditmemo_emails','pending',NULL,'2024-07-08 21:21:02','2024-07-08 21:36:00',NULL,NULL),(202825,'sales_send_order_creditmemo_emails','pending',NULL,'2024-07-08 21:21:02','2024-07-08 21:37:00',NULL,NULL),(202826,'sales_send_order_creditmemo_emails','pending',NULL,'2024-07-08 21:21:02','2024-07-08 21:38:00',NULL,NULL),(202827,'sales_send_order_creditmemo_emails','pending',NULL,'2024-07-08 21:21:02','2024-07-08 21:39:00',NULL,NULL),(202828,'sales_send_order_creditmemo_emails','pending',NULL,'2024-07-08 21:21:02','2024-07-08 21:40:00',NULL,NULL),(202829,'captcha_delete_old_attempts','success',NULL,'2024-07-08 21:21:02','2024-07-08 21:30:00','2024-07-08 21:30:02','2024-07-08 21:30:02'),(202830,'captcha_delete_expired_images','success',NULL,'2024-07-08 21:21:02','2024-07-08 21:30:00','2024-07-08 21:30:02','2024-07-08 21:30:02'),(202831,'captcha_delete_expired_images','pending',NULL,'2024-07-08 21:21:02','2024-07-08 21:40:00',NULL,NULL),(202832,'inventory_in_store_pickup_sales_send_order_notified_emails','success',NULL,'2024-07-08 21:21:02','2024-07-08 21:26:00','2024-07-08 21:26:15','2024-07-08 21:26:15'),(202833,'inventory_in_store_pickup_sales_send_order_notified_emails','success',NULL,'2024-07-08 21:21:02','2024-07-08 21:27:00','2024-07-08 21:27:14','2024-07-08 21:27:14'),(202834,'inventory_in_store_pickup_sales_send_order_notified_emails','success',NULL,'2024-07-08 21:21:02','2024-07-08 21:28:00','2024-07-08 21:28:14','2024-07-08 21:28:14'),(202835,'inventory_in_store_pickup_sales_send_order_notified_emails','success',NULL,'2024-07-08 21:21:02','2024-07-08 21:29:00','2024-07-08 21:29:15','2024-07-08 21:29:15'),(202836,'inventory_in_store_pickup_sales_send_order_notified_emails','pending',NULL,'2024-07-08 21:21:02','2024-07-08 21:30:00',NULL,NULL),(202837,'inventory_in_store_pickup_sales_send_order_notified_emails','pending',NULL,'2024-07-08 21:21:02','2024-07-08 21:31:00',NULL,NULL),(202838,'inventory_in_store_pickup_sales_send_order_notified_emails','pending',NULL,'2024-07-08 21:21:02','2024-07-08 21:32:00',NULL,NULL),(202839,'inventory_in_store_pickup_sales_send_order_notified_emails','pending',NULL,'2024-07-08 21:21:02','2024-07-08 21:33:00',NULL,NULL),(202840,'inventory_in_store_pickup_sales_send_order_notified_emails','pending',NULL,'2024-07-08 21:21:02','2024-07-08 21:34:00',NULL,NULL),(202841,'inventory_in_store_pickup_sales_send_order_notified_emails','pending',NULL,'2024-07-08 21:21:02','2024-07-08 21:35:00',NULL,NULL),(202842,'inventory_in_store_pickup_sales_send_order_notified_emails','pending',NULL,'2024-07-08 21:21:02','2024-07-08 21:36:00',NULL,NULL),(202843,'inventory_in_store_pickup_sales_send_order_notified_emails','pending',NULL,'2024-07-08 21:21:02','2024-07-08 21:37:00',NULL,NULL),(202844,'inventory_in_store_pickup_sales_send_order_notified_emails','pending',NULL,'2024-07-08 21:21:02','2024-07-08 21:38:00',NULL,NULL),(202845,'inventory_in_store_pickup_sales_send_order_notified_emails','pending',NULL,'2024-07-08 21:21:02','2024-07-08 21:39:00',NULL,NULL),(202846,'inventory_in_store_pickup_sales_send_order_notified_emails','pending',NULL,'2024-07-08 21:21:02','2024-07-08 21:40:00',NULL,NULL),(202847,'magento_newrelicreporting_cron','success',NULL,'2024-07-08 21:21:02','2024-07-08 21:26:00','2024-07-08 21:26:15','2024-07-08 21:26:15'),(202848,'magento_newrelicreporting_cron','success',NULL,'2024-07-08 21:21:02','2024-07-08 21:28:00','2024-07-08 21:28:14','2024-07-08 21:28:14'),(202849,'magento_newrelicreporting_cron','pending',NULL,'2024-07-08 21:21:02','2024-07-08 21:30:00',NULL,NULL),(202850,'magento_newrelicreporting_cron','pending',NULL,'2024-07-08 21:21:02','2024-07-08 21:32:00',NULL,NULL),(202851,'magento_newrelicreporting_cron','pending',NULL,'2024-07-08 21:21:02','2024-07-08 21:34:00',NULL,NULL),(202852,'magento_newrelicreporting_cron','pending',NULL,'2024-07-08 21:21:02','2024-07-08 21:36:00',NULL,NULL),(202853,'magento_newrelicreporting_cron','pending',NULL,'2024-07-08 21:21:02','2024-07-08 21:38:00',NULL,NULL),(202854,'magento_newrelicreporting_cron','pending',NULL,'2024-07-08 21:21:02','2024-07-08 21:40:00',NULL,NULL),(202855,'newsletter_send_all','pending',NULL,'2024-07-08 21:21:02','2024-07-08 21:30:00',NULL,NULL),(202856,'newsletter_send_all','pending',NULL,'2024-07-08 21:21:02','2024-07-08 21:35:00',NULL,NULL),(202857,'newsletter_send_all','pending',NULL,'2024-07-08 21:21:02','2024-07-08 21:40:00',NULL,NULL),(202858,'bulk_cleanup','success',NULL,'2024-07-08 21:21:02','2024-07-08 21:26:00','2024-07-08 21:26:02','2024-07-08 21:26:02'),(202859,'bulk_cleanup','success',NULL,'2024-07-08 21:21:02','2024-07-08 21:27:00','2024-07-08 21:27:02','2024-07-08 21:27:02'),(202860,'bulk_cleanup','success',NULL,'2024-07-08 21:21:02','2024-07-08 21:28:00','2024-07-08 21:28:02','2024-07-08 21:28:02'),(202861,'bulk_cleanup','success',NULL,'2024-07-08 21:21:02','2024-07-08 21:29:00','2024-07-08 21:29:02','2024-07-08 21:29:02'),(202862,'bulk_cleanup','success',NULL,'2024-07-08 21:21:02','2024-07-08 21:30:00','2024-07-08 21:30:02','2024-07-08 21:30:02'),(202863,'bulk_cleanup','pending',NULL,'2024-07-08 21:21:02','2024-07-08 21:31:00',NULL,NULL),(202864,'bulk_cleanup','pending',NULL,'2024-07-08 21:21:02','2024-07-08 21:32:00',NULL,NULL),(202865,'bulk_cleanup','pending',NULL,'2024-07-08 21:21:02','2024-07-08 21:33:00',NULL,NULL),(202866,'bulk_cleanup','pending',NULL,'2024-07-08 21:21:02','2024-07-08 21:34:00',NULL,NULL),(202867,'bulk_cleanup','pending',NULL,'2024-07-08 21:21:02','2024-07-08 21:35:00',NULL,NULL),(202868,'bulk_cleanup','pending',NULL,'2024-07-08 21:21:02','2024-07-08 21:36:00',NULL,NULL),(202869,'bulk_cleanup','pending',NULL,'2024-07-08 21:21:02','2024-07-08 21:37:00',NULL,NULL),(202870,'bulk_cleanup','pending',NULL,'2024-07-08 21:21:02','2024-07-08 21:38:00',NULL,NULL),(202871,'bulk_cleanup','pending',NULL,'2024-07-08 21:21:02','2024-07-08 21:39:00',NULL,NULL),(202872,'bulk_cleanup','pending',NULL,'2024-07-08 21:21:02','2024-07-08 21:40:00',NULL,NULL),(202873,'bulk_mark_incomplete_operations_as_failed','success',NULL,'2024-07-08 21:21:02','2024-07-08 21:30:00','2024-07-08 21:30:02','2024-07-08 21:30:02'),(202874,'bulk_mark_incomplete_operations_as_failed','pending',NULL,'2024-07-08 21:21:02','2024-07-08 21:40:00',NULL,NULL),(202875,'cron_for_fabric_generation','error','Warning: file_get_contents(): php_network_getaddresses: getaddrinfo for s3.eu-west-2.amazonaws.com failed: Temporary failure in name resolution in /var/www/html/ecom/app/code/Suit/SuitTool/Cron/Fabric.php on line 37','2024-07-08 21:21:02','2024-07-08 21:26:00','2024-07-08 21:26:02',NULL),(202876,'cron_for_fabric_generation','error','Warning: file_get_contents(): php_network_getaddresses: getaddrinfo for s3.eu-west-2.amazonaws.com failed: Temporary failure in name resolution in /var/www/html/ecom/app/code/Suit/SuitTool/Cron/Fabric.php on line 37','2024-07-08 21:21:02','2024-07-08 21:27:00','2024-07-08 21:27:02',NULL),(202877,'cron_for_fabric_generation','error','Warning: file_get_contents(): php_network_getaddresses: getaddrinfo for s3.eu-west-2.amazonaws.com failed: Temporary failure in name resolution in /var/www/html/ecom/app/code/Suit/SuitTool/Cron/Fabric.php on line 37','2024-07-08 21:21:02','2024-07-08 21:28:00','2024-07-08 21:28:02',NULL),(202878,'cron_for_fabric_generation','error','Warning: file_get_contents(): php_network_getaddresses: getaddrinfo for s3.eu-west-2.amazonaws.com failed: Temporary failure in name resolution in /var/www/html/ecom/app/code/Suit/SuitTool/Cron/Fabric.php on line 37','2024-07-08 21:21:02','2024-07-08 21:29:00','2024-07-08 21:29:02',NULL),(202879,'cron_for_fabric_generation','running',NULL,'2024-07-08 21:21:02','2024-07-08 21:30:00','2024-07-08 21:30:02',NULL),(202880,'cron_for_fabric_generation','pending',NULL,'2024-07-08 21:21:02','2024-07-08 21:31:00',NULL,NULL),(202881,'cron_for_fabric_generation','pending',NULL,'2024-07-08 21:21:02','2024-07-08 21:32:00',NULL,NULL),(202882,'cron_for_fabric_generation','pending',NULL,'2024-07-08 21:21:02','2024-07-08 21:33:00',NULL,NULL),(202883,'cron_for_fabric_generation','pending',NULL,'2024-07-08 21:21:02','2024-07-08 21:34:00',NULL,NULL),(202884,'cron_for_fabric_generation','pending',NULL,'2024-07-08 21:21:02','2024-07-08 21:35:00',NULL,NULL),(202885,'cron_for_fabric_generation','pending',NULL,'2024-07-08 21:21:02','2024-07-08 21:36:00',NULL,NULL),(202886,'cron_for_fabric_generation','pending',NULL,'2024-07-08 21:21:02','2024-07-08 21:37:00',NULL,NULL),(202887,'cron_for_fabric_generation','pending',NULL,'2024-07-08 21:21:02','2024-07-08 21:38:00',NULL,NULL),(202888,'cron_for_fabric_generation','pending',NULL,'2024-07-08 21:21:02','2024-07-08 21:39:00',NULL,NULL),(202889,'cron_for_fabric_generation','pending',NULL,'2024-07-08 21:21:02','2024-07-08 21:40:00',NULL,NULL),(202890,'indexer_reindex_all_invalid','success',NULL,'2024-07-08 21:21:03','2024-07-08 21:24:00','2024-07-08 21:24:02','2024-07-08 21:24:02'),(202891,'indexer_update_all_views','success',NULL,'2024-07-08 21:21:03','2024-07-08 21:24:00','2024-07-08 21:24:02','2024-07-08 21:24:02'),(202892,'indexer_reindex_all_invalid','success',NULL,'2024-07-08 21:22:03','2024-07-08 21:25:00','2024-07-08 21:25:03','2024-07-08 21:25:03'),(202893,'indexer_update_all_views','success',NULL,'2024-07-08 21:22:03','2024-07-08 21:25:00','2024-07-08 21:25:03','2024-07-08 21:25:03'),(202894,'indexer_reindex_all_invalid','success',NULL,'2024-07-08 21:23:03','2024-07-08 21:26:00','2024-07-08 21:26:03','2024-07-08 21:26:03'),(202895,'indexer_update_all_views','success',NULL,'2024-07-08 21:23:03','2024-07-08 21:26:00','2024-07-08 21:26:03','2024-07-08 21:26:03'),(202896,'indexer_reindex_all_invalid','success',NULL,'2024-07-08 21:25:03','2024-07-08 21:27:00','2024-07-08 21:27:03','2024-07-08 21:27:03'),(202897,'indexer_reindex_all_invalid','success',NULL,'2024-07-08 21:25:03','2024-07-08 21:28:00','2024-07-08 21:28:03','2024-07-08 21:28:03'),(202898,'indexer_update_all_views','success',NULL,'2024-07-08 21:25:03','2024-07-08 21:27:00','2024-07-08 21:27:03','2024-07-08 21:27:03'),(202899,'indexer_update_all_views','success',NULL,'2024-07-08 21:25:03','2024-07-08 21:28:00','2024-07-08 21:28:03','2024-07-08 21:28:03'),(202900,'indexer_reindex_all_invalid','success',NULL,'2024-07-08 21:26:03','2024-07-08 21:29:00','2024-07-08 21:29:03','2024-07-08 21:29:03'),(202901,'indexer_update_all_views','success',NULL,'2024-07-08 21:26:03','2024-07-08 21:29:00','2024-07-08 21:29:03','2024-07-08 21:29:03'),(202902,'indexer_reindex_all_invalid','success',NULL,'2024-07-08 21:27:03','2024-07-08 21:30:00','2024-07-08 21:30:03','2024-07-08 21:30:03'),(202903,'indexer_update_all_views','success',NULL,'2024-07-08 21:27:03','2024-07-08 21:30:00','2024-07-08 21:30:03','2024-07-08 21:30:03'),(202904,'indexer_reindex_all_invalid','pending',NULL,'2024-07-08 21:28:03','2024-07-08 21:31:00',NULL,NULL),(202905,'indexer_update_all_views','pending',NULL,'2024-07-08 21:28:03','2024-07-08 21:31:00',NULL,NULL),(202906,'consumers_runner','pending',NULL,'2024-07-08 21:29:03','2024-07-08 21:34:00',NULL,NULL),(202907,'indexer_reindex_all_invalid','pending',NULL,'2024-07-08 21:29:03','2024-07-08 21:32:00',NULL,NULL),(202908,'consumers_runner','pending',NULL,'2024-07-08 21:29:03','2024-07-08 21:35:00',NULL,NULL),(202909,'consumers_runner','pending',NULL,'2024-07-08 21:29:03','2024-07-08 21:36:00',NULL,NULL),(202910,'indexer_update_all_views','pending',NULL,'2024-07-08 21:29:03','2024-07-08 21:32:00',NULL,NULL),(202911,'consumers_runner','pending',NULL,'2024-07-08 21:29:03','2024-07-08 21:37:00',NULL,NULL),(202912,'consumers_runner','pending',NULL,'2024-07-08 21:29:03','2024-07-08 21:38:00',NULL,NULL),(202913,'consumers_runner','pending',NULL,'2024-07-08 21:29:03','2024-07-08 21:39:00',NULL,NULL),(202914,'consumers_runner','pending',NULL,'2024-07-08 21:29:03','2024-07-08 21:40:00',NULL,NULL),(202915,'consumers_runner','pending',NULL,'2024-07-08 21:29:03','2024-07-08 21:41:00',NULL,NULL),(202916,'consumers_runner','pending',NULL,'2024-07-08 21:29:03','2024-07-08 21:42:00',NULL,NULL),(202917,'consumers_runner','pending',NULL,'2024-07-08 21:29:03','2024-07-08 21:43:00',NULL,NULL),(202918,'consumers_runner','pending',NULL,'2024-07-08 21:29:03','2024-07-08 21:44:00',NULL,NULL),(202919,'consumers_runner','pending',NULL,'2024-07-08 21:29:03','2024-07-08 21:45:00',NULL,NULL),(202920,'consumers_runner','pending',NULL,'2024-07-08 21:29:03','2024-07-08 21:46:00',NULL,NULL),(202921,'consumers_runner','pending',NULL,'2024-07-08 21:29:03','2024-07-08 21:47:00',NULL,NULL),(202922,'consumers_runner','pending',NULL,'2024-07-08 21:29:03','2024-07-08 21:48:00',NULL,NULL),(202923,'indexer_reindex_all_invalid','pending',NULL,'2024-07-08 21:30:03','2024-07-08 21:33:00',NULL,NULL),(202924,'indexer_update_all_views','pending',NULL,'2024-07-08 21:30:03','2024-07-08 21:33:00',NULL,NULL);

--
-- Table structure for table `customer_address_entity`
--

CREATE TABLE `customer_address_entity` (
  `entity_id` int unsigned NOT NULL AUTO_INCREMENT COMMENT 'Entity ID',
  `increment_id` varchar(50) DEFAULT NULL COMMENT 'Increment ID',
  `parent_id` int unsigned DEFAULT NULL COMMENT 'Parent ID',
  `created_at` timestamp NOT NULL DEFAULT CURRENT_TIMESTAMP COMMENT 'Created At',
  `updated_at` timestamp NOT NULL DEFAULT CURRENT_TIMESTAMP ON UPDATE CURRENT_TIMESTAMP COMMENT 'Updated At',
  `is_active` smallint unsigned NOT NULL DEFAULT '1' COMMENT 'Is Active',
  `city` varchar(255) NOT NULL COMMENT 'City',
  `company` varchar(255) DEFAULT NULL COMMENT 'Company',
  `country_id` varchar(255) NOT NULL COMMENT 'Country',
  `fax` varchar(255) DEFAULT NULL COMMENT 'Fax',
  `firstname` varchar(255) NOT NULL COMMENT 'First Name',
  `lastname` varchar(255) NOT NULL COMMENT 'Last Name',
  `middlename` varchar(255) DEFAULT NULL COMMENT 'Middle Name',
  `postcode` varchar(255) DEFAULT NULL COMMENT 'Zip/Postal Code',
  `prefix` varchar(40) DEFAULT NULL COMMENT 'Name Prefix',
  `region` varchar(255) DEFAULT NULL COMMENT 'State/Province',
  `region_id` int unsigned DEFAULT NULL COMMENT 'State/Province',
  `street` text NOT NULL COMMENT 'Street Address',
  `suffix` varchar(40) DEFAULT NULL COMMENT 'Name Suffix',
  `telephone` varchar(255) NOT NULL COMMENT 'Phone Number',
  `vat_id` varchar(255) DEFAULT NULL COMMENT 'VAT number',
  `vat_is_valid` int unsigned DEFAULT NULL COMMENT 'VAT number validity',
  `vat_request_date` varchar(255) DEFAULT NULL COMMENT 'VAT number validation request date',
  `vat_request_id` varchar(255) DEFAULT NULL COMMENT 'VAT number validation request ID',
  `vat_request_success` int unsigned DEFAULT NULL COMMENT 'VAT number validation request success',
  PRIMARY KEY (`entity_id`),
  KEY `CUSTOMER_ADDRESS_ENTITY_PARENT_ID` (`parent_id`),
  CONSTRAINT `CUSTOMER_ADDRESS_ENTITY_PARENT_ID_CUSTOMER_ENTITY_ENTITY_ID` FOREIGN KEY (`parent_id`) REFERENCES `customer_entity` (`entity_id`) ON DELETE CASCADE
) ENGINE=InnoDB DEFAULT CHARSET=utf8mb3 COMMENT='Customer Address Entity';

--
-- Dumping data for table `customer_address_entity`
--


--
-- Table structure for table `customer_address_entity_datetime`
--

CREATE TABLE `customer_address_entity_datetime` (
  `value_id` int NOT NULL AUTO_INCREMENT COMMENT 'Value ID',
  `attribute_id` smallint unsigned NOT NULL DEFAULT '0' COMMENT 'Attribute ID',
  `entity_id` int unsigned NOT NULL DEFAULT '0' COMMENT 'Entity ID',
  `value` datetime DEFAULT NULL COMMENT 'Value',
  PRIMARY KEY (`value_id`),
  UNIQUE KEY `CUSTOMER_ADDRESS_ENTITY_DATETIME_ENTITY_ID_ATTRIBUTE_ID` (`entity_id`,`attribute_id`),
  KEY `CUSTOMER_ADDRESS_ENTITY_DATETIME_ATTRIBUTE_ID` (`attribute_id`),
  KEY `CUSTOMER_ADDRESS_ENTITY_DATETIME_ENTITY_ID_ATTRIBUTE_ID_VALUE` (`entity_id`,`attribute_id`,`value`),
  CONSTRAINT `CSTR_ADDR_ENTT_DTIME_ATTR_ID_EAV_ATTR_ATTR_ID` FOREIGN KEY (`attribute_id`) REFERENCES `eav_attribute` (`attribute_id`) ON DELETE CASCADE,
  CONSTRAINT `CSTR_ADDR_ENTT_DTIME_ENTT_ID_CSTR_ADDR_ENTT_ENTT_ID` FOREIGN KEY (`entity_id`) REFERENCES `customer_address_entity` (`entity_id`) ON DELETE CASCADE
) ENGINE=InnoDB DEFAULT CHARSET=utf8mb3 COMMENT='Customer Address Entity Datetime';

--
-- Dumping data for table `customer_address_entity_datetime`
--


--
-- Table structure for table `customer_address_entity_decimal`
--

CREATE TABLE `customer_address_entity_decimal` (
  `value_id` int NOT NULL AUTO_INCREMENT COMMENT 'Value ID',
  `attribute_id` smallint unsigned NOT NULL DEFAULT '0' COMMENT 'Attribute ID',
  `entity_id` int unsigned NOT NULL DEFAULT '0' COMMENT 'Entity ID',
  `value` decimal(12,4) NOT NULL DEFAULT '0.0000' COMMENT 'Value',
  PRIMARY KEY (`value_id`),
  UNIQUE KEY `CUSTOMER_ADDRESS_ENTITY_DECIMAL_ENTITY_ID_ATTRIBUTE_ID` (`entity_id`,`attribute_id`),
  KEY `CUSTOMER_ADDRESS_ENTITY_DECIMAL_ATTRIBUTE_ID` (`attribute_id`),
  KEY `CUSTOMER_ADDRESS_ENTITY_DECIMAL_ENTITY_ID_ATTRIBUTE_ID_VALUE` (`entity_id`,`attribute_id`,`value`),
  CONSTRAINT `CSTR_ADDR_ENTT_DEC_ATTR_ID_EAV_ATTR_ATTR_ID` FOREIGN KEY (`attribute_id`) REFERENCES `eav_attribute` (`attribute_id`) ON DELETE CASCADE,
  CONSTRAINT `CSTR_ADDR_ENTT_DEC_ENTT_ID_CSTR_ADDR_ENTT_ENTT_ID` FOREIGN KEY (`entity_id`) REFERENCES `customer_address_entity` (`entity_id`) ON DELETE CASCADE
) ENGINE=InnoDB DEFAULT CHARSET=utf8mb3 COMMENT='Customer Address Entity Decimal';

--
-- Dumping data for table `customer_address_entity_decimal`
--


--
-- Table structure for table `customer_address_entity_int`
--

CREATE TABLE `customer_address_entity_int` (
  `value_id` int NOT NULL AUTO_INCREMENT COMMENT 'Value ID',
  `attribute_id` smallint unsigned NOT NULL DEFAULT '0' COMMENT 'Attribute ID',
  `entity_id` int unsigned NOT NULL DEFAULT '0' COMMENT 'Entity ID',
  `value` int NOT NULL DEFAULT '0' COMMENT 'Value',
  PRIMARY KEY (`value_id`),
  UNIQUE KEY `CUSTOMER_ADDRESS_ENTITY_INT_ENTITY_ID_ATTRIBUTE_ID` (`entity_id`,`attribute_id`),
  KEY `CUSTOMER_ADDRESS_ENTITY_INT_ATTRIBUTE_ID` (`attribute_id`),
  KEY `CUSTOMER_ADDRESS_ENTITY_INT_ENTITY_ID_ATTRIBUTE_ID_VALUE` (`entity_id`,`attribute_id`,`value`),
  CONSTRAINT `CSTR_ADDR_ENTT_INT_ATTR_ID_EAV_ATTR_ATTR_ID` FOREIGN KEY (`attribute_id`) REFERENCES `eav_attribute` (`attribute_id`) ON DELETE CASCADE,
  CONSTRAINT `CSTR_ADDR_ENTT_INT_ENTT_ID_CSTR_ADDR_ENTT_ENTT_ID` FOREIGN KEY (`entity_id`) REFERENCES `customer_address_entity` (`entity_id`) ON DELETE CASCADE
) ENGINE=InnoDB DEFAULT CHARSET=utf8mb3 COMMENT='Customer Address Entity Int';

--
-- Dumping data for table `customer_address_entity_int`
--


--
-- Table structure for table `customer_address_entity_text`
--

CREATE TABLE `customer_address_entity_text` (
  `value_id` int NOT NULL AUTO_INCREMENT COMMENT 'Value ID',
  `attribute_id` smallint unsigned NOT NULL DEFAULT '0' COMMENT 'Attribute ID',
  `entity_id` int unsigned NOT NULL DEFAULT '0' COMMENT 'Entity ID',
  `value` text NOT NULL COMMENT 'Value',
  PRIMARY KEY (`value_id`),
  UNIQUE KEY `CUSTOMER_ADDRESS_ENTITY_TEXT_ENTITY_ID_ATTRIBUTE_ID` (`entity_id`,`attribute_id`),
  KEY `CUSTOMER_ADDRESS_ENTITY_TEXT_ATTRIBUTE_ID` (`attribute_id`),
  CONSTRAINT `CSTR_ADDR_ENTT_TEXT_ATTR_ID_EAV_ATTR_ATTR_ID` FOREIGN KEY (`attribute_id`) REFERENCES `eav_attribute` (`attribute_id`) ON DELETE CASCADE,
  CONSTRAINT `CSTR_ADDR_ENTT_TEXT_ENTT_ID_CSTR_ADDR_ENTT_ENTT_ID` FOREIGN KEY (`entity_id`) REFERENCES `customer_address_entity` (`entity_id`) ON DELETE CASCADE
) ENGINE=InnoDB DEFAULT CHARSET=utf8mb3 COMMENT='Customer Address Entity Text';

--
-- Dumping data for table `customer_address_entity_text`
--


--
-- Table structure for table `customer_address_entity_varchar`
--

CREATE TABLE `customer_address_entity_varchar` (
  `value_id` int NOT NULL AUTO_INCREMENT COMMENT 'Value ID',
  `attribute_id` smallint unsigned NOT NULL DEFAULT '0' COMMENT 'Attribute ID',
  `entity_id` int unsigned NOT NULL DEFAULT '0' COMMENT 'Entity ID',
  `value` varchar(255) DEFAULT NULL COMMENT 'Value',
  PRIMARY KEY (`value_id`),
  UNIQUE KEY `CUSTOMER_ADDRESS_ENTITY_VARCHAR_ENTITY_ID_ATTRIBUTE_ID` (`entity_id`,`attribute_id`),
  KEY `CUSTOMER_ADDRESS_ENTITY_VARCHAR_ATTRIBUTE_ID` (`attribute_id`),
  KEY `CUSTOMER_ADDRESS_ENTITY_VARCHAR_ENTITY_ID_ATTRIBUTE_ID_VALUE` (`entity_id`,`attribute_id`,`value`),
  CONSTRAINT `CSTR_ADDR_ENTT_VCHR_ATTR_ID_EAV_ATTR_ATTR_ID` FOREIGN KEY (`attribute_id`) REFERENCES `eav_attribute` (`attribute_id`) ON DELETE CASCADE,
  CONSTRAINT `CSTR_ADDR_ENTT_VCHR_ENTT_ID_CSTR_ADDR_ENTT_ENTT_ID` FOREIGN KEY (`entity_id`) REFERENCES `customer_address_entity` (`entity_id`) ON DELETE CASCADE
) ENGINE=InnoDB DEFAULT CHARSET=utf8mb3 COMMENT='Customer Address Entity Varchar';

--
-- Dumping data for table `customer_address_entity_varchar`
--


--
-- Table structure for table `customer_eav_attribute`
--

CREATE TABLE `customer_eav_attribute` (
  `attribute_id` smallint unsigned NOT NULL COMMENT 'Attribute ID',
  `is_visible` smallint unsigned NOT NULL DEFAULT '1' COMMENT 'Is Visible',
  `input_filter` varchar(255) DEFAULT NULL COMMENT 'Input Filter',
  `multiline_count` smallint unsigned NOT NULL DEFAULT '1' COMMENT 'Multiline Count',
  `validate_rules` text COMMENT 'Validate Rules',
  `is_system` smallint unsigned NOT NULL DEFAULT '0' COMMENT 'Is System',
  `sort_order` int unsigned NOT NULL DEFAULT '0' COMMENT 'Sort Order',
  `data_model` varchar(255) DEFAULT NULL COMMENT 'Data Model',
  `is_used_in_grid` smallint unsigned NOT NULL DEFAULT '0' COMMENT 'Is Used in Grid',
  `is_visible_in_grid` smallint unsigned NOT NULL DEFAULT '0' COMMENT 'Is Visible in Grid',
  `is_filterable_in_grid` smallint unsigned NOT NULL DEFAULT '0' COMMENT 'Is Filterable in Grid',
  `is_searchable_in_grid` smallint unsigned NOT NULL DEFAULT '0' COMMENT 'Is Searchable in Grid',
  `grid_filter_condition_type` smallint unsigned NOT NULL DEFAULT '0' COMMENT 'Grid Filter Condition Type',
  PRIMARY KEY (`attribute_id`),
  KEY `CUSTOMER_EAV_ATTRIBUTE_SORT_ORDER` (`sort_order`),
  CONSTRAINT `CUSTOMER_EAV_ATTRIBUTE_ATTRIBUTE_ID_EAV_ATTRIBUTE_ATTRIBUTE_ID` FOREIGN KEY (`attribute_id`) REFERENCES `eav_attribute` (`attribute_id`) ON DELETE CASCADE
) ENGINE=InnoDB DEFAULT CHARSET=utf8mb3 COMMENT='Customer Eav Attribute';

--
-- Dumping data for table `customer_eav_attribute`
--

INSERT INTO `customer_eav_attribute` VALUES (1,1,NULL,0,NULL,1,10,NULL,1,1,1,0,0),(2,0,NULL,0,NULL,1,0,NULL,0,0,0,0,0),(3,1,NULL,0,NULL,1,20,NULL,1,1,0,1,0),(4,0,NULL,0,NULL,0,30,NULL,0,0,0,0,0),(5,1,'trim',0,'{\"max_text_length\":255,\"min_text_length\":1}',1,40,NULL,0,0,0,0,0),(6,0,'trim',0,NULL,0,50,NULL,0,0,0,0,0),(7,1,'trim',0,'{\"max_text_length\":255,\"min_text_length\":1}',1,60,NULL,0,0,0,0,0),(8,0,NULL,0,NULL,0,70,NULL,0,0,0,0,0),(9,1,NULL,0,'{\"input_validation\":\"email\"}',1,80,NULL,1,1,1,1,0),(10,1,NULL,0,NULL,1,25,NULL,1,1,1,0,0),(11,0,'date',0,'{\"input_validation\":\"date\"}',0,90,NULL,1,1,1,0,0),(12,0,NULL,0,NULL,1,0,NULL,0,0,0,0,0),(13,0,NULL,0,NULL,1,0,NULL,0,0,0,0,0),(14,0,NULL,0,'{\"input_validation\":\"date\"}',1,0,NULL,0,0,0,0,0),(15,0,NULL,0,NULL,1,0,NULL,0,0,0,0,0),(16,0,NULL,0,NULL,1,0,NULL,0,0,0,0,0),(17,0,NULL,0,'{\"max_text_length\":255}',0,100,NULL,1,1,0,1,0),(18,0,NULL,0,NULL,1,0,NULL,1,1,1,0,0),(19,0,NULL,0,NULL,0,0,NULL,1,1,1,0,0),(20,0,NULL,0,'[]',0,110,NULL,1,1,1,0,0),(21,1,NULL,0,NULL,1,28,NULL,0,0,0,0,0),(22,0,NULL,0,NULL,0,10,NULL,0,0,0,0,0),(23,1,'trim',0,'{\"max_text_length\":255,\"min_text_length\":1}',1,20,NULL,1,0,0,1,0),(24,0,'trim',0,NULL,0,30,NULL,0,0,0,0,0),(25,1,'trim',0,'{\"max_text_length\":255,\"min_text_length\":1}',1,40,NULL,1,0,0,1,0),(26,0,NULL,0,NULL,0,50,NULL,0,0,0,0,0),(27,1,NULL,0,'{\"max_text_length\":255,\"min_text_length\":1}',1,60,NULL,1,0,0,1,0),(28,1,NULL,2,'{\"max_text_length\":255,\"min_text_length\":1}',1,70,NULL,1,0,0,1,0),(29,1,NULL,0,'{\"max_text_length\":255,\"min_text_length\":1}',1,100,NULL,1,0,0,1,0),(30,1,NULL,0,NULL,1,80,NULL,1,1,1,0,0),(31,1,NULL,0,NULL,1,90,NULL,1,1,0,1,0),(32,1,NULL,0,NULL,1,90,NULL,0,0,0,0,0),(33,1,NULL,0,'[]',1,110,'Magento\\Customer\\Model\\Attribute\\Data\\Postcode',1,1,1,1,0),(34,1,NULL,0,'{\"max_text_length\":255,\"min_text_length\":1}',1,120,NULL,1,1,1,1,0),(35,0,NULL,0,'{\"max_text_length\":255,\"min_text_length\":1}',0,130,NULL,1,0,0,1,0),(36,1,NULL,0,NULL,1,140,NULL,0,0,0,0,0),(37,0,NULL,0,NULL,1,0,NULL,0,0,0,0,0),(38,0,NULL,0,NULL,1,0,NULL,0,0,0,0,0),(39,0,NULL,0,NULL,1,0,NULL,0,0,0,0,0),(40,0,NULL,0,NULL,1,0,NULL,0,0,0,0,0),(41,0,NULL,0,NULL,0,0,NULL,0,0,0,0,0),(42,0,NULL,0,NULL,1,0,NULL,0,0,0,0,0),(43,0,NULL,0,NULL,1,0,NULL,0,0,0,0,0),(44,0,NULL,0,NULL,1,0,NULL,0,0,0,0,0);

--
-- Table structure for table `customer_eav_attribute_website`
--

CREATE TABLE `customer_eav_attribute_website` (
  `attribute_id` smallint unsigned NOT NULL COMMENT 'Attribute ID',
  `website_id` smallint unsigned NOT NULL COMMENT 'Website ID',
  `is_visible` smallint unsigned DEFAULT NULL COMMENT 'Is Visible',
  `is_required` smallint unsigned DEFAULT NULL COMMENT 'Is Required',
  `default_value` text COMMENT 'Default Value',
  `multiline_count` smallint unsigned DEFAULT NULL COMMENT 'Multiline Count',
  PRIMARY KEY (`attribute_id`,`website_id`),
  KEY `CUSTOMER_EAV_ATTRIBUTE_WEBSITE_WEBSITE_ID` (`website_id`),
  CONSTRAINT `CSTR_EAV_ATTR_WS_ATTR_ID_EAV_ATTR_ATTR_ID` FOREIGN KEY (`attribute_id`) REFERENCES `eav_attribute` (`attribute_id`) ON DELETE CASCADE,
  CONSTRAINT `CSTR_EAV_ATTR_WS_WS_ID_STORE_WS_WS_ID` FOREIGN KEY (`website_id`) REFERENCES `store_website` (`website_id`) ON DELETE CASCADE
) ENGINE=InnoDB DEFAULT CHARSET=utf8mb3 COMMENT='Customer Eav Attribute Website';

--
-- Dumping data for table `customer_eav_attribute_website`
--

INSERT INTO `customer_eav_attribute_website` VALUES (1,1,NULL,NULL,NULL,NULL),(3,1,NULL,NULL,NULL,NULL),(5,1,NULL,NULL,NULL,NULL),(6,1,NULL,NULL,NULL,NULL),(7,1,NULL,NULL,NULL,NULL),(9,1,NULL,NULL,NULL,NULL),(10,1,NULL,NULL,NULL,NULL),(11,1,NULL,NULL,NULL,NULL),(17,1,NULL,NULL,NULL,NULL),(18,1,NULL,NULL,NULL,NULL),(19,1,NULL,NULL,NULL,NULL),(20,1,NULL,NULL,NULL,NULL),(21,1,NULL,NULL,NULL,NULL),(23,1,NULL,NULL,NULL,NULL),(24,1,NULL,NULL,NULL,NULL),(25,1,NULL,NULL,NULL,NULL),(27,1,NULL,NULL,NULL,NULL),(28,1,NULL,NULL,NULL,NULL),(29,1,NULL,NULL,NULL,NULL),(30,1,NULL,NULL,NULL,NULL),(31,1,NULL,NULL,NULL,NULL),(32,1,NULL,NULL,NULL,NULL),(33,1,NULL,NULL,NULL,NULL),(34,1,NULL,NULL,NULL,NULL),(35,1,NULL,NULL,NULL,NULL),(36,1,NULL,NULL,NULL,NULL);

--
-- Table structure for table `customer_entity`
--

CREATE TABLE `customer_entity` (
  `entity_id` int unsigned NOT NULL AUTO_INCREMENT COMMENT 'Entity ID',
  `website_id` smallint unsigned DEFAULT NULL COMMENT 'Website ID',
  `email` varchar(255) DEFAULT NULL COMMENT 'Email',
  `group_id` smallint unsigned NOT NULL DEFAULT '0' COMMENT 'Group ID',
  `increment_id` varchar(50) DEFAULT NULL COMMENT 'Increment ID',
  `store_id` smallint unsigned DEFAULT '0' COMMENT 'Store ID',
  `created_at` timestamp NOT NULL DEFAULT CURRENT_TIMESTAMP COMMENT 'Created At',
  `updated_at` timestamp NOT NULL DEFAULT CURRENT_TIMESTAMP ON UPDATE CURRENT_TIMESTAMP COMMENT 'Updated At',
  `is_active` smallint unsigned NOT NULL DEFAULT '1' COMMENT 'Is Active',
  `disable_auto_group_change` smallint unsigned NOT NULL DEFAULT '0' COMMENT 'Disable automatic group change based on VAT ID',
  `created_in` varchar(255) DEFAULT NULL COMMENT 'Created From',
  `prefix` varchar(40) DEFAULT NULL COMMENT 'Name Prefix',
  `firstname` varchar(255) DEFAULT NULL COMMENT 'First Name',
  `middlename` varchar(255) DEFAULT NULL COMMENT 'Middle Name/Initial',
  `lastname` varchar(255) DEFAULT NULL COMMENT 'Last Name',
  `suffix` varchar(40) DEFAULT NULL COMMENT 'Name Suffix',
  `dob` date DEFAULT NULL COMMENT 'Date of Birth',
  `password_hash` varchar(128) DEFAULT NULL COMMENT 'Password_hash',
  `rp_token` varchar(128) DEFAULT NULL COMMENT 'Reset password token',
  `rp_token_created_at` datetime DEFAULT NULL COMMENT 'Reset password token creation time',
  `default_billing` int unsigned DEFAULT NULL COMMENT 'Default Billing Address',
  `default_shipping` int unsigned DEFAULT NULL COMMENT 'Default Shipping Address',
  `taxvat` varchar(50) DEFAULT NULL COMMENT 'Tax/VAT Number',
  `confirmation` varchar(64) DEFAULT NULL COMMENT 'Is Confirmed',
  `gender` smallint unsigned DEFAULT NULL COMMENT 'Gender',
  `failures_num` smallint DEFAULT '0' COMMENT 'Failure Number',
  `first_failure` timestamp NULL DEFAULT NULL COMMENT 'First Failure',
  `lock_expires` timestamp NULL DEFAULT NULL COMMENT 'Lock Expiration Date',
  `session_cutoff` timestamp NULL DEFAULT NULL COMMENT 'Session Cutoff Time',
  PRIMARY KEY (`entity_id`),
  UNIQUE KEY `CUSTOMER_ENTITY_EMAIL_WEBSITE_ID` (`email`,`website_id`),
  KEY `CUSTOMER_ENTITY_STORE_ID` (`store_id`),
  KEY `CUSTOMER_ENTITY_WEBSITE_ID` (`website_id`),
  KEY `CUSTOMER_ENTITY_FIRSTNAME` (`firstname`),
  KEY `CUSTOMER_ENTITY_LASTNAME` (`lastname`),
  CONSTRAINT `CUSTOMER_ENTITY_STORE_ID_STORE_STORE_ID` FOREIGN KEY (`store_id`) REFERENCES `store` (`store_id`) ON DELETE SET NULL,
  CONSTRAINT `CUSTOMER_ENTITY_WEBSITE_ID_STORE_WEBSITE_WEBSITE_ID` FOREIGN KEY (`website_id`) REFERENCES `store_website` (`website_id`) ON DELETE SET NULL
) ENGINE=InnoDB DEFAULT CHARSET=utf8mb3 COMMENT='Customer Entity';

--
-- Dumping data for table `customer_entity`
--


--
-- Table structure for table `customer_entity_datetime`
--

CREATE TABLE `customer_entity_datetime` (
  `value_id` int NOT NULL AUTO_INCREMENT COMMENT 'Value ID',
  `attribute_id` smallint unsigned NOT NULL DEFAULT '0' COMMENT 'Attribute ID',
  `entity_id` int unsigned NOT NULL DEFAULT '0' COMMENT 'Entity ID',
  `value` datetime DEFAULT NULL COMMENT 'Value',
  PRIMARY KEY (`value_id`),
  UNIQUE KEY `CUSTOMER_ENTITY_DATETIME_ENTITY_ID_ATTRIBUTE_ID` (`entity_id`,`attribute_id`),
  KEY `CUSTOMER_ENTITY_DATETIME_ATTRIBUTE_ID` (`attribute_id`),
  KEY `CUSTOMER_ENTITY_DATETIME_ENTITY_ID_ATTRIBUTE_ID_VALUE` (`entity_id`,`attribute_id`,`value`),
  CONSTRAINT `CUSTOMER_ENTITY_DATETIME_ATTRIBUTE_ID_EAV_ATTRIBUTE_ATTRIBUTE_ID` FOREIGN KEY (`attribute_id`) REFERENCES `eav_attribute` (`attribute_id`) ON DELETE CASCADE,
  CONSTRAINT `CUSTOMER_ENTITY_DATETIME_ENTITY_ID_CUSTOMER_ENTITY_ENTITY_ID` FOREIGN KEY (`entity_id`) REFERENCES `customer_entity` (`entity_id`) ON DELETE CASCADE
) ENGINE=InnoDB DEFAULT CHARSET=utf8mb3 COMMENT='Customer Entity Datetime';

--
-- Dumping data for table `customer_entity_datetime`
--


--
-- Table structure for table `customer_entity_decimal`
--

CREATE TABLE `customer_entity_decimal` (
  `value_id` int NOT NULL AUTO_INCREMENT COMMENT 'Value ID',
  `attribute_id` smallint unsigned NOT NULL DEFAULT '0' COMMENT 'Attribute ID',
  `entity_id` int unsigned NOT NULL DEFAULT '0' COMMENT 'Entity ID',
  `value` decimal(12,4) NOT NULL DEFAULT '0.0000' COMMENT 'Value',
  PRIMARY KEY (`value_id`),
  UNIQUE KEY `CUSTOMER_ENTITY_DECIMAL_ENTITY_ID_ATTRIBUTE_ID` (`entity_id`,`attribute_id`),
  KEY `CUSTOMER_ENTITY_DECIMAL_ATTRIBUTE_ID` (`attribute_id`),
  KEY `CUSTOMER_ENTITY_DECIMAL_ENTITY_ID_ATTRIBUTE_ID_VALUE` (`entity_id`,`attribute_id`,`value`),
  CONSTRAINT `CUSTOMER_ENTITY_DECIMAL_ATTRIBUTE_ID_EAV_ATTRIBUTE_ATTRIBUTE_ID` FOREIGN KEY (`attribute_id`) REFERENCES `eav_attribute` (`attribute_id`) ON DELETE CASCADE,
  CONSTRAINT `CUSTOMER_ENTITY_DECIMAL_ENTITY_ID_CUSTOMER_ENTITY_ENTITY_ID` FOREIGN KEY (`entity_id`) REFERENCES `customer_entity` (`entity_id`) ON DELETE CASCADE
) ENGINE=InnoDB DEFAULT CHARSET=utf8mb3 COMMENT='Customer Entity Decimal';

--
-- Dumping data for table `customer_entity_decimal`
--


--
-- Table structure for table `customer_entity_int`
--

CREATE TABLE `customer_entity_int` (
  `value_id` int NOT NULL AUTO_INCREMENT COMMENT 'Value ID',
  `attribute_id` smallint unsigned NOT NULL DEFAULT '0' COMMENT 'Attribute ID',
  `entity_id` int unsigned NOT NULL DEFAULT '0' COMMENT 'Entity ID',
  `value` int NOT NULL DEFAULT '0' COMMENT 'Value',
  PRIMARY KEY (`value_id`),
  UNIQUE KEY `CUSTOMER_ENTITY_INT_ENTITY_ID_ATTRIBUTE_ID` (`entity_id`,`attribute_id`),
  KEY `CUSTOMER_ENTITY_INT_ATTRIBUTE_ID` (`attribute_id`),
  KEY `CUSTOMER_ENTITY_INT_ENTITY_ID_ATTRIBUTE_ID_VALUE` (`entity_id`,`attribute_id`,`value`),
  CONSTRAINT `CUSTOMER_ENTITY_INT_ATTRIBUTE_ID_EAV_ATTRIBUTE_ATTRIBUTE_ID` FOREIGN KEY (`attribute_id`) REFERENCES `eav_attribute` (`attribute_id`) ON DELETE CASCADE,
  CONSTRAINT `CUSTOMER_ENTITY_INT_ENTITY_ID_CUSTOMER_ENTITY_ENTITY_ID` FOREIGN KEY (`entity_id`) REFERENCES `customer_entity` (`entity_id`) ON DELETE CASCADE
) ENGINE=InnoDB DEFAULT CHARSET=utf8mb3 COMMENT='Customer Entity Int';

--
-- Dumping data for table `customer_entity_int`
--


--
-- Table structure for table `customer_entity_text`
--

CREATE TABLE `customer_entity_text` (
  `value_id` int NOT NULL AUTO_INCREMENT COMMENT 'Value ID',
  `attribute_id` smallint unsigned NOT NULL DEFAULT '0' COMMENT 'Attribute ID',
  `entity_id` int unsigned NOT NULL DEFAULT '0' COMMENT 'Entity ID',
  `value` text NOT NULL COMMENT 'Value',
  PRIMARY KEY (`value_id`),
  UNIQUE KEY `CUSTOMER_ENTITY_TEXT_ENTITY_ID_ATTRIBUTE_ID` (`entity_id`,`attribute_id`),
  KEY `CUSTOMER_ENTITY_TEXT_ATTRIBUTE_ID` (`attribute_id`),
  CONSTRAINT `CUSTOMER_ENTITY_TEXT_ATTRIBUTE_ID_EAV_ATTRIBUTE_ATTRIBUTE_ID` FOREIGN KEY (`attribute_id`) REFERENCES `eav_attribute` (`attribute_id`) ON DELETE CASCADE,
  CONSTRAINT `CUSTOMER_ENTITY_TEXT_ENTITY_ID_CUSTOMER_ENTITY_ENTITY_ID` FOREIGN KEY (`entity_id`) REFERENCES `customer_entity` (`entity_id`) ON DELETE CASCADE
) ENGINE=InnoDB DEFAULT CHARSET=utf8mb3 COMMENT='Customer Entity Text';

--
-- Dumping data for table `customer_entity_text`
--


--
-- Table structure for table `customer_entity_varchar`
--

CREATE TABLE `customer_entity_varchar` (
  `value_id` int NOT NULL AUTO_INCREMENT COMMENT 'Value ID',
  `attribute_id` smallint unsigned NOT NULL DEFAULT '0' COMMENT 'Attribute ID',
  `entity_id` int unsigned NOT NULL DEFAULT '0' COMMENT 'Entity ID',
  `value` varchar(255) DEFAULT NULL COMMENT 'Value',
  PRIMARY KEY (`value_id`),
  UNIQUE KEY `CUSTOMER_ENTITY_VARCHAR_ENTITY_ID_ATTRIBUTE_ID` (`entity_id`,`attribute_id`),
  KEY `CUSTOMER_ENTITY_VARCHAR_ATTRIBUTE_ID` (`attribute_id`),
  KEY `CUSTOMER_ENTITY_VARCHAR_ENTITY_ID_ATTRIBUTE_ID_VALUE` (`entity_id`,`attribute_id`,`value`),
  CONSTRAINT `CUSTOMER_ENTITY_VARCHAR_ATTRIBUTE_ID_EAV_ATTRIBUTE_ATTRIBUTE_ID` FOREIGN KEY (`attribute_id`) REFERENCES `eav_attribute` (`attribute_id`) ON DELETE CASCADE,
  CONSTRAINT `CUSTOMER_ENTITY_VARCHAR_ENTITY_ID_CUSTOMER_ENTITY_ENTITY_ID` FOREIGN KEY (`entity_id`) REFERENCES `customer_entity` (`entity_id`) ON DELETE CASCADE
) ENGINE=InnoDB DEFAULT CHARSET=utf8mb3 COMMENT='Customer Entity Varchar';

--
-- Dumping data for table `customer_entity_varchar`
--


--
-- Table structure for table `customer_form_attribute`
--

CREATE TABLE `customer_form_attribute` (
  `form_code` varchar(32) NOT NULL COMMENT 'Form Code',
  `attribute_id` smallint unsigned NOT NULL COMMENT 'Attribute ID',
  PRIMARY KEY (`form_code`,`attribute_id`),
  KEY `CUSTOMER_FORM_ATTRIBUTE_ATTRIBUTE_ID` (`attribute_id`),
  CONSTRAINT `CUSTOMER_FORM_ATTRIBUTE_ATTRIBUTE_ID_EAV_ATTRIBUTE_ATTRIBUTE_ID` FOREIGN KEY (`attribute_id`) REFERENCES `eav_attribute` (`attribute_id`) ON DELETE CASCADE
) ENGINE=InnoDB DEFAULT CHARSET=utf8mb3 COMMENT='Customer Form Attribute';

--
-- Dumping data for table `customer_form_attribute`
--

INSERT INTO `customer_form_attribute` VALUES ('adminhtml_customer',1),('adminhtml_customer',3),('adminhtml_customer',4),('customer_account_create',4),('customer_account_edit',4),('adminhtml_customer',5),('customer_account_create',5),('customer_account_edit',5),('adminhtml_customer',6),('customer_account_create',6),('customer_account_edit',6),('adminhtml_customer',7),('customer_account_create',7),('customer_account_edit',7),('adminhtml_customer',8),('customer_account_create',8),('customer_account_edit',8),('adminhtml_checkout',9),('adminhtml_customer',9),('customer_account_create',9),('customer_account_edit',9),('adminhtml_checkout',10),('adminhtml_customer',10),('adminhtml_checkout',11),('adminhtml_customer',11),('customer_account_create',11),('customer_account_edit',11),('adminhtml_checkout',17),('adminhtml_customer',17),('customer_account_create',17),('customer_account_edit',17),('adminhtml_customer',19),('customer_account_create',19),('customer_account_edit',19),('adminhtml_checkout',20),('adminhtml_customer',20),('customer_account_create',20),('customer_account_edit',20),('adminhtml_customer',21),('adminhtml_customer_address',22),('customer_address_edit',22),('customer_register_address',22),('adminhtml_customer_address',23),('customer_address_edit',23),('customer_register_address',23),('adminhtml_customer_address',24),('customer_address_edit',24),('customer_register_address',24),('adminhtml_customer_address',25),('customer_address_edit',25),('customer_register_address',25),('adminhtml_customer_address',26),('customer_address_edit',26),('customer_register_address',26),('adminhtml_customer_address',27),('customer_address_edit',27),('customer_register_address',27),('adminhtml_customer_address',28),('customer_address_edit',28),('customer_register_address',28),('adminhtml_customer_address',29),('customer_address_edit',29),('customer_register_address',29),('adminhtml_customer_address',30),('customer_address_edit',30),('customer_register_address',30),('adminhtml_customer_address',31),('customer_address_edit',31),('customer_register_address',31),('adminhtml_customer_address',32),('customer_address_edit',32),('customer_register_address',32),('adminhtml_customer_address',33),('customer_address_edit',33),('customer_register_address',33),('adminhtml_customer_address',34),('customer_address_edit',34),('customer_register_address',34),('adminhtml_customer_address',35),('customer_address_edit',35),('customer_register_address',35),('adminhtml_customer_address',36),('customer_address_edit',36),('customer_register_address',36);

--
-- Table structure for table `customer_grid_flat`
--

CREATE TABLE `customer_grid_flat` (
  `entity_id` int unsigned NOT NULL COMMENT 'Entity ID',
  `name` text COMMENT 'Name',
  `email` varchar(255) DEFAULT NULL COMMENT 'Email',
  `group_id` int DEFAULT NULL COMMENT 'Group_id',
  `created_at` timestamp NULL DEFAULT NULL COMMENT 'Created_at',
  `website_id` int DEFAULT NULL COMMENT 'Website_id',
  `confirmation` varchar(255) DEFAULT NULL COMMENT 'Confirmation',
  `created_in` text COMMENT 'Created_in',
  `dob` date DEFAULT NULL COMMENT 'Dob',
  `gender` int DEFAULT NULL COMMENT 'Gender',
  `taxvat` varchar(255) DEFAULT NULL COMMENT 'Taxvat',
  `lock_expires` timestamp NULL DEFAULT NULL COMMENT 'Lock_expires',
  `shipping_full` text COMMENT 'Shipping_full',
  `billing_full` text COMMENT 'Billing_full',
  `billing_firstname` varchar(255) DEFAULT NULL COMMENT 'Billing_firstname',
  `billing_lastname` varchar(255) DEFAULT NULL COMMENT 'Billing_lastname',
  `billing_telephone` varchar(255) DEFAULT NULL COMMENT 'Billing_telephone',
  `billing_postcode` varchar(255) DEFAULT NULL COMMENT 'Billing_postcode',
  `billing_country_id` varchar(255) DEFAULT NULL COMMENT 'Billing_country_id',
  `billing_region` varchar(255) DEFAULT NULL COMMENT 'Billing_region',
  `billing_region_id` int DEFAULT NULL COMMENT 'Billing_region_id',
  `billing_street` varchar(255) DEFAULT NULL COMMENT 'Billing_street',
  `billing_city` varchar(255) DEFAULT NULL COMMENT 'Billing_city',
  `billing_fax` varchar(255) DEFAULT NULL COMMENT 'Billing_fax',
  `billing_vat_id` varchar(255) DEFAULT NULL COMMENT 'Billing_vat_id',
  `billing_company` varchar(255) DEFAULT NULL COMMENT 'Billing_company',
  PRIMARY KEY (`entity_id`),
  KEY `CUSTOMER_GRID_FLAT_GROUP_ID` (`group_id`),
  KEY `CUSTOMER_GRID_FLAT_CREATED_AT` (`created_at`),
  KEY `CUSTOMER_GRID_FLAT_WEBSITE_ID` (`website_id`),
  KEY `CUSTOMER_GRID_FLAT_CONFIRMATION` (`confirmation`),
  KEY `CUSTOMER_GRID_FLAT_DOB` (`dob`),
  KEY `CUSTOMER_GRID_FLAT_GENDER` (`gender`),
  KEY `CUSTOMER_GRID_FLAT_BILLING_COUNTRY_ID` (`billing_country_id`),
  FULLTEXT KEY `FTI_8746F705702DD5F6D45B8C7CE7FE9F2F` (`name`,`email`,`created_in`,`taxvat`,`shipping_full`,`billing_full`,`billing_firstname`,`billing_lastname`,`billing_telephone`,`billing_postcode`,`billing_region`,`billing_city`,`billing_fax`,`billing_company`)
) ENGINE=InnoDB DEFAULT CHARSET=utf8mb3 COMMENT='customer_grid_flat';

--
-- Dumping data for table `customer_grid_flat`
--


--
-- Table structure for table `customer_group`
--

CREATE TABLE `customer_group` (
  `customer_group_id` int unsigned NOT NULL AUTO_INCREMENT,
  `customer_group_code` varchar(32) NOT NULL COMMENT 'Customer Group Code',
  `tax_class_id` int unsigned NOT NULL DEFAULT '0' COMMENT 'Tax Class ID',
  PRIMARY KEY (`customer_group_id`)
) ENGINE=InnoDB AUTO_INCREMENT=4 DEFAULT CHARSET=utf8mb3 COMMENT='Customer Group';

--
-- Dumping data for table `customer_group`
--

INSERT INTO `customer_group` VALUES (0,'NOT LOGGED IN',3),(1,'General',3),(2,'Wholesale',3),(3,'Retailer',3);

--
-- Table structure for table `customer_group_excluded_website`
--

CREATE TABLE `customer_group_excluded_website` (
  `entity_id` int unsigned NOT NULL AUTO_INCREMENT,
  `customer_group_id` int unsigned NOT NULL COMMENT 'Customer Group ID',
  `website_id` smallint unsigned NOT NULL COMMENT 'Excluded Website ID from Customer Group',
  PRIMARY KEY (`entity_id`),
  KEY `CUSTOMER_GROUP_EXCLUDED_WEBSITE_CUSTOMER_GROUP_ID_WEBSITE_ID` (`customer_group_id`,`website_id`)
) ENGINE=InnoDB DEFAULT CHARSET=utf8mb3 COMMENT='Excluded Websites From Customer Group';

--
-- Dumping data for table `customer_group_excluded_website`
--


--
-- Table structure for table `customer_log`
--

CREATE TABLE `customer_log` (
  `log_id` int NOT NULL AUTO_INCREMENT COMMENT 'Log ID',
  `customer_id` int NOT NULL COMMENT 'Customer ID',
  `last_login_at` timestamp NULL DEFAULT NULL COMMENT 'Last Login Time',
  `last_logout_at` timestamp NULL DEFAULT NULL COMMENT 'Last Logout Time',
  PRIMARY KEY (`log_id`),
  UNIQUE KEY `CUSTOMER_LOG_CUSTOMER_ID` (`customer_id`)
) ENGINE=InnoDB DEFAULT CHARSET=utf8mb3 COMMENT='Customer Log Table';

--
-- Dumping data for table `customer_log`
--


--
-- Table structure for table `customer_visitor`
--

CREATE TABLE `customer_visitor` (
  `visitor_id` bigint unsigned NOT NULL AUTO_INCREMENT COMMENT 'Visitor ID',
  `customer_id` int DEFAULT NULL COMMENT 'Customer ID',
  `session_id` varchar(1) DEFAULT NULL COMMENT 'Deprecated: Session ID value no longer used',
  `created_at` timestamp NOT NULL DEFAULT CURRENT_TIMESTAMP COMMENT 'Created At',
  `last_visit_at` timestamp NOT NULL DEFAULT CURRENT_TIMESTAMP ON UPDATE CURRENT_TIMESTAMP COMMENT 'Last Visit Time',
  PRIMARY KEY (`visitor_id`),
  KEY `CUSTOMER_VISITOR_CUSTOMER_ID` (`customer_id`),
  KEY `CUSTOMER_VISITOR_LAST_VISIT_AT` (`last_visit_at`)
) ENGINE=InnoDB AUTO_INCREMENT=14 DEFAULT CHARSET=utf8mb3 COMMENT='Visitor Table';

--
-- Dumping data for table `customer_visitor`
--


--
-- Table structure for table `design_change`
--

CREATE TABLE `design_change` (
  `design_change_id` int NOT NULL AUTO_INCREMENT COMMENT 'Design Change ID',
  `store_id` smallint unsigned NOT NULL DEFAULT '0' COMMENT 'Store ID',
  `design` varchar(255) DEFAULT NULL COMMENT 'Design',
  `date_from` date DEFAULT NULL COMMENT 'First Date of Design Activity',
  `date_to` date DEFAULT NULL COMMENT 'Last Date of Design Activity',
  PRIMARY KEY (`design_change_id`),
  KEY `DESIGN_CHANGE_STORE_ID` (`store_id`),
  CONSTRAINT `DESIGN_CHANGE_STORE_ID_STORE_STORE_ID` FOREIGN KEY (`store_id`) REFERENCES `store` (`store_id`) ON DELETE CASCADE
) ENGINE=InnoDB DEFAULT CHARSET=utf8mb3 COMMENT='Design Changes';

--
-- Dumping data for table `design_change`
--


--
-- Table structure for table `design_config_grid_flat`
--

CREATE TABLE `design_config_grid_flat` (
  `entity_id` int unsigned NOT NULL COMMENT 'Entity ID',
  `store_website_id` int DEFAULT NULL COMMENT 'Store_website_id',
  `store_group_id` int DEFAULT NULL COMMENT 'Store_group_id',
  `store_id` int DEFAULT NULL COMMENT 'Store_id',
  `theme_theme_id` varchar(255) DEFAULT NULL COMMENT 'Theme_theme_id',
  PRIMARY KEY (`entity_id`),
  KEY `DESIGN_CONFIG_GRID_FLAT_STORE_WEBSITE_ID` (`store_website_id`),
  KEY `DESIGN_CONFIG_GRID_FLAT_STORE_GROUP_ID` (`store_group_id`),
  KEY `DESIGN_CONFIG_GRID_FLAT_STORE_ID` (`store_id`),
  FULLTEXT KEY `DESIGN_CONFIG_GRID_FLAT_THEME_THEME_ID` (`theme_theme_id`)
) ENGINE=InnoDB DEFAULT CHARSET=utf8mb3 COMMENT='design_config_grid_flat';

--
-- Dumping data for table `design_config_grid_flat`
--

INSERT INTO `design_config_grid_flat` VALUES (0,NULL,NULL,NULL,'3'),(1,1,NULL,NULL,'3'),(2,1,1,1,'3');

--
-- Table structure for table `directory_country`
--

CREATE TABLE `directory_country` (
  `country_id` varchar(2) NOT NULL COMMENT 'Country ID in ISO-2',
  `iso2_code` varchar(2) DEFAULT NULL COMMENT 'Country ISO-2 format',
  `iso3_code` varchar(3) DEFAULT NULL COMMENT 'Country ISO-3',
  PRIMARY KEY (`country_id`)
) ENGINE=InnoDB DEFAULT CHARSET=utf8mb3 COMMENT='Directory Country';

--
-- Dumping data for table `directory_country`
--

INSERT INTO `directory_country` VALUES ('AD','AD','AND'),('AE','AE','ARE'),('AF','AF','AFG'),('AG','AG','ATG'),('AI','AI','AIA'),('AL','AL','ALB'),('AM','AM','ARM'),('AN','AN','ANT'),('AO','AO','AGO'),('AQ','AQ','ATA'),('AR','AR','ARG'),('AS','AS','ASM'),('AT','AT','AUT'),('AU','AU','AUS'),('AW','AW','ABW'),('AX','AX','ALA'),('AZ','AZ','AZE'),('BA','BA','BIH'),('BB','BB','BRB'),('BD','BD','BGD'),('BE','BE','BEL'),('BF','BF','BFA'),('BG','BG','BGR'),('BH','BH','BHR'),('BI','BI','BDI'),('BJ','BJ','BEN'),('BL','BL','BLM'),('BM','BM','BMU'),('BN','BN','BRN'),('BO','BO','BOL'),('BQ','BQ','BES'),('BR','BR','BRA'),('BS','BS','BHS'),('BT','BT','BTN'),('BV','BV','BVT'),('BW','BW','BWA'),('BY','BY','BLR'),('BZ','BZ','BLZ'),('CA','CA','CAN'),('CC','CC','CCK'),('CD','CD','COD'),('CF','CF','CAF'),('CG','CG','COG'),('CH','CH','CHE'),('CI','CI','CIV'),('CK','CK','COK'),('CL','CL','CHL'),('CM','CM','CMR'),('CN','CN','CHN'),('CO','CO','COL'),('CR','CR','CRI'),('CU','CU','CUB'),('CV','CV','CPV'),('CW','CW','CUW'),('CX','CX','CXR'),('CY','CY','CYP'),('CZ','CZ','CZE'),('DE','DE','DEU'),('DJ','DJ','DJI'),('DK','DK','DNK'),('DM','DM','DMA'),('DO','DO','DOM'),('DZ','DZ','DZA'),('EC','EC','ECU'),('EE','EE','EST'),('EG','EG','EGY'),('EH','EH','ESH'),('ER','ER','ERI'),('ES','ES','ESP'),('ET','ET','ETH'),('FI','FI','FIN'),('FJ','FJ','FJI'),('FK','FK','FLK'),('FM','FM','FSM'),('FO','FO','FRO'),('FR','FR','FRA'),('GA','GA','GAB'),('GB','GB','GBR'),('GD','GD','GRD'),('GE','GE','GEO'),('GF','GF','GUF'),('GG','GG','GGY'),('GH','GH','GHA'),('GI','GI','GIB'),('GL','GL','GRL'),('GM','GM','GMB'),('GN','GN','GIN'),('GP','GP','GLP'),('GQ','GQ','GNQ'),('GR','GR','GRC'),('GS','GS','SGS'),('GT','GT','GTM'),('GU','GU','GUM'),('GW','GW','GNB'),('GY','GY','GUY'),('HK','HK','HKG'),('HM','HM','HMD'),('HN','HN','HND'),('HR','HR','HRV'),('HT','HT','HTI'),('HU','HU','HUN'),('ID','ID','IDN'),('IE','IE','IRL'),('IL','IL','ISR'),('IM','IM','IMN'),('IN','IN','IND'),('IO','IO','IOT'),('IQ','IQ','IRQ'),('IR','IR','IRN'),('IS','IS','ISL'),('IT','IT','ITA'),('JE','JE','JEY'),('JM','JM','JAM'),('JO','JO','JOR'),('JP','JP','JPN'),('KE','KE','KEN'),('KG','KG','KGZ'),('KH','KH','KHM'),('KI','KI','KIR'),('KM','KM','COM'),('KN','KN','KNA'),('KP','KP','PRK'),('KR','KR','KOR'),('KW','KW','KWT'),('KY','KY','CYM'),('KZ','KZ','KAZ'),('LA','LA','LAO'),('LB','LB','LBN'),('LC','LC','LCA'),('LI','LI','LIE'),('LK','LK','LKA'),('LR','LR','LBR'),('LS','LS','LSO'),('LT','LT','LTU'),('LU','LU','LUX'),('LV','LV','LVA'),('LY','LY','LBY'),('MA','MA','MAR'),('MC','MC','MCO'),('MD','MD','MDA'),('ME','ME','MNE'),('MF','MF','MAF'),('MG','MG','MDG'),('MH','MH','MHL'),('MK','MK','MKD'),('ML','ML','MLI'),('MM','MM','MMR'),('MN','MN','MNG'),('MO','MO','MAC'),('MP','MP','MNP'),('MQ','MQ','MTQ'),('MR','MR','MRT'),('MS','MS','MSR'),('MT','MT','MLT'),('MU','MU','MUS'),('MV','MV','MDV'),('MW','MW','MWI'),('MX','MX','MEX'),('MY','MY','MYS'),('MZ','MZ','MOZ'),('NA','NA','NAM'),('NC','NC','NCL'),('NE','NE','NER'),('NF','NF','NFK'),('NG','NG','NGA'),('NI','NI','NIC'),('NL','NL','NLD'),('NO','NO','NOR'),('NP','NP','NPL'),('NR','NR','NRU'),('NU','NU','NIU'),('NZ','NZ','NZL'),('OM','OM','OMN'),('PA','PA','PAN'),('PE','PE','PER'),('PF','PF','PYF'),('PG','PG','PNG'),('PH','PH','PHL'),('PK','PK','PAK'),('PL','PL','POL'),('PM','PM','SPM'),('PN','PN','PCN'),('PS','PS','PSE'),('PT','PT','PRT'),('PW','PW','PLW'),('PY','PY','PRY'),('QA','QA','QAT'),('RE','RE','REU'),('RO','RO','ROU'),('RS','RS','SRB'),('RU','RU','RUS'),('RW','RW','RWA'),('SA','SA','SAU'),('SB','SB','SLB'),('SC','SC','SYC'),('SD','SD','SDN'),('SE','SE','SWE'),('SG','SG','SGP'),('SH','SH','SHN'),('SI','SI','SVN'),('SJ','SJ','SJM'),('SK','SK','SVK'),('SL','SL','SLE'),('SM','SM','SMR'),('SN','SN','SEN'),('SO','SO','SOM'),('SR','SR','SUR'),('ST','ST','STP'),('SV','SV','SLV'),('SX','SX','SXM'),('SY','SY','SYR'),('SZ','SZ','SWZ'),('TC','TC','TCA'),('TD','TD','TCD'),('TF','TF','ATF'),('TG','TG','TGO'),('TH','TH','THA'),('TJ','TJ','TJK'),('TK','TK','TKL'),('TL','TL','TLS'),('TM','TM','TKM'),('TN','TN','TUN'),('TO','TO','TON'),('TR','TR','TUR'),('TT','TT','TTO'),('TV','TV','TUV'),('TW','TW','TWN'),('TZ','TZ','TZA'),('UA','UA','UKR'),('UG','UG','UGA'),('UM','UM','UMI'),('US','US','USA'),('UY','UY','URY'),('UZ','UZ','UZB'),('VA','VA','VAT'),('VC','VC','VCT'),('VE','VE','VEN'),('VG','VG','VGB'),('VI','VI','VIR'),('VN','VN','VNM'),('VU','VU','VUT'),('WF','WF','WLF'),('WS','WS','WSM'),('XK','XK','XKX'),('YE','YE','YEM'),('YT','YT','MYT'),('ZA','ZA','ZAF'),('ZM','ZM','ZMB'),('ZW','ZW','ZWE');

--
-- Table structure for table `directory_country_format`
--

CREATE TABLE `directory_country_format` (
  `country_format_id` int unsigned NOT NULL AUTO_INCREMENT COMMENT 'Country Format ID',
  `country_id` varchar(2) DEFAULT NULL COMMENT 'Country ID in ISO-2',
  `type` varchar(30) DEFAULT NULL COMMENT 'Country Format Type',
  `format` text NOT NULL COMMENT 'Country Format',
  PRIMARY KEY (`country_format_id`),
  UNIQUE KEY `DIRECTORY_COUNTRY_FORMAT_COUNTRY_ID_TYPE` (`country_id`,`type`)
) ENGINE=InnoDB DEFAULT CHARSET=utf8mb3 COMMENT='Directory Country Format';

--
-- Dumping data for table `directory_country_format`
--


--
-- Table structure for table `directory_country_region`
--

CREATE TABLE `directory_country_region` (
  `region_id` int unsigned NOT NULL AUTO_INCREMENT COMMENT 'Region ID',
  `country_id` varchar(4) NOT NULL DEFAULT '0' COMMENT 'Country ID in ISO-2',
  `code` varchar(32) DEFAULT NULL COMMENT 'Region code',
  `default_name` varchar(255) DEFAULT NULL COMMENT 'Region Name',
  PRIMARY KEY (`region_id`),
  KEY `DIRECTORY_COUNTRY_REGION_COUNTRY_ID` (`country_id`)
) ENGINE=InnoDB AUTO_INCREMENT=1122 DEFAULT CHARSET=utf8mb3 COMMENT='Directory Country Region';

--
-- Dumping data for table `directory_country_region`
--

INSERT INTO `directory_country_region` VALUES (1,'US','AL','Alabama'),(2,'US','AK','Alaska'),(3,'US','AS','American Samoa'),(4,'US','AZ','Arizona'),(5,'US','AR','Arkansas'),(6,'US','AE','Armed Forces Africa'),(7,'US','AA','Armed Forces Americas'),(8,'US','AE','Armed Forces Canada'),(9,'US','AE','Armed Forces Europe'),(10,'US','AE','Armed Forces Middle East'),(11,'US','AP','Armed Forces Pacific'),(12,'US','CA','California'),(13,'US','CO','Colorado'),(14,'US','CT','Connecticut'),(15,'US','DE','Delaware'),(16,'US','DC','District of Columbia'),(17,'US','FM','Federated States Of Micronesia'),(18,'US','FL','Florida'),(19,'US','GA','Georgia'),(20,'US','GU','Guam'),(21,'US','HI','Hawaii'),(22,'US','ID','Idaho'),(23,'US','IL','Illinois'),(24,'US','IN','Indiana'),(25,'US','IA','Iowa'),(26,'US','KS','Kansas'),(27,'US','KY','Kentucky'),(28,'US','LA','Louisiana'),(29,'US','ME','Maine'),(30,'US','MH','Marshall Islands'),(31,'US','MD','Maryland'),(32,'US','MA','Massachusetts'),(33,'US','MI','Michigan'),(34,'US','MN','Minnesota'),(35,'US','MS','Mississippi'),(36,'US','MO','Missouri'),(37,'US','MT','Montana'),(38,'US','NE','Nebraska'),(39,'US','NV','Nevada'),(40,'US','NH','New Hampshire'),(41,'US','NJ','New Jersey'),(42,'US','NM','New Mexico'),(43,'US','NY','New York'),(44,'US','NC','North Carolina'),(45,'US','ND','North Dakota'),(46,'US','MP','Northern Mariana Islands'),(47,'US','OH','Ohio'),(48,'US','OK','Oklahoma'),(49,'US','OR','Oregon'),(50,'US','PW','Palau'),(51,'US','PA','Pennsylvania'),(52,'US','PR','Puerto Rico'),(53,'US','RI','Rhode Island'),(54,'US','SC','South Carolina'),(55,'US','SD','South Dakota'),(56,'US','TN','Tennessee'),(57,'US','TX','Texas'),(58,'US','UT','Utah'),(59,'US','VT','Vermont'),(60,'US','VI','Virgin Islands'),(61,'US','VA','Virginia'),(62,'US','WA','Washington'),(63,'US','WV','West Virginia'),(64,'US','WI','Wisconsin'),(65,'US','WY','Wyoming'),(66,'CA','AB','Alberta'),(67,'CA','BC','British Columbia'),(68,'CA','MB','Manitoba'),(69,'CA','NL','Newfoundland and Labrador'),(70,'CA','NB','New Brunswick'),(71,'CA','NS','Nova Scotia'),(72,'CA','NT','Northwest Territories'),(73,'CA','NU','Nunavut'),(74,'CA','ON','Ontario'),(75,'CA','PE','Prince Edward Island'),(76,'CA','QC','Quebec'),(77,'CA','SK','Saskatchewan'),(78,'CA','YT','Yukon Territory'),(79,'DE','NDS','Niedersachsen'),(80,'DE','BAW','Baden-Württemberg'),(81,'DE','BAY','Bayern'),(82,'DE','BER','Berlin'),(83,'DE','BRG','Brandenburg'),(84,'DE','BRE','Bremen'),(85,'DE','HAM','Hamburg'),(86,'DE','HES','Hessen'),(87,'DE','MEC','Mecklenburg-Vorpommern'),(88,'DE','NRW','Nordrhein-Westfalen'),(89,'DE','RHE','Rheinland-Pfalz'),(90,'DE','SAR','Saarland'),(91,'DE','SAS','Sachsen'),(92,'DE','SAC','Sachsen-Anhalt'),(93,'DE','SCN','Schleswig-Holstein'),(94,'DE','THE','Thüringen'),(95,'AT','WI','Wien'),(96,'AT','NO','Niederösterreich'),(97,'AT','OO','Oberösterreich'),(98,'AT','SB','Salzburg'),(99,'AT','KN','Kärnten'),(100,'AT','ST','Steiermark'),(101,'AT','TI','Tirol'),(102,'AT','BL','Burgenland'),(103,'AT','VB','Vorarlberg'),(104,'CH','AG','Aargau'),(105,'CH','AI','Appenzell Innerrhoden'),(106,'CH','AR','Appenzell Ausserrhoden'),(107,'CH','BE','Bern'),(108,'CH','BL','Basel-Landschaft'),(109,'CH','BS','Basel-Stadt'),(110,'CH','FR','Friburg'),(111,'CH','GE','Geneva'),(112,'CH','GL','Glarus'),(113,'CH','GR','Graubünden'),(114,'CH','JU','Jura'),(115,'CH','LU','Lucerne'),(116,'CH','NE','Neuchâtel'),(117,'CH','NW','Nidwalden'),(118,'CH','OW','Obwalden'),(119,'CH','SG','St. Gallen'),(120,'CH','SH','Schaffhausen'),(121,'CH','SO','Solothurn'),(122,'CH','SZ','Schwyz'),(123,'CH','TG','Thurgau'),(124,'CH','TI','Ticino'),(125,'CH','UR','Uri'),(126,'CH','VD','Vaud'),(127,'CH','VS','Wallis'),(128,'CH','ZG','Zug'),(129,'CH','ZH','Zürich'),(130,'ES','A Coruсa','A Coruña'),(131,'ES','Alava','Alava'),(132,'ES','Albacete','Albacete'),(133,'ES','Alicante','Alicante'),(134,'ES','Almeria','Almeria'),(135,'ES','Asturias','Asturias'),(136,'ES','Avila','Avila'),(137,'ES','Badajoz','Badajoz'),(138,'ES','Baleares','Baleares'),(139,'ES','Barcelona','Barcelona'),(140,'ES','Burgos','Burgos'),(141,'ES','Caceres','Caceres'),(142,'ES','Cadiz','Cadiz'),(143,'ES','Cantabria','Cantabria'),(144,'ES','Castellon','Castellon'),(145,'ES','Ceuta','Ceuta'),(146,'ES','Ciudad Real','Ciudad Real'),(147,'ES','Cordoba','Cordoba'),(148,'ES','Cuenca','Cuenca'),(149,'ES','Girona','Girona'),(150,'ES','Granada','Granada'),(151,'ES','Guadalajara','Guadalajara'),(152,'ES','Guipuzcoa','Guipuzcoa'),(153,'ES','Huelva','Huelva'),(154,'ES','Huesca','Huesca'),(155,'ES','Jaen','Jaen'),(156,'ES','La Rioja','La Rioja'),(157,'ES','Las Palmas','Las Palmas'),(158,'ES','Leon','Leon'),(159,'ES','Lleida','Lleida'),(160,'ES','Lugo','Lugo'),(161,'ES','Madrid','Madrid'),(162,'ES','Malaga','Malaga'),(163,'ES','Melilla','Melilla'),(164,'ES','Murcia','Murcia'),(165,'ES','Navarra','Navarra'),(166,'ES','Ourense','Ourense'),(167,'ES','Palencia','Palencia'),(168,'ES','Pontevedra','Pontevedra'),(169,'ES','Salamanca','Salamanca'),(170,'ES','Santa Cruz de Tenerife','Santa Cruz de Tenerife'),(171,'ES','Segovia','Segovia'),(172,'ES','Sevilla','Sevilla'),(173,'ES','Soria','Soria'),(174,'ES','Tarragona','Tarragona'),(175,'ES','Teruel','Teruel'),(176,'ES','Toledo','Toledo'),(177,'ES','Valencia','Valencia'),(178,'ES','Valladolid','Valladolid'),(179,'ES','Vizcaya','Vizcaya'),(180,'ES','Zamora','Zamora'),(181,'ES','Zaragoza','Zaragoza'),(182,'FR','1','Ain'),(183,'FR','2','Aisne'),(184,'FR','3','Allier'),(185,'FR','4','Alpes-de-Haute-Provence'),(186,'FR','5','Hautes-Alpes'),(187,'FR','6','Alpes-Maritimes'),(188,'FR','7','Ardèche'),(189,'FR','8','Ardennes'),(190,'FR','9','Ariège'),(191,'FR','10','Aube'),(192,'FR','11','Aude'),(193,'FR','12','Aveyron'),(194,'FR','13','Bouches-du-Rhône'),(195,'FR','14','Calvados'),(196,'FR','15','Cantal'),(197,'FR','16','Charente'),(198,'FR','17','Charente-Maritime'),(199,'FR','18','Cher'),(200,'FR','19','Corrèze'),(201,'FR','2A','Corse-du-Sud'),(202,'FR','2B','Haute-Corse'),(203,'FR','21','Côte-d\'Or'),(204,'FR','22','Côtes-d\'Armor'),(205,'FR','23','Creuse'),(206,'FR','24','Dordogne'),(207,'FR','25','Doubs'),(208,'FR','26','Drôme'),(209,'FR','27','Eure'),(210,'FR','28','Eure-et-Loir'),(211,'FR','29','Finistère'),(212,'FR','30','Gard'),(213,'FR','31','Haute-Garonne'),(214,'FR','32','Gers'),(215,'FR','33','Gironde'),(216,'FR','34','Hérault'),(217,'FR','35','Ille-et-Vilaine'),(218,'FR','36','Indre'),(219,'FR','37','Indre-et-Loire'),(220,'FR','38','Isère'),(221,'FR','39','Jura'),(222,'FR','40','Landes'),(223,'FR','41','Loir-et-Cher'),(224,'FR','42','Loire'),(225,'FR','43','Haute-Loire'),(226,'FR','44','Loire-Atlantique'),(227,'FR','45','Loiret'),(228,'FR','46','Lot'),(229,'FR','47','Lot-et-Garonne'),(230,'FR','48','Lozère'),(231,'FR','49','Maine-et-Loire'),(232,'FR','50','Manche'),(233,'FR','51','Marne'),(234,'FR','52','Haute-Marne'),(235,'FR','53','Mayenne'),(236,'FR','54','Meurthe-et-Moselle'),(237,'FR','55','Meuse'),(238,'FR','56','Morbihan'),(239,'FR','57','Moselle'),(240,'FR','58','Nièvre'),(241,'FR','59','Nord'),(242,'FR','60','Oise'),(243,'FR','61','Orne'),(244,'FR','62','Pas-de-Calais'),(245,'FR','63','Puy-de-Dôme'),(246,'FR','64','Pyrénées-Atlantiques'),(247,'FR','65','Hautes-Pyrénées'),(248,'FR','66','Pyrénées-Orientales'),(249,'FR','67','Bas-Rhin'),(250,'FR','68','Haut-Rhin'),(251,'FR','69','Rhône'),(252,'FR','70','Haute-Saône'),(253,'FR','71','Saône-et-Loire'),(254,'FR','72','Sarthe'),(255,'FR','73','Savoie'),(256,'FR','74','Haute-Savoie'),(257,'FR','75','Paris'),(258,'FR','76','Seine-Maritime'),(259,'FR','77','Seine-et-Marne'),(260,'FR','78','Yvelines'),(261,'FR','79','Deux-Sèvres'),(262,'FR','80','Somme'),(263,'FR','81','Tarn'),(264,'FR','82','Tarn-et-Garonne'),(265,'FR','83','Var'),(266,'FR','84','Vaucluse'),(267,'FR','85','Vendée'),(268,'FR','86','Vienne'),(269,'FR','87','Haute-Vienne'),(270,'FR','88','Vosges'),(271,'FR','89','Yonne'),(272,'FR','90','Territoire-de-Belfort'),(273,'FR','91','Essonne'),(274,'FR','92','Hauts-de-Seine'),(275,'FR','93','Seine-Saint-Denis'),(276,'FR','94','Val-de-Marne'),(277,'FR','95','Val-d\'Oise'),(278,'RO','AB','Alba'),(279,'RO','AR','Arad'),(280,'RO','AG','Argeş'),(281,'RO','BC','Bacău'),(282,'RO','BH','Bihor'),(283,'RO','BN','Bistriţa-Năsăud'),(284,'RO','BT','Botoşani'),(285,'RO','BV','Braşov'),(286,'RO','BR','Brăila'),(287,'RO','B','Bucureşti'),(288,'RO','BZ','Buzău'),(289,'RO','CS','Caraş-Severin'),(290,'RO','CL','Călăraşi'),(291,'RO','CJ','Cluj'),(292,'RO','CT','Constanţa'),(293,'RO','CV','Covasna'),(294,'RO','DB','Dâmboviţa'),(295,'RO','DJ','Dolj'),(296,'RO','GL','Galaţi'),(297,'RO','GR','Giurgiu'),(298,'RO','GJ','Gorj'),(299,'RO','HR','Harghita'),(300,'RO','HD','Hunedoara'),(301,'RO','IL','Ialomiţa'),(302,'RO','IS','Iaşi'),(303,'RO','IF','Ilfov'),(304,'RO','MM','Maramureş'),(305,'RO','MH','Mehedinţi'),(306,'RO','MS','Mureş'),(307,'RO','NT','Neamţ'),(308,'RO','OT','Olt'),(309,'RO','PH','Prahova'),(310,'RO','SM','Satu-Mare'),(311,'RO','SJ','Sălaj'),(312,'RO','SB','Sibiu'),(313,'RO','SV','Suceava'),(314,'RO','TR','Teleorman'),(315,'RO','TM','Timiş'),(316,'RO','TL','Tulcea'),(317,'RO','VS','Vaslui'),(318,'RO','VL','Vâlcea'),(319,'RO','VN','Vrancea'),(320,'FI','Lappi','Lappi'),(321,'FI','Pohjois-Pohjanmaa','Pohjois-Pohjanmaa'),(322,'FI','Kainuu','Kainuu'),(323,'FI','Pohjois-Karjala','Pohjois-Karjala'),(324,'FI','Pohjois-Savo','Pohjois-Savo'),(325,'FI','Etelä-Savo','Etelä-Savo'),(326,'FI','Etelä-Pohjanmaa','Etelä-Pohjanmaa'),(327,'FI','Pohjanmaa','Pohjanmaa'),(328,'FI','Pirkanmaa','Pirkanmaa'),(329,'FI','Satakunta','Satakunta'),(330,'FI','Keski-Pohjanmaa','Keski-Pohjanmaa'),(331,'FI','Keski-Suomi','Keski-Suomi'),(332,'FI','Varsinais-Suomi','Varsinais-Suomi'),(333,'FI','Etelä-Karjala','Etelä-Karjala'),(334,'FI','Päijät-Häme','Päijät-Häme'),(335,'FI','Kanta-Häme','Kanta-Häme'),(336,'FI','Uusimaa','Uusimaa'),(337,'FI','Itä-Uusimaa','Itä-Uusimaa'),(338,'FI','Kymenlaakso','Kymenlaakso'),(339,'FI','Ahvenanmaa','Ahvenanmaa'),(340,'EE','EE-37','Harjumaa'),(341,'EE','EE-39','Hiiumaa'),(342,'EE','EE-44','Ida-Virumaa'),(343,'EE','EE-49','Jõgevamaa'),(344,'EE','EE-51','Järvamaa'),(345,'EE','EE-57','Läänemaa'),(346,'EE','EE-59','Lääne-Virumaa'),(347,'EE','EE-65','Põlvamaa'),(348,'EE','EE-67','Pärnumaa'),(349,'EE','EE-70','Raplamaa'),(350,'EE','EE-74','Saaremaa'),(351,'EE','EE-78','Tartumaa'),(352,'EE','EE-82','Valgamaa'),(353,'EE','EE-84','Viljandimaa'),(354,'EE','EE-86','Võrumaa'),(355,'LV','LV-DGV','Daugavpils'),(356,'LV','LV-JEL','Jelgava'),(357,'LV','Jēkabpils','Jēkabpils'),(358,'LV','LV-JUR','Jūrmala'),(359,'LV','LV-LPX','Liepāja'),(360,'LV','LV-LE','Liepājas novads'),(361,'LV','LV-REZ','Rēzekne'),(362,'LV','LV-RIX','Rīga'),(363,'LV','LV-RI','Rīgas novads'),(364,'LV','Valmiera','Valmiera'),(365,'LV','LV-VEN','Ventspils'),(366,'LV','Aglonas novads','Aglonas novads'),(367,'LV','LV-AI','Aizkraukles novads'),(368,'LV','Aizputes novads','Aizputes novads'),(369,'LV','Aknīstes novads','Aknīstes novads'),(370,'LV','Alojas novads','Alojas novads'),(371,'LV','Alsungas novads','Alsungas novads'),(372,'LV','LV-AL','Alūksnes novads'),(373,'LV','Amatas novads','Amatas novads'),(374,'LV','Apes novads','Apes novads'),(375,'LV','Auces novads','Auces novads'),(376,'LV','Babītes novads','Babītes novads'),(377,'LV','Baldones novads','Baldones novads'),(378,'LV','Baltinavas novads','Baltinavas novads'),(379,'LV','LV-BL','Balvu novads'),(380,'LV','LV-BU','Bauskas novads'),(381,'LV','Beverīnas novads','Beverīnas novads'),(382,'LV','Brocēnu novads','Brocēnu novads'),(383,'LV','Burtnieku novads','Burtnieku novads'),(384,'LV','Carnikavas novads','Carnikavas novads'),(385,'LV','Cesvaines novads','Cesvaines novads'),(386,'LV','Ciblas novads','Ciblas novads'),(387,'LV','LV-CE','Cēsu novads'),(388,'LV','Dagdas novads','Dagdas novads'),(389,'LV','LV-DA','Daugavpils novads'),(390,'LV','LV-DO','Dobeles novads'),(391,'LV','Dundagas novads','Dundagas novads'),(392,'LV','Durbes novads','Durbes novads'),(393,'LV','Engures novads','Engures novads'),(394,'LV','Garkalnes novads','Garkalnes novads'),(395,'LV','Grobiņas novads','Grobiņas novads'),(396,'LV','LV-GU','Gulbenes novads'),(397,'LV','Iecavas novads','Iecavas novads'),(398,'LV','Ikšķiles novads','Ikšķiles novads'),(399,'LV','Ilūkstes novads','Ilūkstes novads'),(400,'LV','Inčukalna novads','Inčukalna novads'),(401,'LV','Jaunjelgavas novads','Jaunjelgavas novads'),(402,'LV','Jaunpiebalgas novads','Jaunpiebalgas novads'),(403,'LV','Jaunpils novads','Jaunpils novads'),(404,'LV','LV-JL','Jelgavas novads'),(405,'LV','LV-JK','Jēkabpils novads'),(406,'LV','Kandavas novads','Kandavas novads'),(407,'LV','Kokneses novads','Kokneses novads'),(408,'LV','Krimuldas novads','Krimuldas novads'),(409,'LV','Krustpils novads','Krustpils novads'),(410,'LV','LV-KR','Krāslavas novads'),(411,'LV','LV-KU','Kuldīgas novads'),(412,'LV','Kārsavas novads','Kārsavas novads'),(413,'LV','Lielvārdes novads','Lielvārdes novads'),(414,'LV','LV-LM','Limbažu novads'),(415,'LV','Lubānas novads','Lubānas novads'),(416,'LV','LV-LU','Ludzas novads'),(417,'LV','Līgatnes novads','Līgatnes novads'),(418,'LV','Līvānu novads','Līvānu novads'),(419,'LV','LV-MA','Madonas novads'),(420,'LV','Mazsalacas novads','Mazsalacas novads'),(421,'LV','Mālpils novads','Mālpils novads'),(422,'LV','Mārupes novads','Mārupes novads'),(423,'LV','Naukšēnu novads','Naukšēnu novads'),(424,'LV','Neretas novads','Neretas novads'),(425,'LV','Nīcas novads','Nīcas novads'),(426,'LV','LV-OG','Ogres novads'),(427,'LV','Olaines novads','Olaines novads'),(428,'LV','Ozolnieku novads','Ozolnieku novads'),(429,'LV','LV-PR','Preiļu novads'),(430,'LV','Priekules novads','Priekules novads'),(431,'LV','Priekuļu novads','Priekuļu novads'),(432,'LV','Pārgaujas novads','Pārgaujas novads'),(433,'LV','Pāvilostas novads','Pāvilostas novads'),(434,'LV','Pļaviņu novads','Pļaviņu novads'),(435,'LV','Raunas novads','Raunas novads'),(436,'LV','Riebiņu novads','Riebiņu novads'),(437,'LV','Rojas novads','Rojas novads'),(438,'LV','Ropažu novads','Ropažu novads'),(439,'LV','Rucavas novads','Rucavas novads'),(440,'LV','Rugāju novads','Rugāju novads'),(441,'LV','Rundāles novads','Rundāles novads'),(442,'LV','LV-RE','Rēzeknes novads'),(443,'LV','Rūjienas novads','Rūjienas novads'),(444,'LV','Salacgrīvas novads','Salacgrīvas novads'),(445,'LV','Salas novads','Salas novads'),(446,'LV','Salaspils novads','Salaspils novads'),(447,'LV','LV-SA','Saldus novads'),(448,'LV','Saulkrastu novads','Saulkrastu novads'),(449,'LV','Siguldas novads','Siguldas novads'),(450,'LV','Skrundas novads','Skrundas novads'),(451,'LV','Skrīveru novads','Skrīveru novads'),(452,'LV','Smiltenes novads','Smiltenes novads'),(453,'LV','Stopiņu novads','Stopiņu novads'),(454,'LV','Strenču novads','Strenču novads'),(455,'LV','Sējas novads','Sējas novads'),(456,'LV','LV-TA','Talsu novads'),(457,'LV','LV-TU','Tukuma novads'),(458,'LV','Tērvetes novads','Tērvetes novads'),(459,'LV','Vaiņodes novads','Vaiņodes novads'),(460,'LV','LV-VK','Valkas novads'),(461,'LV','LV-VM','Valmieras novads'),(462,'LV','Varakļānu novads','Varakļānu novads'),(463,'LV','Vecpiebalgas novads','Vecpiebalgas novads'),(464,'LV','Vecumnieku novads','Vecumnieku novads'),(465,'LV','LV-VE','Ventspils novads'),(466,'LV','Viesītes novads','Viesītes novads'),(467,'LV','Viļakas novads','Viļakas novads'),(468,'LV','Viļānu novads','Viļānu novads'),(469,'LV','Vārkavas novads','Vārkavas novads'),(470,'LV','Zilupes novads','Zilupes novads'),(471,'LV','Ādažu novads','Ādažu novads'),(472,'LV','Ērgļu novads','Ērgļu novads'),(473,'LV','Ķeguma novads','Ķeguma novads'),(474,'LV','Ķekavas novads','Ķekavas novads'),(475,'LT','LT-AL','Alytaus Apskritis'),(476,'LT','LT-KU','Kauno Apskritis'),(477,'LT','LT-KL','Klaipėdos Apskritis'),(478,'LT','LT-MR','Marijampolės Apskritis'),(479,'LT','LT-PN','Panevėžio Apskritis'),(480,'LT','LT-SA','Šiaulių Apskritis'),(481,'LT','LT-TA','Tauragės Apskritis'),(482,'LT','LT-TE','Telšių Apskritis'),(483,'LT','LT-UT','Utenos Apskritis'),(484,'LT','LT-VL','Vilniaus Apskritis'),(485,'BR','AC','Acre'),(486,'BR','AL','Alagoas'),(487,'BR','AP','Amapá'),(488,'BR','AM','Amazonas'),(489,'BR','BA','Bahia'),(490,'BR','CE','Ceará'),(491,'BR','ES','Espírito Santo'),(492,'BR','GO','Goiás'),(493,'BR','MA','Maranhão'),(494,'BR','MT','Mato Grosso'),(495,'BR','MS','Mato Grosso do Sul'),(496,'BR','MG','Minas Gerais'),(497,'BR','PA','Pará'),(498,'BR','PB','Paraíba'),(499,'BR','PR','Paraná'),(500,'BR','PE','Pernambuco'),(501,'BR','PI','Piauí'),(502,'BR','RJ','Rio de Janeiro'),(503,'BR','RN','Rio Grande do Norte'),(504,'BR','RS','Rio Grande do Sul'),(505,'BR','RO','Rondônia'),(506,'BR','RR','Roraima'),(507,'BR','SC','Santa Catarina'),(508,'BR','SP','São Paulo'),(509,'BR','SE','Sergipe'),(510,'BR','TO','Tocantins'),(511,'BR','DF','Distrito Federal'),(512,'AL','AL-01','Berat'),(513,'AL','AL-09','Dibër'),(514,'AL','AL-02','Durrës'),(515,'AL','AL-03','Elbasan'),(516,'AL','AL-04','Fier'),(517,'AL','AL-05','Gjirokastër'),(518,'AL','AL-06','Korçë'),(519,'AL','AL-07','Kukës'),(520,'AL','AL-08','Lezhë'),(521,'AL','AL-10','Shkodër'),(522,'AL','AL-11','Tiranë'),(523,'AL','AL-12','Vlorë'),(524,'AR','AR-C','Ciudad Autónoma de Buenos Aires'),(525,'AR','AR-B','Buenos Aires'),(526,'AR','AR-K','Catamarca'),(527,'AR','AR-H','Chaco'),(528,'AR','AR-U','Chubut'),(529,'AR','AR-X','Córdoba'),(530,'AR','AR-W','Corrientes'),(531,'AR','AR-E','Entre Ríos'),(532,'AR','AR-P','Formosa'),(533,'AR','AR-Y','Jujuy'),(534,'AR','AR-L','La Pampa'),(535,'AR','AR-F','La Rioja'),(536,'AR','AR-M','Mendoza'),(537,'AR','AR-N','Misiones'),(538,'AR','AR-Q','Neuquén'),(539,'AR','AR-R','Río Negro'),(540,'AR','AR-A','Salta'),(541,'AR','AR-J','San Juan'),(542,'AR','AR-D','San Luis'),(543,'AR','AR-Z','Santa Cruz'),(544,'AR','AR-S','Santa Fe'),(545,'AR','AR-G','Santiago del Estero'),(546,'AR','AR-V','Tierra del Fuego'),(547,'AR','AR-T','Tucumán'),(548,'HR','HR-01','Zagrebačka županija'),(549,'HR','HR-02','Krapinsko-zagorska županija'),(550,'HR','HR-03','Sisačko-moslavačka županija'),(551,'HR','HR-04','Karlovačka županija'),(552,'HR','HR-05','Varaždinska županija'),(553,'HR','HR-06','Koprivničko-križevačka županija'),(554,'HR','HR-07','Bjelovarsko-bilogorska županija'),(555,'HR','HR-08','Primorsko-goranska županija'),(556,'HR','HR-09','Ličko-senjska županija'),(557,'HR','HR-10','Virovitičko-podravska županija'),(558,'HR','HR-11','Požeško-slavonska županija'),(559,'HR','HR-12','Brodsko-posavska županija'),(560,'HR','HR-13','Zadarska županija'),(561,'HR','HR-14','Osječko-baranjska županija'),(562,'HR','HR-15','Šibensko-kninska županija'),(563,'HR','HR-16','Vukovarsko-srijemska županija'),(564,'HR','HR-17','Splitsko-dalmatinska županija'),(565,'HR','HR-18','Istarska županija'),(566,'HR','HR-19','Dubrovačko-neretvanska županija'),(567,'HR','HR-20','Međimurska županija'),(568,'HR','HR-21','Grad Zagreb'),(569,'IN','AN','Andaman and Nicobar Islands'),(570,'IN','AP','Andhra Pradesh'),(571,'IN','AR','Arunachal Pradesh'),(572,'IN','AS','Assam'),(573,'IN','BR','Bihar'),(574,'IN','CH','Chandigarh'),(575,'IN','CT','Chhattisgarh'),(576,'IN','DN','Dadra and Nagar Haveli'),(577,'IN','DD','Daman and Diu'),(578,'IN','DL','Delhi'),(579,'IN','GA','Goa'),(580,'IN','GJ','Gujarat'),(581,'IN','HR','Haryana'),(582,'IN','HP','Himachal Pradesh'),(583,'IN','JK','Jammu and Kashmir'),(584,'IN','JH','Jharkhand'),(585,'IN','KA','Karnataka'),(586,'IN','KL','Kerala'),(587,'IN','LD','Lakshadweep'),(588,'IN','MP','Madhya Pradesh'),(589,'IN','MH','Maharashtra'),(590,'IN','MN','Manipur'),(591,'IN','ML','Meghalaya'),(592,'IN','MZ','Mizoram'),(593,'IN','NL','Nagaland'),(594,'IN','OR','Odisha'),(595,'IN','PY','Puducherry'),(596,'IN','PB','Punjab'),(597,'IN','RJ','Rajasthan'),(598,'IN','SK','Sikkim'),(599,'IN','TN','Tamil Nadu'),(600,'IN','TG','Telangana'),(601,'IN','TR','Tripura'),(602,'IN','UP','Uttar Pradesh'),(603,'IN','UT','Uttarakhand'),(604,'IN','WB','West Bengal'),(605,'AU','ACT','Australian Capital Territory'),(606,'AU','NSW','New South Wales'),(607,'AU','VIC','Victoria'),(608,'AU','QLD','Queensland'),(609,'AU','SA','South Australia'),(610,'AU','TAS','Tasmania'),(611,'AU','WA','Western Australia'),(612,'AU','NT','Northern Territory'),(613,'BY','BY-BR','Bresckaja voblasć'),(614,'BY','BY-HO','Homieĺskaja voblasć'),(615,'BY','BY-HM','Horad Minsk'),(616,'BY','BY-HR','Hrodzienskaja voblasć'),(617,'BY','BY-MA','Mahilioŭskaja voblasć'),(618,'BY','BY-MI','Minskaja voblasć'),(619,'BY','BY-VI','Viciebskaja voblasć'),(620,'BE','VAN','Antwerpen'),(621,'BE','WBR','Brabant wallon'),(622,'BE','BRU','Brussels-Capital Region'),(623,'BE','WHT','Hainaut'),(624,'BE','VLI','Limburg'),(625,'BE','WLG','Liège'),(626,'BE','WLX','Luxembourg'),(627,'BE','WNA','Namur'),(628,'BE','VOV','Oost-Vlaanderen'),(629,'BE','VBR','Vlaams-Brabant'),(630,'BE','VWV','West-Vlaanderen'),(631,'BO','BO-C','Cochabamba'),(632,'BO','BO-H','Chuquisaca'),(633,'BO','BO-B','El Beni'),(634,'BO','BO-L','La Paz'),(635,'BO','BO-O','Oruro'),(636,'BO','BO-N','Pando'),(637,'BO','BO-P','Potosí'),(638,'BO','BO-S','Santa Cruz'),(639,'BO','BO-T','Tarija'),(640,'BG','BG-01','Blagoevgrad'),(641,'BG','BG-02','Burgas'),(642,'BG','BG-03','Varna'),(643,'BG','BG-04','Veliko Tarnovo'),(644,'BG','BG-05','Vidin'),(645,'BG','BG-06','Vratsa'),(646,'BG','BG-07','Gabrovo'),(647,'BG','BG-08','Dobrich'),(648,'BG','BG-09','Kardzhali'),(649,'BG','BG-10','Kyustendil'),(650,'BG','BG-11','Lovech'),(651,'BG','BG-12','Montana'),(652,'BG','BG-13','Pazardzhik'),(653,'BG','BG-14','Pernik'),(654,'BG','BG-15','Pleven'),(655,'BG','BG-16','Plovdiv'),(656,'BG','BG-17','Razgrad'),(657,'BG','BG-18','Ruse'),(658,'BG','BG-19','Silistra'),(659,'BG','BG-20','Sliven'),(660,'BG','BG-21','Smolyan'),(661,'BG','BG-22','Sofia City'),(662,'BG','BG-23','Sofia Province'),(663,'BG','BG-24','Stara Zagora'),(664,'BG','BG-25','Targovishte'),(665,'BG','BG-26','Haskovo'),(666,'BG','BG-27','Shumen'),(667,'BG','BG-28','Yambol'),(668,'CL','CL-AI','Aisén del General Carlos Ibañez del Campo'),(669,'CL','CL-AN','Antofagasta'),(670,'CL','CL-AP','Arica y Parinacota'),(671,'CL','CL-AR','La Araucanía'),(672,'CL','CL-AT','Atacama'),(673,'CL','CL-BI','Biobío'),(674,'CL','CL-CO','Coquimbo'),(675,'CL','CL-LI','Libertador General Bernardo O\'Higgins'),(676,'CL','CL-LL','Los Lagos'),(677,'CL','CL-LR','Los Ríos'),(678,'CL','CL-MA','Magallanes'),(679,'CL','CL-ML','Maule'),(680,'CL','CL-NB','Ñuble'),(681,'CL','CL-RM','Región Metropolitana de Santiago'),(682,'CL','CL-TA','Tarapacá'),(683,'CL','CL-VS','Valparaíso'),(684,'CN','CN-AH','Anhui Sheng'),(685,'CN','CN-BJ','Beijing Shi'),(686,'CN','CN-CQ','Chongqing Shi'),(687,'CN','CN-FJ','Fujian Sheng'),(688,'CN','CN-GS','Gansu Sheng'),(689,'CN','CN-GD','Guangdong Sheng'),(690,'CN','CN-GX','Guangxi Zhuangzu Zizhiqu'),(691,'CN','CN-GZ','Guizhou Sheng'),(692,'CN','CN-HI','Hainan Sheng'),(693,'CN','CN-HE','Hebei Sheng'),(694,'CN','CN-HL','Heilongjiang Sheng'),(695,'CN','CN-HA','Henan Sheng'),(696,'CN','CN-HK','Hong Kong SAR'),(697,'CN','CN-HB','Hubei Sheng'),(698,'CN','CN-HN','Hunan Sheng'),(699,'CN','CN-JS','Jiangsu Sheng'),(700,'CN','CN-JX','Jiangxi Sheng'),(701,'CN','CN-JL','Jilin Sheng'),(702,'CN','CN-LN','Liaoning Sheng'),(703,'CN','CN-MO','Macao SAR'),(704,'CN','CN-NM','Nei Mongol Zizhiqu'),(705,'CN','CN-NX','Ningxia Huizi Zizhiqu'),(706,'CN','CN-QH','Qinghai Sheng'),(707,'CN','CN-SN','Shaanxi Sheng'),(708,'CN','CN-SD','Shandong Sheng'),(709,'CN','CN-SH','Shanghai Shi'),(710,'CN','CN-SX','Shanxi Sheng'),(711,'CN','CN-SC','Sichuan Sheng'),(712,'CN','CN-TW','Taiwan Sheng'),(713,'CN','CN-TJ','Tianjin Shi'),(714,'CN','CN-XJ','Xinjiang Uygur Zizhiqu'),(715,'CN','CN-XZ','Xizang Zizhiqu'),(716,'CN','CN-YN','Yunnan Sheng'),(717,'CN','CN-ZJ','Zhejiang Sheng'),(718,'CO','CO-AMA','Amazonas'),(719,'CO','CO-ANT','Antioquia'),(720,'CO','CO-ARA','Arauca'),(721,'CO','CO-ATL','Atlántico'),(722,'CO','CO-BOL','Bolívar'),(723,'CO','CO-BOY','Boyacá'),(724,'CO','CO-CAL','Caldas'),(725,'CO','CO-CAQ','Caquetá'),(726,'CO','CO-CAS','Casanare'),(727,'CO','CO-CAU','Cauca'),(728,'CO','CO-CES','Cesar'),(729,'CO','CO-CHO','Chocó'),(730,'CO','CO-COR','Córdoba'),(731,'CO','CO-CUN','Cundinamarca'),(732,'CO','CO-GUA','Guainía'),(733,'CO','CO-GUV','Guaviare'),(734,'CO','CO-HUL','Huila'),(735,'CO','CO-LAG','La Guajira'),(736,'CO','CO-MAG','Magdalena'),(737,'CO','CO-MET','Meta'),(738,'CO','CO-NAR','Nariño'),(739,'CO','CO-NSA','Norte de Santander'),(740,'CO','CO-PUT','Putumayo'),(741,'CO','CO-QUI','Quindío'),(742,'CO','CO-RIS','Risaralda'),(743,'CO','CO-SAP','San Andrés y Providencia'),(744,'CO','CO-SAN','Santander'),(745,'CO','CO-SUC','Sucre'),(746,'CO','CO-TOL','Tolima'),(747,'CO','CO-VAC','Valle del Cauca'),(748,'CO','CO-VAU','Vaupés'),(749,'CO','CO-VID','Vichada'),(750,'CZ','CZ-10','Praha, Hlavní město'),(751,'CZ','CZ-20','Středočeský kraj'),(752,'CZ','CZ-31','Jihočeský kraj'),(753,'CZ','CZ-32','Plzeňský kraj'),(754,'CZ','CZ-41','Karlovarský kraj'),(755,'CZ','CZ-42','Ústecký kraj'),(756,'CZ','CZ-51','Liberecký kraj'),(757,'CZ','CZ-52','Královéhradecký kraj'),(758,'CZ','CZ-53','Pardubický kraj'),(759,'CZ','CZ-63','Kraj Vysočina'),(760,'CZ','CZ-64','Jihomoravský kraj'),(761,'CZ','CZ-71','Olomoucký kraj'),(762,'CZ','CZ-72','Zlínský kraj'),(763,'CZ','CZ-80','Moravskoslezský kraj'),(764,'DK','DK-84','Hovedstaden'),(765,'DK','DK-82','Midtjylland'),(766,'DK','DK-81','Nordjylland'),(767,'DK','DK-85','Sjælland'),(768,'DK','DK-83','Syddanmark'),(769,'EC','EC-A','Azuay'),(770,'EC','EC-B','Bolívar'),(771,'EC','EC-F','Cañar'),(772,'EC','EC-C','Carchi'),(773,'EC','EC-H','Chimborazo'),(774,'EC','EC-X','Cotopaxi'),(775,'EC','EC-O','El Oro'),(776,'EC','EC-E','Esmeraldas'),(777,'EC','EC-W','Galápagos'),(778,'EC','EC-G','Guayas'),(779,'EC','EC-I','Imbabura'),(780,'EC','EC-L','Loja'),(781,'EC','EC-R','Los Ríos'),(782,'EC','EC-M','Manabí'),(783,'EC','EC-S','Morona Santiago'),(784,'EC','EC-N','Napo'),(785,'EC','EC-D','Orellana'),(786,'EC','EC-Y','Pastaza'),(787,'EC','EC-P','Pichincha'),(788,'EC','EC-SE','Santa Elena'),(789,'EC','EC-SD','Santo Domingo de los Tsáchilas'),(790,'EC','EC-U','Sucumbíos'),(791,'EC','EC-T','Tungurahua'),(792,'EC','EC-Z','Zamora Chinchipe'),(793,'GR','GR-A','Anatolikí Makedonía kai Thráki'),(794,'GR','GR-I','Attikí'),(795,'GR','GR-G','Dytikí Elláda'),(796,'GR','GR-C','Dytikí Makedonía'),(797,'GR','GR-F','Ionía Nísia'),(798,'GR','GR-D','Ípeiros'),(799,'GR','GR-B','Kentrikí Makedonía'),(800,'GR','GR-M','Kríti'),(801,'GR','GR-L','Nótio Aigaío'),(802,'GR','GR-J','Pelopónnisos'),(803,'GR','GR-H','Stereá Elláda'),(804,'GR','GR-E','Thessalía'),(805,'GR','GR-K','Vóreio Aigaío'),(806,'GR','GR-69','Ágion Óros'),(807,'GY','GY-BA','Barima-Waini'),(808,'GY','GY-CU','Cuyuni-Mazaruni'),(809,'GY','GY-DE','Demerara-Mahaica'),(810,'GY','GY-EB','East Berbice-Corentyne'),(811,'GY','GY-ES','Essequibo Islands-West Demerara'),(812,'GY','GY-MA','Mahaica-Berbice'),(813,'GY','GY-PM','Pomeroon-Supenaam'),(814,'GY','GY-PT','Potaro-Siparuni'),(815,'GY','GY-UD','Upper Demerara-Berbice'),(816,'GY','GY-UT','Upper Takutu-Upper Essequibo'),(817,'IS','IS-01','Höfuðborgarsvæði'),(818,'IS','IS-02','Suðurnes'),(819,'IS','IS-03','Vesturland'),(820,'IS','IS-04','Vestfirðir'),(821,'IS','IS-05','Norðurland vestra'),(822,'IS','IS-06','Norðurland eystra'),(823,'IS','IS-07','Austurland'),(824,'IS','IS-08','Suðurland'),(825,'IT','AG','Agrigento'),(826,'IT','AL','Alessandria'),(827,'IT','AN','Ancona'),(828,'IT','AO','Aosta'),(829,'IT','AQ','L\'Aquila'),(830,'IT','AR','Arezzo'),(831,'IT','AP','Ascoli-Piceno'),(832,'IT','AT','Asti'),(833,'IT','AV','Avellino'),(834,'IT','BA','Bari'),(835,'IT','BT','Barletta-Andria-Trani'),(836,'IT','BL','Belluno'),(837,'IT','BN','Benevento'),(838,'IT','BG','Bergamo'),(839,'IT','BI','Biella'),(840,'IT','BO','Bologna'),(841,'IT','BZ','Bolzano'),(842,'IT','BS','Brescia'),(843,'IT','BR','Brindisi'),(844,'IT','CA','Cagliari'),(845,'IT','CL','Caltanissetta'),(846,'IT','CB','Campobasso'),(847,'IT','CI','Carbonia Iglesias'),(848,'IT','CE','Caserta'),(849,'IT','CT','Catania'),(850,'IT','CZ','Catanzaro'),(851,'IT','CH','Chieti'),(852,'IT','CO','Como'),(853,'IT','CS','Cosenza'),(854,'IT','CR','Cremona'),(855,'IT','KR','Crotone'),(856,'IT','CN','Cuneo'),(857,'IT','EN','Enna'),(858,'IT','FM','Fermo'),(859,'IT','FE','Ferrara'),(860,'IT','FI','Firenze'),(861,'IT','FG','Foggia'),(862,'IT','FC','Forli-Cesena'),(863,'IT','FR','Frosinone'),(864,'IT','GE','Genova'),(865,'IT','GO','Gorizia'),(866,'IT','GR','Grosseto'),(867,'IT','IM','Imperia'),(868,'IT','IS','Isernia'),(869,'IT','SP','La-Spezia'),(870,'IT','LT','Latina'),(871,'IT','LE','Lecce'),(872,'IT','LC','Lecco'),(873,'IT','LI','Livorno'),(874,'IT','LO','Lodi'),(875,'IT','LU','Lucca'),(876,'IT','MC','Macerata'),(877,'IT','MN','Mantova'),(878,'IT','MS','Massa-Carrara'),(879,'IT','MT','Matera'),(880,'IT','VS','Medio Campidano'),(881,'IT','ME','Messina'),(882,'IT','MI','Milano'),(883,'IT','MO','Modena'),(884,'IT','MB','Monza-Brianza'),(885,'IT','NA','Napoli'),(886,'IT','NO','Novara'),(887,'IT','NU','Nuoro'),(888,'IT','OG','Ogliastra'),(889,'IT','OT','Olbia Tempio'),(890,'IT','OR','Oristano'),(891,'IT','PD','Padova'),(892,'IT','PA','Palermo'),(893,'IT','PR','Parma'),(894,'IT','PV','Pavia'),(895,'IT','PG','Perugia'),(896,'IT','PU','Pesaro-Urbino'),(897,'IT','PE','Pescara'),(898,'IT','PC','Piacenza'),(899,'IT','PI','Pisa'),(900,'IT','PT','Pistoia'),(901,'IT','PN','Pordenone'),(902,'IT','PZ','Potenza'),(903,'IT','PO','Prato'),(904,'IT','RG','Ragusa'),(905,'IT','RA','Ravenna'),(906,'IT','RC','Reggio-Calabria'),(907,'IT','RE','Reggio-Emilia'),(908,'IT','RI','Rieti'),(909,'IT','RN','Rimini'),(910,'IT','RM','Roma'),(911,'IT','RO','Rovigo'),(912,'IT','SA','Salerno'),(913,'IT','SS','Sassari'),(914,'IT','SV','Savona'),(915,'IT','SI','Siena'),(916,'IT','SR','Siracusa'),(917,'IT','SO','Sondrio'),(918,'IT','TA','Taranto'),(919,'IT','TE','Teramo'),(920,'IT','TR','Terni'),(921,'IT','TO','Torino'),(922,'IT','TP','Trapani'),(923,'IT','TN','Trento'),(924,'IT','TV','Treviso'),(925,'IT','TS','Trieste'),(926,'IT','UD','Udine'),(927,'IT','VA','Varese'),(928,'IT','VE','Venezia'),(929,'IT','VB','Verbania'),(930,'IT','VC','Vercelli'),(931,'IT','VR','Verona'),(932,'IT','VV','Vibo-Valentia'),(933,'IT','VI','Vicenza'),(934,'IT','VT','Viterbo'),(935,'MX','AGU','Aguascalientes'),(936,'MX','BCN','Baja California'),(937,'MX','BCS','Baja California Sur'),(938,'MX','CAM','Campeche'),(939,'MX','CHP','Chiapas'),(940,'MX','CHH','Chihuahua'),(941,'MX','CMX','Ciudad de México'),(942,'MX','COA','Coahuila'),(943,'MX','COL','Colima'),(944,'MX','DUR','Durango'),(945,'MX','MEX','Estado de México'),(946,'MX','GUA','Guanajuato'),(947,'MX','GRO','Guerrero'),(948,'MX','HID','Hidalgo'),(949,'MX','JAL','Jalisco'),(950,'MX','MIC','Michoacán'),(951,'MX','MOR','Morelos'),(952,'MX','NAY','Nayarit'),(953,'MX','NLE','Nuevo León'),(954,'MX','OAX','Oaxaca'),(955,'MX','PUE','Puebla'),(956,'MX','QUE','Querétaro'),(957,'MX','ROO','Quintana Roo'),(958,'MX','SLP','San Luis Potosí'),(959,'MX','SIN','Sinaloa'),(960,'MX','SON','Sonora'),(961,'MX','TAB','Tabasco'),(962,'MX','TAM','Tamaulipas'),(963,'MX','TLA','Tlaxcala'),(964,'MX','VER','Veracruz'),(965,'MX','YUC','Yucatán'),(966,'MX','ZAC','Zacatecas'),(967,'PY','PY-ASU','Asunción'),(968,'PY','PY-16','Alto Paraguay'),(969,'PY','PY-10','Alto Paraná'),(970,'PY','PY-13','Amambay'),(971,'PY','PY-19','Boquerón'),(972,'PY','PY-5','Caaguazú'),(973,'PY','PY-6','Caazapá'),(974,'PY','PY-14','Canindeyú'),(975,'PY','PY-11','Central'),(976,'PY','PY-1','Concepción'),(977,'PY','PY-3','Cordillera'),(978,'PY','PY-4','Guairá'),(979,'PY','PY-7','Itapúa'),(980,'PY','PY-8','Misiones'),(981,'PY','PY-12','Ñeembucú'),(982,'PY','PY-9','Paraguarí'),(983,'PY','PY-15','Presidente Hayes'),(984,'PY','PY-2','San Pedro'),(985,'PE','PE-LMA','Municipalidad Metropolitana de Lima'),(986,'PE','PE-AMA','Amazonas'),(987,'PE','PE-ANC','Ancash'),(988,'PE','PE-APU','Apurímac'),(989,'PE','PE-ARE','Arequipa'),(990,'PE','PE-AYA','Ayacucho'),(991,'PE','PE-CAJ','Cajamarca'),(992,'PE','PE-CUS','Cusco'),(993,'PE','PE-CAL','El Callao'),(994,'PE','PE-HUV','Huancavelica'),(995,'PE','PE-HUC','Huánuco'),(996,'PE','PE-ICA','Ica'),(997,'PE','PE-JUN','Junín'),(998,'PE','PE-LAL','La Libertad'),(999,'PE','PE-LAM','Lambayeque'),(1000,'PE','PE-LIM','Lima'),(1001,'PE','PE-LOR','Loreto'),(1002,'PE','PE-MDD','Madre de Dios'),(1003,'PE','PE-MOQ','Moquegua'),(1004,'PE','PE-PAS','Pasco'),(1005,'PE','PE-PIU','Piura'),(1006,'PE','PE-PUN','Puno'),(1007,'PE','PE-SAM','San Martín'),(1008,'PE','PE-TAC','Tacna'),(1009,'PE','PE-TUM','Tumbes'),(1010,'PE','PE-UCA','Ucayali'),(1011,'PL','PL-02','dolnośląskie'),(1012,'PL','PL-04','kujawsko-pomorskie'),(1013,'PL','PL-06','lubelskie'),(1014,'PL','PL-08','lubuskie'),(1015,'PL','PL-10','łódzkie'),(1016,'PL','PL-12','małopolskie'),(1017,'PL','PL-14','mazowieckie'),(1018,'PL','PL-16','opolskie'),(1019,'PL','PL-18','podkarpackie'),(1020,'PL','PL-20','podlaskie'),(1021,'PL','PL-22','pomorskie'),(1022,'PL','PL-24','śląskie'),(1023,'PL','PL-26','świętokrzyskie'),(1024,'PL','PL-28','warmińsko-mazurskie'),(1025,'PL','PL-30','wielkopolskie'),(1026,'PL','PL-32','zachodniopomorskie'),(1027,'PT','PT-01','Aveiro'),(1028,'PT','PT-02','Beja'),(1029,'PT','PT-03','Braga'),(1030,'PT','PT-04','Bragança'),(1031,'PT','PT-05','Castelo Branco'),(1032,'PT','PT-06','Coimbra'),(1033,'PT','PT-07','Évora'),(1034,'PT','PT-08','Faro'),(1035,'PT','PT-09','Guarda'),(1036,'PT','PT-10','Leiria'),(1037,'PT','PT-11','Lisboa'),(1038,'PT','PT-12','Portalegre'),(1039,'PT','PT-13','Porto'),(1040,'PT','PT-14','Santarém'),(1041,'PT','PT-15','Setúbal'),(1042,'PT','PT-16','Viana do Castelo'),(1043,'PT','PT-17','Vila Real'),(1044,'PT','PT-18','Viseu'),(1045,'PT','PT-20','Região Autónoma dos Açores'),(1046,'PT','PT-30','Região Autónoma da Madeira'),(1047,'SR','SR-BR','Brokopondo'),(1048,'SR','SR-CM','Commewijne'),(1049,'SR','SR-CR','Coronie'),(1050,'SR','SR-MA','Marowijne'),(1051,'SR','SR-NI','Nickerie'),(1052,'SR','SR-PR','Para'),(1053,'SR','SR-PM','Paramaribo'),(1054,'SR','SR-SA','Saramacca'),(1055,'SR','SR-SI','Sipaliwini'),(1056,'SR','SR-WA','Wanica'),(1057,'SE','SE-K','Blekinge län'),(1058,'SE','SE-W','Dalarnas län'),(1059,'SE','SE-I','Gotlands län'),(1060,'SE','SE-X','Gävleborgs län'),(1061,'SE','SE-N','Hallands län'),(1062,'SE','SE-Z','Jämtlands län'),(1063,'SE','SE-F','Jönköpings län'),(1064,'SE','SE-H','Kalmar län'),(1065,'SE','SE-G','Kronobergs län'),(1066,'SE','SE-BD','Norrbottens län'),(1067,'SE','SE-M','Skåne län'),(1068,'SE','SE-AB','Stockholms län'),(1069,'SE','SE-D','Södermanlands län'),(1070,'SE','SE-C','Uppsala län'),(1071,'SE','SE-S','Värmlands län'),(1072,'SE','SE-AC','Västerbottens län'),(1073,'SE','SE-Y','Västernorrlands län'),(1074,'SE','SE-U','Västmanlands län'),(1075,'SE','SE-O','Västra Götalands län'),(1076,'SE','SE-T','Örebro län'),(1077,'SE','SE-E','Östergötlands län'),(1078,'UY','UY-AR','Artigas'),(1079,'UY','UY-CA','Canelones'),(1080,'UY','UY-CL','Cerro Largo'),(1081,'UY','UY-CO','Colonia'),(1082,'UY','UY-DU','Durazno'),(1083,'UY','UY-FS','Flores'),(1084,'UY','UY-FD','Florida'),(1085,'UY','UY-LA','Lavalleja'),(1086,'UY','UY-MA','Maldonado'),(1087,'UY','UY-MO','Montevideo'),(1088,'UY','UY-PA','Paysandu'),(1089,'UY','UY-RN','Río Negro'),(1090,'UY','UY-RV','Rivera'),(1091,'UY','UY-RO','Rocha'),(1092,'UY','UY-SA','Salto'),(1093,'UY','UY-SJ','San José'),(1094,'UY','UY-SO','Soriano'),(1095,'UY','UY-TA','Tacuarembó'),(1096,'UY','UY-TT','Treinta y Tres'),(1097,'VE','VE-W','Dependencias Federales'),(1098,'VE','VE-A','Distrito Capital'),(1099,'VE','VE-Z','Amazonas'),(1100,'VE','VE-B','Anzoátegui'),(1101,'VE','VE-C','Apure'),(1102,'VE','VE-D','Aragua'),(1103,'VE','VE-E','Barinas'),(1104,'VE','VE-F','Bolívar'),(1105,'VE','VE-G','Carabobo'),(1106,'VE','VE-H','Cojedes'),(1107,'VE','VE-Y','Delta Amacuro'),(1108,'VE','VE-I','Falcón'),(1109,'VE','VE-J','Guárico'),(1110,'VE','VE-K','Lara'),(1111,'VE','VE-L','Mérida'),(1112,'VE','VE-M','Miranda'),(1113,'VE','VE-N','Monagas'),(1114,'VE','VE-O','Nueva Esparta'),(1115,'VE','VE-P','Portuguesa'),(1116,'VE','VE-R','Sucre'),(1117,'VE','VE-S','Táchira'),(1118,'VE','VE-T','Trujillo'),(1119,'VE','VE-X','Vargas'),(1120,'VE','VE-U','Yaracuy'),(1121,'VE','VE-V','Zulia');

--
